000
CXUS51 KOKX 300703
CF6LGA
PRELIMINARY LOCAL CLIMATOLOGICAL DATA (WS FORM: F-6)

                                          STATION:   LAGUARDIA NY
                                          MONTH:     JUNE
                                          YEAR:      2015
                                          LATITUDE:   40 46 N
                                          LONGITUDE:  73 54 W

  TEMPERATURE IN F:       :PCPN:    SNOW:  WIND      :SUNSHINE: SKY     :PK WND
================================================================================
1   2   3   4   5  6A  6B    7    8   9   10  11  12  13   14  15   16   17  18
                                     12Z  AVG MX 2MIN
DY MAX MIN AVG DEP HDD CDD  WTR  SNW DPTH SPD SPD DIR MIN PSBL S-S WX    SPD DR
================================================================================

 1  58  51  55 -13  10   0 0.77  0.0    0 16.3 23  60   M    M  10 1      31  70
 2  56  50  53 -15  12   0 0.35  0.0    0  9.4 21  50   M    M  10 1      24  50
 3  69  53  61  -7   4   0    T  0.0    0  8.7 15 170   M    M   8        20  50
 4  65  54  60  -9   5   0    T  0.0    0 10.4 17  50   M    M   8        25  60
 5  68  56  62  -7   3   0    T  0.0    0  6.6 13  50   M    M  10        20  50
 6  74  59  67  -2   0   2 0.55  0.0    0  9.3 26 360   M    M   7 1      33 360
 7  73  57  65  -5   0   0 0.00  0.0    0 10.2 21 170   M    M   5        28 170
 8  77  62  70   0   0   5 0.04  0.0    0 13.4 24 180   M    M   9        31 170
 9  85  67  76   6   0  11 0.01  0.0    0 11.7 23 260   M    M   6        31 290
10  82  66  74   3   0   9 0.00  0.0    0  8.9 20 160   M    M   3        24 180
11  92  72  82  11   0  17 0.00  0.0    0 10.0 20 270   M    M   7        23 260
12  88  71  80   9   0  15 0.00  0.0    0  8.8 18 160   M    M   8        23 170
13  84  72  78   6   0  13 0.00  0.0    0 10.6 22 310   M    M   7        26 360
14  87  67  77   5   0  12 0.26  0.0    0  8.4 20 170   M    M   8        23 170
15  81  63  72   0   0   7 0.55  0.0    0 10.6 22  50   M    M  10 1238   28  50
16  79  64  72   0   0   7 0.34  0.0    0  7.6 16 330   M    M   8 8      22 330
17  79  66  73   0   0   8    T  0.0    0  9.3 15 190   M    M   8        22  60
18  71  65  68  -5   0   3    T  0.0    0  8.9 15 170   M    M   9        20 180
19  85  67  76   3   0  11    T  0.0    0  6.4 15  60   M    M   8        22  50
20  73  64  69  -5   0   4    T  0.0    0 10.0 16  50   M    M   9 18     18  50
21  90  69  80   6   0  15 0.54  0.0    0 11.1 31 280   M    M   7 18     41 320
22  89  72  81   7   0  16 0.00  0.0    0 11.1 22 310   M    M   4        25 310
23  92  76  84  10   0  19 0.07  0.0    0 13.3 35 230   M    M   8 38     49 240
24  83  69  76   1   0  11 0.00  0.0    0 10.9 20 320   M    M   4        24 330
25  85  69  77   2   0  12    T  0.0    0  6.6 17 170   M    M   7        22 190
26  80  70  75   0   0  10 0.00  0.0    0  8.8 20  40   M    M   8        28  50
27  74  60  67  -8   0   2 1.06  0.0    0 12.3 25  60   M    M   9 1      30  90
28  74  62  68  -8   0   3 0.26  0.0    0 12.5 31  50   M    M   9 18     36  50
29  78  64  71  -5   0   6 0.00  0.0    0 10.5 22 270   M    M   4        30 270
================================================================================
SM 2271 1857        34 218  4.80     0.0 292.6          M      218
================================================================================
AV 78.3 64.0                              10.1 FASTST   M    M   8    MAX(MPH)
                                 MISC ---->  # 35 230               # 49  240
================================================================================
NOTES:
# LAST OF SEVERAL OCCURRENCES

COLUMN 17 PEAK WIND IN M.P.H.

PRELIMINARY LOCAL CLIMATOLOGICAL DATA (WS FORM: F-6) , PAGE 2

                                          STATION:  LAGUARDIA NY
                                          MONTH:    JUNE
                                          YEAR:     2015
                                          LATITUDE:   40 46 N
                                          LONGITUDE:  73 54 W

[TEMPERATURE DATA]      [PRECIPITATION DATA]       SYMBOLS USED IN COLUMN 16

AVERAGE MONTHLY: 71.2   TOTAL FOR MONTH:   4.80    1 = FOG OR MIST
DPTR FM NORMAL:  -0.9   DPTR FM NORMAL:    0.98    2 = FOG REDUCING VISIBILITY
HIGHEST:    92 ON 23,11 GRTST 24HR  1.95 ON 31- 1      TO 1/4 MILE OR LESS
LOWEST:     50 ON  2                               3 = THUNDER
                        SNOW, ICE PELLETS, HAIL    4 = ICE PELLETS
                        TOTAL MONTH:   0.0 INCH    5 = HAIL
                        GRTST 24HR     0.0         6 = FREEZING RAIN OR DRIZZLE
                        GRTST DEPTH:   0           7 = DUSTSTORM OR SANDSTORM:
                                                       VSBY 1/2 MILE OR LESS
                                                   8 = SMOKE OR HAZE
[NO. OF DAYS WITH]      [WEATHER - DAYS WITH]      9 = BLOWING SNOW
                                                   X = TORNADO
MAX 32 OR BELOW:   0    0.01 INCH OR MORE:  12
MAX 90 OR ABOVE:   3    0.10 INCH OR MORE:   9
MIN 32 OR BELOW:   0    0.50 INCH OR MORE:   5
MIN  0 OR BELOW:   0    1.00 INCH OR MORE:   1

[HDD (BASE 65) ]
TOTAL THIS MO.    34    CLEAR  (SCALE 0-3)   1
DPTR FM NORMAL    19    PTCLDY (SCALE 4-7)  18
TOTAL FM JUL 1  4984    CLOUDY (SCALE 8-10) 10
DPTR FM NORMAL   321

[CDD (BASE 65) ]
TOTAL THIS MO.   218
DPTR FM NORMAL    -3    [PRESSURE DATA]
TOTAL FM JAN 1   340    HIGHEST SLP M ON M
DPTR FM NORMAL    53    LOWEST  SLP 29.63 ON  9

[REMARKS]
