000
CXUS55 KLOX 251155
CF6LGB
PRELIMINARY LOCAL CLIMATOLOGICAL DATA (WS FORM: F-6)

                                          STATION:   LONG BEACH AIRPORT CA
                                          MONTH:     OCTOBER
                                          YEAR:      2014
                                          LATITUDE:   33 49 N
                                          LONGITUDE: 118  9 W

  TEMPERATURE IN F:       :PCPN:    SNOW:  WIND      :SUNSHINE: SKY     :PK WND
================================================================================
1   2   3   4   5  6A  6B    7    8   9   10  11  12  13   14  15   16   17  18
                                     12Z  AVG MX 2MIN
DY MAX MIN AVG DEP HDD CDD  WTR  SNW DPTH SPD SPD DIR MIN PSBL S-S WX    SPD DR
================================================================================

 1  79  64  72   2   0   7 0.00  0.0    0  3.9 12 310   M    M   2         M  M
 2  98  63  81  11   0  16 0.00  0.0    0  4.9 15 290   M    M   0        18 290
 3 100  63  82  12   0  17 0.00  0.0    0  4.6 16 300   M    M   0        20 310
 4  92  62  77   7   0  12 0.00  0.0    0  3.4 10 200   M    M   0 1      14 190
 5  87  64  76   6   0  11 0.00  0.0    0  2.8 10 200   M    M   4 12      M  M
 6  88  61  75   6   0  10 0.00  0.0    0  2.9 10 220   M    M   0 12     14 220
 7  91  63  77   8   0  12 0.00  0.0    0  2.8 10 310   M    M   0 1      14 210
 8  83  65  74   5   0   9 0.00  0.0    0  3.9 12 210   M    M   0 18      M  M
 9  81  64  73   4   0   8 0.00  0.0    0  2.7 12 200   M    M   4 18     16 200
10  80  64  72   3   0   7 0.00  0.0    0  4.0 13 300   M    M   4 18     19 320
11  81  64  73   4   0   8 0.00  0.0    0  3.5 14 300   M    M   3 18     16 290
12  75  66  71   3   0   6 0.00  0.0    0  4.3 10 190   M    M   5 18     15 190
13  76  66  71   3   0   6 0.00  0.0    0  3.3 12 290   M    M   4 18     14 210
14  75  67  71   3   0   6 0.00  0.0    0  4.9 12 300   M    M   5 18     14 210
15  77  65  71   3   0   6 0.00  0.0    0  5.6 16 290   M    M   3        20 300
16  77  61  69   1   0   4 0.00  0.0    0  4.3 14 310   M    M   2        18 230
17  76  60  68   0   0   3 0.00  0.0    0  4.6 15 300   M    M   4        20 290
18  76  62  69   1   0   4 0.00  0.0    0  3.5 12 200   M    M   3        16 220
19  78  60  69   2   0   4 0.00  0.0    0  3.7 14 310   M    M   2 8      16 310
20  76  64  70   3   0   5 0.00  0.0    0  3.4 13 300   M    M   4        14 300
21  77  62  70   3   0   5 0.00  0.0    0  3.9 14 320   M    M   4        16 290
22  82  59  71   4   0   6 0.00  0.0    0  3.3 12 310   M    M   0 8      15 310
23  83  59  71   4   0   6 0.00  0.0    0  2.3  9 200   M    M   0 8      11 310
24  84  59  72   6   0   7 0.00  0.0    0  2.4 10 210   M    M   0 1      15 210
================================================================================
SM 1972 1507         0 185  0.00     0.0  89.0          M       53
================================================================================
AV 82.2 62.8                               3.7 FASTST   M    M   2    MAX(MPH)
                                 MISC ---->  # 16 300               # 20  310
================================================================================
NOTES:
# LAST OF SEVERAL OCCURRENCES

COLUMN 17 PEAK WIND IN M.P.H.

PRELIMINARY LOCAL CLIMATOLOGICAL DATA (WS FORM: F-6) , PAGE 2

                                          STATION:  LONG BEACH AIRPORT CA
                                          MONTH:    OCTOBER
                                          YEAR:     2014
                                          LATITUDE:   33 49 N
                                          LONGITUDE: 118  9 W

[TEMPERATURE DATA]      [PRECIPITATION DATA]       SYMBOLS USED IN COLUMN 16

AVERAGE MONTHLY: 72.5   TOTAL FOR MONTH:   0.00    1 = FOG OR MIST
DPTR FM NORMAL:   4.1   DPTR FM NORMAL:   -0.43    2 = FOG REDUCING VISIBILITY
HIGHEST:   100 ON  3    GRTST 24HR  0.00 ON 24-24      TO 1/4 MILE OR LESS
LOWEST:     59 ON 24,23                            3 = THUNDER
                        SNOW, ICE PELLETS, HAIL    4 = ICE PELLETS
                        TOTAL MONTH:   0.0 INCH    5 = HAIL
                        GRTST 24HR     0.0         6 = FREEZING RAIN OR DRIZZLE
                        GRTST DEPTH:   0           7 = DUSTSTORM OR SANDSTORM:
                                                       VSBY 1/2 MILE OR LESS
                                                   8 = SMOKE OR HAZE
[NO. OF DAYS WITH]      [WEATHER - DAYS WITH]      9 = BLOWING SNOW
                                                   X = TORNADO
MAX 32 OR BELOW:   0    0.01 INCH OR MORE:   0
MAX 90 OR ABOVE:   4    0.10 INCH OR MORE:   0
MIN 32 OR BELOW:   0    0.50 INCH OR MORE:   0
MIN  0 OR BELOW:   0    1.00 INCH OR MORE:   0

[HDD (BASE 65) ]
TOTAL THIS MO.     0    CLEAR  (SCALE 0-3)  13
DPTR FM NORMAL    -8    PTCLDY (SCALE 4-7)  11
TOTAL FM JUL 1     0    CLOUDY (SCALE 8-10)  0
DPTR FM NORMAL    -9

[CDD (BASE 65) ]
TOTAL THIS MO.   185
DPTR FM NORMAL    95    [PRESSURE DATA]
TOTAL FM JAN 1  1622    HIGHEST SLP M ON M
DPTR FM NORMAL   533    LOWEST  SLP 29.72 ON  1

[REMARKS]
