000
CXUS55 KPUB 261059
CF6LHX
PRELIMINARY LOCAL CLIMATOLOGICAL DATA (WS FORM: F-6)

                                          STATION:   LA JUNTA CO
                                          MONTH:     JULY
                                          YEAR:      2017
                                          LATITUDE:   38  2 N
                                          LONGITUDE: 103 31 W

  TEMPERATURE IN F:       :PCPN:    SNOW:  WIND      :SUNSHINE: SKY     :PK WND
================================================================================
1   2   3   4   5  6A  6B    7    8   9   10  11  12  13   14  15   16   17  18
                                     12Z  AVG MX 2MIN
DY MAX MIN AVG DEP HDD CDD  WTR  SNW DPTH SPD SPD DIR MIN PSBL S-S WX    SPD DR
================================================================================

 1  94  57  76  -1   0  11 0.00  0.0    0 10.0 29 230   M    M   1        36 230
 2  98  61  80   3   0  15 0.00  0.0    0  8.5 25  10   M    M   0        31 360
 3  92  62  77  -1   0  12 0.00  0.0    0  8.2 22 310   M    M   0        27 300
 4  95  57  76  -2   0  11 0.09  0.0    0  5.8 45  30   M    M   0 3      52  30
 5  97  60  79   1   0  14 0.00  0.0    0  6.3 15 130   M    M   0        18 120
 6 100  62  81   3   0  16 0.05  0.0    0  9.6 29  50   M    M   0 3      37  50
 7  98  61  80   2   0  15    T  0.0    0  9.8 32 240   M    M   1 3      38 250
 8  94  60  77  -1   0  12    T  0.0    0 10.3 32  10   M    M   0 3      40  10
 9  95  62  79   1   0  14 0.00  0.0    0  5.7 16 280   M    M   0        20 280
10 100  61  81   3   0  16 0.00  0.0    0  7.1 16 230   M    M   0        19 120
11 102  65  84   5   0  19 0.00  0.0    0  9.5 33 300   M    M   0        41 310
12  98  66  82   3   0  17 0.24  0.0    0 11.1 37 270   M    M   2 3      47 320
13  88  64  76  -3   0  11 2.00  0.0    0  8.6 31 240   M    M   3 138    37 240
14  86  66  76  -3   0  11 0.00  0.0    0  7.3 18 160   M    M   2        23 160
15  90  65  78  -1   0  13 0.06  0.0    0  8.3 33 220   M    M   4 3      41 230
16  88  65  77  -2   0  12    T  0.0    0  7.2 21  80   M    M   4 1      25  80
17  95  62  79   0   0  14 0.00  0.0    0  4.9 16 320   M    M   0        24 150
18  99  65  82   3   0  17 0.00  0.0    0  8.2 24 330   M    M   0        30 330
19 101  68  85   6   0  20 0.00  0.0    0 12.6 24 150   M    M   0        31 140
20  98  71  85   6   0  20 0.00  0.0    0  8.1 18 280   M    M   0 8      22 280
21  99  66  83   4   0  18 0.00  0.0    0  7.7 26 360   M    M   0        30 350
22  93  67  80   1   0  15    T  0.0    0  8.1 16 240   M    M   0        23 230
23  93  61  77  -2   0  12 0.00  0.0    0  7.2 18  90   M    M   0        25  90
24  99  65  82   3   0  17 0.00  0.0    0  8.4 22 150   M    M   0        27 140
25 101  68  85   7   0  20 0.00  0.0    0  8.0 28 230   M    M   0        35 240
================================================================================
SM 2393 1587         0 372  2.44     0.0 206.5          M       17
================================================================================
AV 95.7 63.5                               8.3 FASTST   M    M   1    MAX(MPH)
                                 MISC ---->  # 45  30               # 52   30
================================================================================
NOTES:
# LAST OF SEVERAL OCCURRENCES

COLUMN 17 PEAK WIND IN M.P.H.

PRELIMINARY LOCAL CLIMATOLOGICAL DATA (WS FORM: F-6) , PAGE 2

                                          STATION:  LA JUNTA CO
                                          MONTH:    JULY
                                          YEAR:     2017
                                          LATITUDE:   38  2 N
                                          LONGITUDE: 103 31 W

[TEMPERATURE DATA]      [PRECIPITATION DATA]       SYMBOLS USED IN COLUMN 16

AVERAGE MONTHLY: 79.6   TOTAL FOR MONTH:   2.44    1 = FOG OR MIST
DPTR FM NORMAL:   1.1   DPTR FM NORMAL:    0.97    2 = FOG REDUCING VISIBILITY
HIGHEST:   102 ON 11    GRTST 24HR  2.00 ON 13-13      TO 1/4 MILE OR LESS
LOWEST:     57 ON  4, 1                            3 = THUNDER
                        SNOW, ICE PELLETS, HAIL    4 = ICE PELLETS
                        TOTAL MONTH:   0.0 INCH    5 = HAIL
                        GRTST 24HR     0.0         6 = FREEZING RAIN OR DRIZZLE
                        GRTST DEPTH:   0           7 = DUSTSTORM OR SANDSTORM:
                                                       VSBY 1/2 MILE OR LESS
                                                   8 = SMOKE OR HAZE
[NO. OF DAYS WITH]      [WEATHER - DAYS WITH]      9 = BLOWING SNOW
                                                   X = TORNADO
MAX 32 OR BELOW:   0    0.01 INCH OR MORE:   5
MAX 90 OR ABOVE:  22    0.10 INCH OR MORE:   2
MIN 32 OR BELOW:   0    0.50 INCH OR MORE:   1
MIN  0 OR BELOW:   0    1.00 INCH OR MORE:   1

[HDD (BASE 65) ]
TOTAL THIS MO.     0    CLEAR  (SCALE 0-3)  23
DPTR FM NORMAL     0    PTCLDY (SCALE 4-7)   2
TOTAL FM JUL 1     0    CLOUDY (SCALE 8-10)  0
DPTR FM NORMAL     0

[CDD (BASE 65) ]
TOTAL THIS MO.   372
DPTR FM NORMAL    34    [PRESSURE DATA]
TOTAL FM JAN 1   715    HIGHEST SLP M ON M
DPTR FM NORMAL    60    LOWEST  SLP 29.86 ON 11

[REMARKS]
