000
CXUS55 KBOU 270802
CF6LIC
PRELIMINARY LOCAL CLIMATOLOGICAL DATA (WS FORM: F-6)

                                          STATION:   LIMON CO
                                          MONTH:     SEPTEMBER
                                          YEAR:      2016
                                          LATITUDE:   39 10 N
                                          LONGITUDE: 103 42 W

  TEMPERATURE IN F:       :PCPN:    SNOW:  WIND      :SUNSHINE: SKY     :PK WND
================================================================================
1   2   3   4   5  6A  6B    7    8   9   10  11  12  13   14  15   16   17  18
                                     12Z  AVG MX 2MIN
DY MAX MIN AVG DEP HDD CDD  WTR  SNW DPTH SPD SPD DIR MIN PSBL S-S WX    SPD DR
================================================================================

 1  75  57  66   M   0   1 0.00    M    M 13.5 25 150   M    M   7 12     31 160
 2  80  57  69   M   0   4 0.21    M    M 12.1 25 130   M    M   5 3      34 150
 3  86  56  71   M   0   6 0.00    M    M  8.5 21 110   M    M   4 123    25 110
 4  89  48  69   M   0   4 0.00    M    M 11.0 29 210   M    M   1        37 210
 5  91  41  66   M   0   1 0.00    M    M  7.6 24 190   M    M   0        32 180
 6  84  50  67   M   0   2 0.00    M    M 11.2 24 130   M    M   3 13     29 130
 7  90  51  71   M   0   6 0.00    M    M  7.7 25 140   M    M   1        30 330
 8  84  51  68   M   0   3 0.00    M    M  7.0 20 140   M    M   0        25 150
 9  77  40  59   M   6   0 0.00    M    M 14.2 33  10   M    M   0        39  10
10  75  28  52   M  13   0 0.00    M    M  9.5 25 180   M    M   1        34 150
11  91  38  65   M   0   0    T    M    M  6.6 24 300   M    M   0        33 310
12  77  47  62   M   3   0    T    M    M 12.2 22  50   M    M   2        28  30
13  64  45  55   M  10   0 0.00    M    M  8.8 17 110   M    M   7 1      22 130
14  73  49  61   M   4   0 0.00    M    M 14.3 29 150   M    M   5 1      36 140
15  82  45  64   M   1   0 0.00    M    M 10.7 32  10   M    M   1 3      42  10
16  73  39  56   M   9   0    T    M    M  6.3 12 330   M    M   3        17  20
17  78  36  57   M   8   0    T    M    M  6.9 24 310   M    M   1 3      32 310
18  89  34  62   M   3   0 0.00    M    M  6.2 15 310   M    M   0        20 310
19  89  42  66   M   0   1 0.00    M    M  8.9 23 110   M    M   0        27 120
20  92  45  69   M   0   4 0.00    M    M  5.7 14  20   M    M   0        20 360
21  86  48  67   M   0   2 0.00    M    M  7.4 23 220   M    M   2        30 210
22  86  45  66   M   0   1 0.00    M    M 10.7 23 140   M    M   1        29 170
23  88  45  67   M   0   2 0.00    M    M 19.0 40 180   M    M   1        53 180
24  72  28  50   M  15   0 0.00    M    M  8.5 28 330   M    M   2        35 330
25  67  33  50   M  15   0 0.00    M    M  9.8 25  20   M    M   2        30 360
26  76  29  53   M  12   0 0.00    M    M  6.1 14 350   M    M   0        19  50
================================================================================
SM 2114 1127        99  37  0.21    M    250.4          M       49
================================================================================
AV 81.3 43.4                               9.6 FASTST   M    M   2    MAX(MPH)
                                 MISC ---->  # 40 180               # 53  180
================================================================================
NOTES:
# LAST OF SEVERAL OCCURRENCES

COLUMN 17 PEAK WIND IN M.P.H.

PRELIMINARY LOCAL CLIMATOLOGICAL DATA (WS FORM: F-6) , PAGE 2

                                          STATION:  LIMON CO
                                          MONTH:    SEPTEMBER
                                          YEAR:     2016
                                          LATITUDE:   39 10 N
                                          LONGITUDE: 103 42 W

[TEMPERATURE DATA]      [PRECIPITATION DATA]       SYMBOLS USED IN COLUMN 16

AVERAGE MONTHLY: 62.3   TOTAL FOR MONTH:   0.21    1 = FOG OR MIST
DPTR FM NORMAL:     M   DPTR FM NORMAL:       M    2 = FOG REDUCING VISIBILITY
HIGHEST:    92 ON 20    GRTST 24HR  0.21 ON  1- 2      TO 1/4 MILE OR LESS
LOWEST:     28 ON 24,10                            3 = THUNDER
                        SNOW, ICE PELLETS, HAIL    4 = ICE PELLETS
                        TOTAL MONTH:    M          5 = HAIL
                        GRTST 24HR    M  ON   M    6 = FREEZING RAIN OR DRIZZLE
                        GRTST DEPTH:  M  ON   M    7 = DUSTSTORM OR SANDSTORM:
                                                       VSBY 1/2 MILE OR LESS
                                                   8 = SMOKE OR HAZE
[NO. OF DAYS WITH]      [WEATHER - DAYS WITH]      9 = BLOWING SNOW
                                                   X = TORNADO
MAX 32 OR BELOW:   0    0.01 INCH OR MORE:   1
MAX 90 OR ABOVE:   4    0.10 INCH OR MORE:   1
MIN 32 OR BELOW:   3    0.50 INCH OR MORE:   0
MIN  0 OR BELOW:   0    1.00 INCH OR MORE:   0

[HDD (BASE 65) ]
TOTAL THIS MO.    99    CLEAR  (SCALE 0-3)  20
DPTR FM NORMAL     M    PTCLDY (SCALE 4-7)   6
TOTAL FM JUL 1   132    CLOUDY (SCALE 8-10)  0
DPTR FM NORMAL     M

[CDD (BASE 65) ]
TOTAL THIS MO.    37
DPTR FM NORMAL     M    [PRESSURE DATA]
TOTAL FM JAN 1   470    HIGHEST SLP M ON M
DPTR FM NORMAL     M    LOWEST  SLP 29.48 ON 23

[REMARKS]
