000
CXUS55 KBOU 220757
CF6LIC
PRELIMINARY LOCAL CLIMATOLOGICAL DATA (WS FORM: F-6)

                                          STATION:   LIMON CO
                                          MONTH:     FEBRUARY
                                          YEAR:      2017
                                          LATITUDE:   39 10 N
                                          LONGITUDE: 103 42 W

  TEMPERATURE IN F:       :PCPN:    SNOW:  WIND      :SUNSHINE: SKY     :PK WND
================================================================================
1   2   3   4   5  6A  6B    7    8   9   10  11  12  13   14  15   16   17  18
                                     12Z  AVG MX 2MIN
DY MAX MIN AVG DEP HDD CDD  WTR  SNW DPTH SPD SPD DIR MIN PSBL S-S WX    SPD DR
================================================================================

 1  28  18  23   M  42   0 0.00    M    M  9.7 20 160   M    M   8 12     24 160
 2  19  16  18   M  47   0    T    M    M 13.0 21 160   M    M  10 1      25 160
 3  24  12  18   M  47   0 0.00    M    M 10.6 23 180   M    M   8 1      29 180
 4  61   8  35   M  30   0 0.00    M    M  8.6 24 310   M    M   0        29 310
 5  58  15  37   M  28   0 0.00    M    M  5.1 14 140   M    M   0        18 150
 6  63  21  42   M  23   0 0.00    M    M  8.9 24 280   M    M   0        29 290
 7  63  19  41   M  24   0 0.00    M    M  7.0 21 170   M    M   1        27 160
 8  57  23  40   M  25   0 0.00    M    M 14.5 37 310   M    M   1        47 310
 9  69  16  43   M  22   0 0.00    M    M  7.2 15 240   M    M   0        26 220
10  79  34  57   M   8   0 0.00    M    M 13.0 26 280   M    M   0        36 310
11  67  31  49   M  16   0 0.00    M    M 16.1 32 350   M    M   2        40 360
12  45  22  34   M  31   0 0.00    M    M  9.6 21 160   M    M   5        27 150
13  44  21  33   M  32   0 0.00    M    M 10.7 23 360   M    M   5        28 340
14  46  13  30   M  35   0 0.00    M    M 10.4 26 350   M    M   1        33  20
15  63  13  38   M  27   0 0.00    M    M  5.3 13 340   M    M   0        14 220
16  70  14  42   M  23   0 0.00    M    M  7.2 17 180   M    M   0        24 180
17  62  18  40   M  25   0 0.00    M    M  8.6 28 360   M    M   0 8      33 350
18  62  16  39   M  26   0 0.00    M    M  9.1 24 150   M    M   1        30 160
19  62  31  47   M  18   0 0.00    M    M 13.4 28 190   M    M   1        39 170
20  59  19  39   M  26   0 0.00    M    M 10.7 25 340   M    M   1 8      32 300
21  74  20  47   M  18   0 0.00    M    M 10.5 26 310   M    M   0        32 310
================================================================================
SM 1175  400       573   0    T     M    209.2          M       44
================================================================================
AV 56.0 19.1                              10.0 FASTST   M    M   2    MAX(MPH)
                                 MISC ---->    37   M                 47    M
================================================================================
NOTES:
# LAST OF SEVERAL OCCURRENCES

COLUMN 17 PEAK WIND IN M.P.H.

PRELIMINARY LOCAL CLIMATOLOGICAL DATA (WS FORM: F-6) , PAGE 2

                                          STATION:  LIMON CO
                                          MONTH:    FEBRUARY
                                          YEAR:     2017
                                          LATITUDE:   39 10 N
                                          LONGITUDE: 103 42 W

[TEMPERATURE DATA]      [PRECIPITATION DATA]       SYMBOLS USED IN COLUMN 16

AVERAGE MONTHLY: 37.5   TOTAL FOR MONTH:      T    1 = FOG OR MIST
DPTR FM NORMAL:     M   DPTR FM NORMAL:       M    2 = FOG REDUCING VISIBILITY
HIGHEST:    79 ON 10    GRTST 24HR    T  ON  2- 2      TO 1/4 MILE OR LESS
LOWEST:      8 ON  4                               3 = THUNDER
                        SNOW, ICE PELLETS, HAIL    4 = ICE PELLETS
                        TOTAL MONTH:    M          5 = HAIL
                        GRTST 24HR    M  ON   M    6 = FREEZING RAIN OR DRIZZLE
                        GRTST DEPTH:  M  ON   M    7 = DUSTSTORM OR SANDSTORM:
                                                       VSBY 1/2 MILE OR LESS
                                                   8 = SMOKE OR HAZE
[NO. OF DAYS WITH]      [WEATHER - DAYS WITH]      9 = BLOWING SNOW
                                                   X = TORNADO
MAX 32 OR BELOW:   3    0.01 INCH OR MORE:   0
MAX 90 OR ABOVE:   0    0.10 INCH OR MORE:   0
MIN 32 OR BELOW:  20    0.50 INCH OR MORE:   0
MIN  0 OR BELOW:   0    1.00 INCH OR MORE:   0

[HDD (BASE 65) ]
TOTAL THIS MO.   573    CLEAR  (SCALE 0-3)  16
DPTR FM NORMAL     M    PTCLDY (SCALE 4-7)   4
TOTAL FM JUL 1  4406    CLOUDY (SCALE 8-10)  1
DPTR FM NORMAL     M

[CDD (BASE 65) ]
TOTAL THIS MO.     0
DPTR FM NORMAL     M    [PRESSURE DATA]
TOTAL FM JAN 1     0    HIGHEST SLP M ON M
DPTR FM NORMAL     M    LOWEST  SLP 29.49 ON  6

[REMARKS]
