000
CXHW51 PHFO 221250
CF6LIH
PRELIMINARY LOCAL CLIMATOLOGICAL DATA (WS FORM: F-6)

                                          STATION:   LIHUE HI
                                          MONTH:     APRIL
                                          YEAR:      2014
                                          LATITUDE:   21 58 N
                                          LONGITUDE: 159 21 W

  TEMPERATURE IN F:       :PCPN:    SNOW:  WIND      :SUNSHINE: SKY     :PK WND
================================================================================
1   2   3   4   5  6A  6B    7    8   9   10  11  12  13   14  15   16   17  18
                                     12Z  AVG MX 2MIN
DY MAX MIN AVG DEP HDD CDD  WTR  SNW DPTH SPD SPD DIR MIN PSBL S-S WX    SPD DR
================================================================================

 1  80  73  77   3   0  12    T  0.0    0 16.6 24  60   M    M   9 1      36  70
 2  80  71  76   2   0  11 0.04  0.0    0 18.4 28  60   M    M   9 18     33  60
 3  81  72  77   3   0  12    T  0.0    0 17.8 24  50   M    M   7        29  50
 4  81  71  76   2   0  11    T  0.0    0 12.5 20  70   M    M   7        24  70
 5  81  66  74   0   0   9 0.16  0.0    0  6.1 13  90   M    M   6 1      17  50
 6  77  63  70  -4   0   5 0.02  0.0    0 16.8 26  20   M    M   7 1      36  40
 7  77  63  70  -4   0   5 0.02  0.0    0 18.4 26  40   M    M   7 18     31  40
 8  77  68  73  -1   0   8    T  0.0    0 21.9 28  50   M    M   7        33  70
 9  77  69  73  -1   0   8    T  0.0    0 16.6 24  60   M    M   8        29  60
10  79  69  74   0   0   9    T  0.0    0 10.7 17  50   M    M   8        22  30
11  79  68  74   0   0   9    T  0.0    0 11.5 23  30   M    M   7        28  30
12  78  68  73  -1   0   8 0.01  0.0    0 19.4 31  60   M    M   8 1      40  70
13  78  71  75   1   0  10    T  0.0    0 22.5 29  40   M    M  10        35  40
14  80  71  76   2   0  11 0.00  0.0    0 21.1 26  40   M    M   8        31  30
15  80  70  75   1   0  10    T  0.0    0 19.9 24  40   M    M   8        29  40
16  80  69  75   1   0  10 0.01  0.0    0 17.5 24  40   M    M   7 1      30  60
17  80  72  76   2   0  11    T  0.0    0 15.3 18  40   M    M   8        24  20
18  80  72  76   2   0  11    T  0.0    0 15.7 24  60   M    M   8 1      37  80
19  80  71  76   2   0  11 0.00  0.0    0 18.3 24  80   M    M   6        30  70
20  78  70  74   0   0   9 0.04  0.0    0 18.7 26  50   M    M   7 18     32  50
21  79  72  76   2   0  11 0.02  0.0    0 17.8 23  50   M    M   8 18     29  50
================================================================================
SM 1662 1459         0 201  0.32     0.0 353.5          M      160
================================================================================
AV 79.1 69.5                              16.8 FASTST   M    M   8    MAX(MPH)
                                 MISC ---->  # 31  60               # 40   70
================================================================================
NOTES:
# LAST OF SEVERAL OCCURRENCES

COLUMN 17 PEAK WIND IN M.P.H.

PRELIMINARY LOCAL CLIMATOLOGICAL DATA (WS FORM: F-6) , PAGE 2

                                          STATION:  LIHUE HI
                                          MONTH:    APRIL
                                          YEAR:     2014
                                          LATITUDE:   21 58 N
                                          LONGITUDE: 159 21 W

[TEMPERATURE DATA]      [PRECIPITATION DATA]       SYMBOLS USED IN COLUMN 16

AVERAGE MONTHLY: 74.3   TOTAL FOR MONTH:   0.32    1 = FOG OR MIST
DPTR FM NORMAL:   0.3   DPTR FM NORMAL:   -1.38    2 = FOG REDUCING VISIBILITY
HIGHEST:    81 ON  5, 4 GRTST 24HR  0.18 ON  5- 6      TO 1/4 MILE OR LESS
LOWEST:     63 ON  7, 6                            3 = THUNDER
                        SNOW, ICE PELLETS, HAIL    4 = ICE PELLETS
                        TOTAL MONTH:   0.0 INCH    5 = HAIL
                        GRTST 24HR     0.0         6 = FREEZING RAIN OR DRIZZLE
                        GRTST DEPTH:   0           7 = DUSTSTORM OR SANDSTORM:
                                                       VSBY 1/2 MILE OR LESS
                                                   8 = SMOKE OR HAZE
[NO. OF DAYS WITH]      [WEATHER - DAYS WITH]      9 = BLOWING SNOW
                                                   X = TORNADO
MAX 32 OR BELOW:   0    0.01 INCH OR MORE:   8
MAX 90 OR ABOVE:   0    0.10 INCH OR MORE:   1
MIN 32 OR BELOW:   0    0.50 INCH OR MORE:   0
MIN  0 OR BELOW:   0    1.00 INCH OR MORE:   0

[HDD (BASE 65) ]
TOTAL THIS MO.     0    CLEAR  (SCALE 0-3)   0
DPTR FM NORMAL     0    PTCLDY (SCALE 4-7)  17
TOTAL FM JUL 1     0    CLOUDY (SCALE 8-10)  4
DPTR FM NORMAL     0

[CDD (BASE 65) ]
TOTAL THIS MO.   201
DPTR FM NORMAL    13    [PRESSURE DATA]
TOTAL FM JAN 1   788    HIGHEST SLP M ON M
DPTR FM NORMAL   -34    LOWEST  SLP 29.98 ON  5

[REMARKS]
