000
CXUS54 KLZK 201430
CF6LIT
PRELIMINARY LOCAL CLIMATOLOGICAL DATA (WS FORM: F-6)

                                          STATION:   Little Rock Adams Field
                                          MONTH:     DECEMBER
                                          YEAR:      2014
                                          LATITUDE:   34 43 N
                                          LONGITUDE:  92 14 W

  TEMPERATURE IN F:       :PCPN:    SNOW:  WIND      :SUNSHINE: SKY     :PK WND
================================================================================
1   2   3   4   5  6A  6B    7    8   9   10  11  12  13   14  15   16   17  18
                                     12Z  AVG MX 2MIN
DY MAX MIN AVG DEP HDD CDD  WTR  SNW DPTH SPD SPD DIR MIN PSBL S-S WX    SPD DR
================================================================================

 1  60  34  47   0  18   0    T  0.0    0  8.9 21 340   M    M   9 1      24  30
 2  43  34  39  -7  26   0    T  0.0    0  4.5  9 200   M    M  10 1      13 190
 3  45  40  43  -3  22   0 0.09  0.0    0  4.8 12  70   M    M  10 1      14  70
 4  52  44  48   2  17   0    T  0.0    0  2.3 10 110   M    M  10 12     12 140
 5  69  51  60  15   5   0 1.39  0.0    0  4.4 23 320   M    M  10 123    26 320
 6  63  46  55  10  10   0    T  0.0    0 11.1 17 340   M    M   9        23 350
 7  47  41  44  -1  21   0 0.00  0.0    0  8.0 16  70   M    M  10 1      20  60
 8  56  37  47   3  18   0 0.00  0.0    0  6.3 16 320   M    M   3 1      20 320
 9  58  35  47   3  18   0 0.00  0.0    0  8.1 20 350   M    M   1 1      22 340
10  48  30  39  -5  26   0 0.00  0.0    0  4.7  9  80   M    M   3        13  90
11  47  35  41  -3  24   0 0.00  0.0    0  2.8  9  80   M    M  10        13  80
12  48  43  46   3  19   0    T  0.0    0  4.3 10 120   M    M  10 1      12 160
13  64  45  55  12  10   0 0.03  0.0    0  1.8  8 130   M    M   7 18     12 130
14  69  42  56  13   9   0 0.00  0.0    0  6.1 17 160   M    M   6 12     21 130
15  71  50  61  18   4   0 0.15  0.0    0 13.8 25 290   M    M   7 1      35 310
16  51  34  43   0  22   0 0.00  0.0    0 12.2 22 270   M    M   3        28 300
17  41  32  37  -5  28   0 0.16  0.0    0  5.6 12  10   M    M   9 18     14  40
18  44  37  41  -1  24   0 0.09  0.0    0  5.1 12  90   M    M  10 18     14  90
19  44  41  43   1  22   0 0.01  0.0    0  6.8 14  60   M    M  10 1      17  60
================================================================================
SM 1020  751       343   0  1.92     0.0 121.6          M      147
================================================================================
AV 53.7 39.5                               6.4 FASTST   M    M   8    MAX(MPH)
                                 MISC ---->  # 25 290               # 35  310
================================================================================
NOTES:
# LAST OF SEVERAL OCCURRENCES

COLUMN 17 PEAK WIND IN M.P.H.

PRELIMINARY LOCAL CLIMATOLOGICAL DATA (WS FORM: F-6) , PAGE 2

                                          STATION:  Little Rock Adams Field
                                          MONTH:    DECEMBER
                                          YEAR:     2014
                                          LATITUDE:   34 43 N
                                          LONGITUDE:  92 14 W

[TEMPERATURE DATA]      [PRECIPITATION DATA]       SYMBOLS USED IN COLUMN 16

AVERAGE MONTHLY: 46.6   TOTAL FOR MONTH:   1.92    1 = FOG OR MIST
DPTR FM NORMAL:   2.6   DPTR FM NORMAL:   -1.29    2 = FOG REDUCING VISIBILITY
HIGHEST:    71 ON 15    GRTST 24HR  1.39 ON  5- 5      TO 1/4 MILE OR LESS
LOWEST:     30 ON 10                               3 = THUNDER
                        SNOW, ICE PELLETS, HAIL    4 = ICE PELLETS
                        TOTAL MONTH:   0.0 INCH    5 = HAIL
                        GRTST 24HR     0.0         6 = FREEZING RAIN OR DRIZZLE
                        GRTST DEPTH:   0           7 = DUSTSTORM OR SANDSTORM:
                                                       VSBY 1/2 MILE OR LESS
                                                   8 = SMOKE OR HAZE
[NO. OF DAYS WITH]      [WEATHER - DAYS WITH]      9 = BLOWING SNOW
                                                   X = TORNADO
MAX 32 OR BELOW:   0    0.01 INCH OR MORE:   7
MAX 90 OR ABOVE:   0    0.10 INCH OR MORE:   3
MIN 32 OR BELOW:   2    0.50 INCH OR MORE:   1
MIN  0 OR BELOW:   0    1.00 INCH OR MORE:   1

[HDD (BASE 65) ]
TOTAL THIS MO.   343    CLEAR  (SCALE 0-3)   4
DPTR FM NORMAL   -55    PTCLDY (SCALE 4-7)   3
TOTAL FM JUL 1   914    CLOUDY (SCALE 8-10) 12
DPTR FM NORMAL     2

[CDD (BASE 65) ]
TOTAL THIS MO.     0
DPTR FM NORMAL     0    [PRESSURE DATA]
TOTAL FM JAN 1  2050    HIGHEST SLP M ON M
DPTR FM NORMAL  -154    LOWEST  SLP 29.73 ON 15

[REMARKS]
