000
CXUS55 KPIH 211200
CF6LLJ

PRELIMINARY LOCAL CLIMATOLOGICAL DATA (WS FORM: F-6)

                                          STATION:   CHALLIS ID
                                          MONTH:     FEBRUARY
                                          YEAR:      2017
                                          LATITUDE:   44 31 N
                                          LONGITUDE: 114 13 W

  TEMPERATURE IN F:       :PCPN:    SNOW:  WIND      :SUNSHINE: SKY     :PK WND
================================================================================
1   2   3   4   5  6A  6B    7    8   9   10  11  12  13   14  15   16   17  18
                                     12Z  AVG MX 2MIN
DY MAX MIN AVG DEP HDD CDD  WTR  SNW DPTH SPD SPD DIR MIN PSBL S-S WX    SPD DR
================================================================================

 1  30  15  23   2  42   0 0.03    M    M 10.1 18 360   M    M   9 1      22 360
 2  17   2  10 -11  55   0 0.04    M    M  3.1  9 330   M    M  10 18     11 320
 3  21   2  12  -9  53   0 0.03    M    M  1.3  6  40   M    M   7 18      7 150
 4  40  20  30   8  35   0 0.11    M    M  5.5 20 160   M    M   8 16     28 170
 5  46  32  39  17  26   0 0.00    M    M  8.9 22 150   M    M   7        30 150
 6  41  29  35  13  30   0 0.12    M    M 10.6 25 250   M    M   9 12     35 240
 7  39  18  29   7  36   0 0.13    M    M  3.7 22 260   M    M   8 12     31 240
 8  41  30  36  14  29   0 0.00    M    M  5.7 17 240   M    M  10        23 180
 9  44  34  39  16  26   0 0.08    M    M  5.9 18 180   M    M  10        26 110
10  44  25  35  12  30   0 0.01    M    M  7.6 23 260   M    M   4        30 260
11  36  15  26   3  39   0    T    M    M  5.0 26 250   M    M   2        33 250
12  27   8  18  -6  47   0 0.00    M    M  1.1  6 330   M    M   0         7 340
13  29   9  19  -5  46   0 0.00    M    M  2.0  8  10   M    M   0         9  10
14  31   7  19  -5  46   0 0.00    M    M  0.8  5 210   M    M   0 1       5 200
15  35   8  22  -2  43   0 0.00    M    M  1.2  6 280   M    M   1         7  60
16  43  26  35  10  30   0 0.03    M    M  5.0 18 210   M    M  10 1      23 160
17  39  23  31   6  34   0    T    M    M  2.8 12 180   M    M   6 18     15 180
18  42  28  35   9  30   0 0.01    M    M  2.1 14 200   M    M  10 1      16 200
19  46  30  38  12  27   0    T    M    M  4.3 23 260   M    M   8 1      27 250
20  41  26  34   8  31   0 0.20    M    M  3.7 18 200   M    M   9 1      22 200
================================================================================
SM  732  387       735   0  0.79    M     90.4          M      128
================================================================================
AV 36.6 19.4                               4.5 FASTST   M    M   6    MAX(MPH)
                                 MISC ---->  # 26 250               # 35  240
================================================================================
NOTES:
# LAST OF SEVERAL OCCURRENCES
PRECIPITATION SUSPECT DURING FREEZING/FROZEN EVENTS

COLUMN 17 PEAK WIND IN M.P.H.

PRELIMINARY LOCAL CLIMATOLOGICAL DATA (WS FORM: F-6) , PAGE 2

                                          STATION:  CHALLIS ID
                                          MONTH:    FEBRUARY
                                          YEAR:     2017
                                          LATITUDE:   44 31 N
                                          LONGITUDE: 114 13 W

[TEMPERATURE DATA]      [PRECIPITATION DATA]       SYMBOLS USED IN COLUMN 16

AVERAGE MONTHLY: 28.0   TOTAL FOR MONTH:   0.79    1 = FOG OR MIST
DPTR FM NORMAL:   4.7   DPTR FM NORMAL:    0.37    2 = FOG REDUCING VISIBILITY
HIGHEST:    46 ON 19, 5 GRTST 24HR  0.21 ON  6- 7      TO 1/4 MILE OR LESS
LOWEST:      2 ON  3, 2                            3 = THUNDER
                        SNOW, ICE PELLETS, HAIL    4 = ICE PELLETS
                        TOTAL MONTH:    M          5 = HAIL
                        GRTST 24HR    M  ON   M    6 = FREEZING RAIN OR DRIZZLE
                        GRTST DEPTH:  M  ON   M    7 = DUSTSTORM OR SANDSTORM:
                                                       VSBY 1/2 MILE OR LESS
                                                   8 = SMOKE OR HAZE
[NO. OF DAYS WITH]      [WEATHER - DAYS WITH]      9 = BLOWING SNOW
                                                   X = TORNADO
MAX 32 OR BELOW:   6    0.01 INCH OR MORE:  11
MAX 90 OR ABOVE:   0    0.10 INCH OR MORE:   4
MIN 32 OR BELOW:  19    0.50 INCH OR MORE:   0
MIN  0 OR BELOW:   0    1.00 INCH OR MORE:   0

[HDD (BASE 65) ]
TOTAL THIS MO.   735    CLEAR  (SCALE 0-3)   5
DPTR FM NORMAL   -98    PTCLDY (SCALE 4-7)   6
TOTAL FM JUL 1  6123    CLOUDY (SCALE 8-10)  9
DPTR FM NORMAL   368

[CDD (BASE 65) ]
TOTAL THIS MO.     0
DPTR FM NORMAL     0    [PRESSURE DATA]
TOTAL FM JAN 1     0    HIGHEST SLP M ON M
DPTR FM NORMAL     0    LOWEST  SLP 29.46 ON 19

[REMARKS]
