000
CXUS55 KPIH 211200
CF6LLJ

PRELIMINARY LOCAL CLIMATOLOGICAL DATA (WS FORM: F-6)

                                          STATION:   CHALLIS ID
                                          MONTH:     OCTOBER
                                          YEAR:      2017
                                          LATITUDE:   44 31 N
                                          LONGITUDE: 114 13 W

  TEMPERATURE IN F:       :PCPN:    SNOW:  WIND      :SUNSHINE: SKY     :PK WND
================================================================================
1   2   3   4   5  6A  6B    7    8   9   10  11  12  13   14  15   16   17  18
                                     12Z  AVG MX 2MIN
DY MAX MIN AVG DEP HDD CDD  WTR  SNW DPTH SPD SPD DIR MIN PSBL S-S WX    SPD DR
================================================================================

 1  48  33  41  -9  24   0 0.11    M    M  3.9 20 270   M    M   7 16     24 270
 2  51  32  42  -8  23   0 0.00    M    M  3.5 15 320   M    M   7        19 320
 3  52  26  39 -10  26   0 0.00    M    M  4.9 13 320   M    M   1        17 310
 4  43  26  35 -14  30   0 0.03    M    M  3.1  9 360   M    M   6 1      13  10
 5  47  33  40  -8  25   0 0.00    M    M  3.1  8 200   M    M   9        10 190
 6  65  30  48   0  17   0 0.00    M    M  4.0 16 210   M    M   1        20 200
 7  63  34  49   1  16   0 0.00    M    M  9.3 29 260   M    M   2        40 260
 8  49  28  39  -8  26   0    T    M    M  5.8 20 320   M    M   4 1      24 300
 9  54  20  37 -10  28   0 0.00    M    M  1.4  7 140   M    M   0 8      10 180
10  62  26  44  -3  21   0 0.00    M    M  4.2 22 150   M    M   0        30 150
11  59  27  43  -3  22   0 0.00    M    M  5.3 26 230   M    M   2        41 240
12  50  21  36 -10  29   0 0.00    M    M  5.4 16 200   M    M   2        22 220
13  46  28  37  -8  28   0 0.11    M    M  5.7 20 290   M    M   7 12     27 210
14  49  27  38  -7  27   0 0.00    M    M  4.2 13 170   M    M   3        17 130
15  57  21  39  -6  26   0 0.00    M    M  1.5  6 130   M    M   0         8  30
16  63  24  44   0  21   0 0.00    M    M  1.1  7 290   M    M   0         8 280
17  71  24  48   4  17   0 0.00    M    M  3.5 23 240   M    M   0        30 240
18  68  29  49   5  16   0 0.00    M    M  3.2 17 230   M    M   0        21 240
19  73  28  51   8  14   0 0.00    M    M  5.0 22 200   M    M   0        31 200
20  56  27  42  -1  23   0 0.03    M    M  8.1 30 260   M    M   4        42 270
================================================================================
SM 1126  544       459   0  0.28    M     86.2          M       55
================================================================================
AV 56.3 27.2                               4.3 FASTST   M    M   3    MAX(MPH)
                                 MISC ---->  # 30 260               # 42  270
================================================================================
NOTES:
# LAST OF SEVERAL OCCURRENCES
PRECIPITATION SUSPECT DURING FREEZING/FROZEN EVENTS

COLUMN 17 PEAK WIND IN M.P.H.

PRELIMINARY LOCAL CLIMATOLOGICAL DATA (WS FORM: F-6) , PAGE 2

                                          STATION:  CHALLIS ID
                                          MONTH:    OCTOBER
                                          YEAR:     2017
                                          LATITUDE:   44 31 N
                                          LONGITUDE: 114 13 W

[TEMPERATURE DATA]      [PRECIPITATION DATA]       SYMBOLS USED IN COLUMN 16

AVERAGE MONTHLY: 41.8   TOTAL FOR MONTH:   0.28    1 = FOG OR MIST
DPTR FM NORMAL:  -4.7   DPTR FM NORMAL:   -0.11    2 = FOG REDUCING VISIBILITY
HIGHEST:    73 ON 19    GRTST 24HR  0.11 ON 13-13      TO 1/4 MILE OR LESS
LOWEST:     20 ON  9                               3 = THUNDER
                        SNOW, ICE PELLETS, HAIL    4 = ICE PELLETS
                        TOTAL MONTH:    M          5 = HAIL
                        GRTST 24HR    M  ON   M    6 = FREEZING RAIN OR DRIZZLE
                        GRTST DEPTH:  M  ON   M    7 = DUSTSTORM OR SANDSTORM:
                                                       VSBY 1/2 MILE OR LESS
                                                   8 = SMOKE OR HAZE
[NO. OF DAYS WITH]      [WEATHER - DAYS WITH]      9 = BLOWING SNOW
                                                   X = TORNADO
MAX 32 OR BELOW:   0    0.01 INCH OR MORE:   4
MAX 90 OR ABOVE:   0    0.10 INCH OR MORE:   2
MIN 32 OR BELOW:  17    0.50 INCH OR MORE:   0
MIN  0 OR BELOW:   0    1.00 INCH OR MORE:   0

[HDD (BASE 65) ]
TOTAL THIS MO.   459    CLEAR  (SCALE 0-3)  13
DPTR FM NORMAL    87    PTCLDY (SCALE 4-7)   6
TOTAL FM JUL 1   770    CLOUDY (SCALE 8-10)  1
DPTR FM NORMAL    49

[CDD (BASE 65) ]
TOTAL THIS MO.     0
DPTR FM NORMAL     0    [PRESSURE DATA]
TOTAL FM JAN 1   378    HIGHEST SLP M ON M
DPTR FM NORMAL   130    LOWEST  SLP 29.35 ON 20

[REMARKS]
