000
CXUS54 KLZK 281130
CF6LLQ
PRELIMINARY LOCAL CLIMATOLOGICAL DATA (WS FORM: F-6)

                                          STATION:   Monticello
                                          MONTH:     AUGUST
                                          YEAR:      2016
                                          LATITUDE:   33 37 N
                                          LONGITUDE:  91 45 W

  TEMPERATURE IN F:       :PCPN:    SNOW:  WIND      :SUNSHINE: SKY     :PK WND
================================================================================
1   2   3   4   5  6A  6B    7    8   9   10  11  12  13   14  15   16   17  18
                                     12Z  AVG MX 2MIN
DY MAX MIN AVG DEP HDD CDD  WTR  SNW DPTH SPD SPD DIR MIN PSBL S-S WX    SPD DR
================================================================================

 1  97  77  87   5   0  22 0.00  0.0    0  5.3 13 210   M    M   0        17 210
 2  98  80  89   7   0  24 0.00  0.0    0  3.4 10 300   M    M   1        15 270
 3 100  78  89   7   0  24 0.00  0.0    0  1.6  9 310   M    M   0        11 310
 4 100  79  90   8   0  25 0.00  0.0    0  3.4  9 250   M    M   1        12 260
 5 101  81  91   9   0  26 0.00  0.0    0  4.7 15 150   M    M   0 3      19 150
 6  98  76  87   5   0  22 0.72  0.0    0  3.0 16  10   M    M   0 13     26 320
 7  93  73  83   1   0  18 0.54  0.0    0  3.6 16 360   M    M   5 138    30 310
 8  92  74  83   1   0  18 0.00  0.0    0  3.9 13 330   M    M   2        17 330
 9  97  76  87   5   0  22 0.00  0.0    0  1.2  8 300   M    M   1 1      12 310
10  98  78  88   6   0  23 0.00  0.0    0  2.8 13  70   M    M   1 1      17  70
11  98  78  88   6   0  23 0.00  0.0    0  2.3 12  50   M    M   2        17  60
12  96  78  87   5   0  22 0.00  0.0    0  4.3 16  70   M    M   2 3      19  70
13  83  74  79  -3   0  14 0.25  0.0    0  7.6 17 120   M    M   9 18     26 160
14  81  74  78  -4   0  13 0.53  0.0    0  8.4 17 160   M    M   6 1      23 160
15  91  75  83   1   0  18 0.13  0.0    0  5.9 15 240   M    M   5 13     24 220
16  87  75  81  -1   0  16 1.97  0.0    0  3.7 10 270   M    M   7 138    14 250
17  85  74  80  -2   0  15 0.48  0.0    0  1.7 13 180   M    M   7 18     20 200
18  90  74  82   0   0  17 0.23  0.0    0  1.4 14 210   M    M   6 1      19 220
19  89  74  82   0   0  17    T  0.0    0  4.0  9 160   M    M   4 1      13 170
20  91  77  84   3   0  19 0.01  0.0    0  5.4 16 310   M    M   6 3      24 230
21  86  76  81   0   0  16 0.00  0.0    0  3.4 13  50   M    M   6        17  60
22  85  72  79  -2   0  14 0.22  0.0    0  3.8 17 210   M    M   7 13     25 210
23  94  73  84   3   0  19 0.00  0.0    0  3.0  9 200   M    M   1        12 170
24  96  79  88   7   0  23 0.00  0.0    0  4.6 10 230   M    M   0        15 210
25  98  75  87   6   0  22 0.44  0.0    0  4.1 16 200   M    M   2 138    20 190
26  96  75  86   5   0  21 0.00  0.0    0  2.9 16 100   M    M   3 1      24 100
27  95  76  86   5   0  21 0.00  0.0    0  2.4 10  50   M    M   3 128    14  50
================================================================================
SM 2515 2051         0 534  5.52     0.0 101.8          M       87
================================================================================
AV 93.1 76.0                               3.8 FASTST   M    M   3    MAX(MPH)
                                 MISC ---->  # 17 120               # 30  310
================================================================================
NOTES:
# LAST OF SEVERAL OCCURRENCES

COLUMN 17 PEAK WIND IN M.P.H.

PRELIMINARY LOCAL CLIMATOLOGICAL DATA (WS FORM: F-6) , PAGE 2

                                          STATION:  Monticello
                                          MONTH:    AUGUST
                                          YEAR:     2016
                                          LATITUDE:   33 37 N
                                          LONGITUDE:  91 45 W

[TEMPERATURE DATA]      [PRECIPITATION DATA]       SYMBOLS USED IN COLUMN 16

AVERAGE MONTHLY: 84.6   TOTAL FOR MONTH:   5.52    1 = FOG OR MIST
DPTR FM NORMAL:   2.9   DPTR FM NORMAL:    2.99    2 = FOG REDUCING VISIBILITY
HIGHEST:   101 ON  5    GRTST 24HR  2.21 ON 16-17      TO 1/4 MILE OR LESS
LOWEST:     72 ON 22                               3 = THUNDER
                        SNOW, ICE PELLETS, HAIL    4 = ICE PELLETS
                        TOTAL MONTH:   0.0 INCH    5 = HAIL
                        GRTST 24HR     0.0         6 = FREEZING RAIN OR DRIZZLE
                        GRTST DEPTH:   0           7 = DUSTSTORM OR SANDSTORM:
                                                       VSBY 1/2 MILE OR LESS
                                                   8 = SMOKE OR HAZE
[NO. OF DAYS WITH]      [WEATHER - DAYS WITH]      9 = BLOWING SNOW
                                                   X = TORNADO
MAX 32 OR BELOW:   0    0.01 INCH OR MORE:  11
MAX 90 OR ABOVE:  20    0.10 INCH OR MORE:  10
MIN 32 OR BELOW:   0    0.50 INCH OR MORE:   4
MIN  0 OR BELOW:   0    1.00 INCH OR MORE:   1

[HDD (BASE 65) ]
TOTAL THIS MO.     0    CLEAR  (SCALE 0-3)  16
DPTR FM NORMAL     0    PTCLDY (SCALE 4-7)  10
TOTAL FM JUL 1     0    CLOUDY (SCALE 8-10)  1
DPTR FM NORMAL     0

[CDD (BASE 65) ]
TOTAL THIS MO.   534
DPTR FM NORMAL    84    [PRESSURE DATA]
TOTAL FM JAN 1  2025    HIGHEST SLP M ON M
DPTR FM NORMAL   303    LOWEST  SLP 29.77 ON 12

[REMARKS]
ALL SNOWFALL DATA IS FROM THE UNIVERSITY OF ARKANSAS AT MONTICELLO COOPERATIVE OBSERVER SITE
