000
CXUS54 KLZK 011330
CF6LLQ
PRELIMINARY LOCAL CLIMATOLOGICAL DATA (WS FORM: F-6)

                                          STATION:   Monticello
                                          MONTH:     SEPTEMBER
                                          YEAR:      2014
                                          LATITUDE:   33 37 N
                                          LONGITUDE:  91 45 W

  TEMPERATURE IN F:       :PCPN:    SNOW:  WIND      :SUNSHINE: SKY     :PK WND
================================================================================
1   2   3   4   5  6A  6B    7    8   9   10  11  12  13   14  15   16   17  18
                                     12Z  AVG MX 2MIN
DY MAX MIN AVG DEP HDD CDD  WTR  SNW DPTH SPD SPD DIR MIN PSBL S-S WX    SPD DR
================================================================================

 1  91  73  82   2   0  17 0.01  0.0    0  6.0 13 160   M    M   3        18 150
 2  82  72  77  -3   0  12 0.14  0.0    0  4.6 15 180   M    M   5 13     25 170
 3  90  70  80   1   0  15 0.00  0.0    0  2.8  8 250   M    M   4 1      12 260
 4  93  71  82   3   0  17 0.00  0.0    0  1.8  9 280   M    M   1 1      14 240
 5  95  73  84   5   0  19 0.07  0.0    0  1.6 20  80   M    M   1 3      30  80
 6  91  71  81   3   0  16 0.08  0.0    0  2.8 13 300   M    M   2 138    22 320
 7  85  68  77  -1   0  12 0.01  0.0    0  4.0 10  50   M    M   1        16  50
 8  90  68  79   1   0  14 0.00  0.0    0  1.4  8  60   M    M   0        11  50
 9  93  71  82   4   0  17 0.00  0.0    0  3.0 10 200   M    M   1        14 200
10  93  77  85   8   0  20 0.00  0.0    0  8.8 17 190   M    M   1 1      24 230
11  91  70  81   4   0  16 0.00  0.0    0  7.6 17  50   M    M   4        22  50
12  71  63  67 -10   0   2 0.00  0.0    0  7.0 13  50   M    M  10 18     17  30
13  70  58  64 -12   1   0    T  0.0    0  7.2 15  60   M    M   7 18     23  50
14  82  59  71  -5   0   6 0.00  0.0    0  3.3 12  60   M    M   3 8      16  50
15  83  63  73  -3   0   8    T  0.0    0  0.8  7  60   M    M   0         8  50
16  89  70  80   5   0  15    T  0.0    0  2.1  7  30   M    M   1 1      11  20
17  90  67  79   4   0  14 0.00  0.0    0  2.2  8  70   M    M   4 12     11  70
18  89  69  79   5   0  14    T  0.0    0  2.8 14  60   M    M   2 13     17 260
19  88  68  78   4   0  13 0.00  0.0    0  3.4 10  60   M    M   5 12     14  70
20  92  66  79   5   0  14 0.00  0.0    0  1.0  9  60   M    M   1        12  40
21  93  67  80   7   0  15 0.00  0.0    0  3.5 13 300   M    M   2 1      17 330
22  81  59  70  -3   0   5 0.00  0.0    0  6.9 16  50   M    M   1        22  50
23  82  52  67  -5   0   2 0.00  0.0    0  4.0 13  50   M    M   0        19  60
24  85  53  69  -3   0   4 0.00  0.0    0  2.3 13  90   M    M   1        16 100
25  87  58  73   1   0   8 0.00  0.0    0  1.9 13  50   M    M   1 1      16 150
26  88  59  74   3   0   9 0.00  0.0    0  2.3 12  80   M    M   1        16  50
27  86  61  74   3   0   9 0.00  0.0    0  3.3 13  90   M    M   1        17 100
28  86  62  74   3   0   9    T  0.0    0  3.5 15  80   M    M   2        20  70
29  89  64  77   7   0  12 0.00  0.0    0  2.9 15  60   M    M   1 18     20  40
30  89  61  75   5   0  10 0.00  0.0    0  1.1  9  90   M    M   0 1      13 120
================================================================================
SM 2614 1963         1 344  0.31     0.0 105.9          M       66
================================================================================
AV 87.1 65.4                               3.5 FASTST   M    M   2    MAX(MPH)
                                 MISC ---->  # 20  80               # 30   80
================================================================================
NOTES:
# LAST OF SEVERAL OCCURRENCES

COLUMN 17 PEAK WIND IN M.P.H.

PRELIMINARY LOCAL CLIMATOLOGICAL DATA (WS FORM: F-6) , PAGE 2

                                          STATION:  Monticello
                                          MONTH:    SEPTEMBER
                                          YEAR:     2014
                                          LATITUDE:   33 37 N
                                          LONGITUDE:  91 45 W

[TEMPERATURE DATA]      [PRECIPITATION DATA]       SYMBOLS USED IN COLUMN 16

AVERAGE MONTHLY: 76.3   TOTAL FOR MONTH:   0.31    1 = FOG OR MIST
DPTR FM NORMAL:   1.1   DPTR FM NORMAL:   -2.65    2 = FOG REDUCING VISIBILITY
HIGHEST:    95 ON  5    GRTST 24HR  0.15 ON  1- 2      TO 1/4 MILE OR LESS
LOWEST:     52 ON 23                               3 = THUNDER
                        SNOW, ICE PELLETS, HAIL    4 = ICE PELLETS
                        TOTAL MONTH:   0.0 INCH    5 = HAIL
                        GRTST 24HR     0.0         6 = FREEZING RAIN OR DRIZZLE
                        GRTST DEPTH:   0           7 = DUSTSTORM OR SANDSTORM:
                                                       VSBY 1/2 MILE OR LESS
                                                   8 = SMOKE OR HAZE
[NO. OF DAYS WITH]      [WEATHER - DAYS WITH]      9 = BLOWING SNOW
                                                   X = TORNADO
MAX 32 OR BELOW:   0    0.01 INCH OR MORE:   5
MAX 90 OR ABOVE:  12    0.10 INCH OR MORE:   1
MIN 32 OR BELOW:   0    0.50 INCH OR MORE:   0
MIN  0 OR BELOW:   0    1.00 INCH OR MORE:   0

[HDD (BASE 65) ]
TOTAL THIS MO.     1    CLEAR  (SCALE 0-3)  22
DPTR FM NORMAL   -13    PTCLDY (SCALE 4-7)   7
TOTAL FM JUL 1     1    CLOUDY (SCALE 8-10)  1
DPTR FM NORMAL   -13

[CDD (BASE 65) ]
TOTAL THIS MO.   344
DPTR FM NORMAL    26    [PRESSURE DATA]
TOTAL FM JAN 1  1966    HIGHEST SLP 30.26 ON 13
DPTR FM NORMAL  -132    LOWEST  SLP 29.82 ON 30

[REMARKS]
ALL SNOWFALL DATA IS FROM THE UNIVERSITY OF ARKANSAS AT MONTICELLO COOPERATIVE OBSERVER SITE
#FINAL-09-14#
