000
CXUS53 KOAX 261000
CF6LNK
PRELIMINARY LOCAL CLIMATOLOGICAL DATA (WS FORM: F-6)

                                          STATION:   LINCOLN, NEBRASKA
                                          MONTH:     MARCH
                                          YEAR:      2015
                                          LATITUDE:   40 50 N
                                          LONGITUDE:  96 45 W

  TEMPERATURE IN F:       :PCPN:    SNOW:  WIND      :SUNSHINE: SKY     :PK WND
================================================================================
1   2   3   4   5  6A  6B    7    8   9   10  11  12  13   14  15   16   17  18
                                     12Z  AVG MX 2MIN
DY MAX MIN AVG DEP HDD CDD  WTR  SNW DPTH SPD SPD DIR MIN PSBL S-S WX    SPD DR
================================================================================

 1  42  18  30  -4  35   0 0.00  0.0    T  4.7 13 330   M    M   4        15 330
 2  43  20  32  -2  33   0 0.00  0.0    0 11.4 25 170   M    M   4        30 170
 3  38  18  28  -7  37   0 0.00  0.0    0 15.7 31 340   M    M   6 18     39 320
 4  32   6  19 -16  46   0 0.03  0.5    1 11.3 25 350   M    M   4 1      32 330
 5  35  -1  17 -19  48   0 0.00  0.0    0  8.1 17 160   M    M   1        21 170
 6  64  18  41   5  24   0 0.00  0.0    0  7.8 22 230   M    M   1        27 230
 7  64  24  44   7  21   0 0.00  0.0    0  4.2 15 310   M    M   0        19 310
 8  59  24  42   5  23   0 0.00  0.0    0  8.3 22  60   M    M   1        26  50
 9  62  20  41   4  24   0 0.00  0.0    0  4.6 12 140   M    M   0        19 160
10  74  27  51  13  14   0 0.00  0.0    0  4.2 14  20   M    M   1 8      19  20
11  72  27  50  12  15   0 0.00  0.0    0  6.8 15 140   M    M   0        19 140
12  77  36  57  18   8   0 0.00  0.0    0 10.8 24 180   M    M   0        32 180
13  75  30  53  14  12   0 0.00  0.0    0 11.0 30  20   M    M   0        36  10
14  69  34  52  13  13   0 0.00  0.0    0  5.9 20 360   M    M   0        24 360
15  81  36  59  19   6   0 0.00  0.0    0 15.4 31 220   M    M   0        39 210
16  90  43  67  27   0   2 0.00  0.0    0 20.0 40  10   M    M   0 8      49  20
17  52  32  42   1  23   0 0.00  0.0    0 15.7 32  20   M    M   1        39  10
18  54  27  41   0  24   0 0.00  0.0    0  8.8 17 130   M    M   4        20 130
19  51  31  41   0  24   0 0.00  0.0    0  6.2 12 160   M    M   6 18     15 130
20  75  21  48   6  17   0 0.00  0.0    0  7.1 23 240   M    M   0 18     28 240
21  68  33  51   9  14   0 0.00  0.0    0  9.2 16  20   M    M   0 18     22 120
22  76  29  53  11  12   0 0.00  0.0    0 10.0 26 330   M    M   1 18     31 320
23  53  31  42  -1  23   0 0.00  0.0    0 11.3 20 350   M    M   5 8      23 100
24  41  34  38  -5  27   0 0.70  0.0    0  8.2 38  80   M    M  10 138    48  80
25  46  29  38  -6  27   0    T  0.0    0 11.2 25 350   M    M   7 1      30 350
================================================================================
SM 1493  647       550   2  0.73     0.5 237.9          M       56
================================================================================
AV 59.7 25.9                               9.5 FASTST   M    M   2    MAX(MPH)
                                 MISC ---->  # 40  10               # 49   20
================================================================================
NOTES:
# LAST OF SEVERAL OCCURRENCES

COLUMN 17 PEAK WIND IN M.P.H.

PRELIMINARY LOCAL CLIMATOLOGICAL DATA (WS FORM: F-6) , PAGE 2

                                          STATION:  LINCOLN, NEBRASKA
                                          MONTH:    MARCH
                                          YEAR:     2015
                                          LATITUDE:   40 50 N
                                          LONGITUDE:  96 45 W

[TEMPERATURE DATA]      [PRECIPITATION DATA]       SYMBOLS USED IN COLUMN 16

AVERAGE MONTHLY: 42.8   TOTAL FOR MONTH:   0.73    1 = FOG OR MIST
DPTR FM NORMAL:   3.9   DPTR FM NORMAL:   -0.73    2 = FOG REDUCING VISIBILITY
HIGHEST:    90 ON 16    GRTST 24HR  0.70 ON 24-24      TO 1/4 MILE OR LESS
LOWEST:     -1 ON  5                               3 = THUNDER
                        SNOW, ICE PELLETS, HAIL    4 = ICE PELLETS
                        TOTAL MONTH:   0.5 INCH    5 = HAIL
                        GRTST 24HR   0.5 ON  4- 4  6 = FREEZING RAIN OR DRIZZLE
                        GRTST DEPTH:   1 ON  4     7 = DUSTSTORM OR SANDSTORM:
                                                       VSBY 1/2 MILE OR LESS
                                                   8 = SMOKE OR HAZE
[NO. OF DAYS WITH]      [WEATHER - DAYS WITH]      9 = BLOWING SNOW
                                                   X = TORNADO
MAX 32 OR BELOW:   1    0.01 INCH OR MORE:   2
MAX 90 OR ABOVE:   1    0.10 INCH OR MORE:   1
MIN 32 OR BELOW:  19    0.50 INCH OR MORE:   1
MIN  0 OR BELOW:   1    1.00 INCH OR MORE:   0

[HDD (BASE 65) ]
TOTAL THIS MO.   550    CLEAR  (SCALE 0-3)  16
DPTR FM NORMAL  -101    PTCLDY (SCALE 4-7)   8
TOTAL FM JUL 1  5237    CLOUDY (SCALE 8-10)  1
DPTR FM NORMAL  -117

[CDD (BASE 65) ]
TOTAL THIS MO.     2
DPTR FM NORMAL     2    [PRESSURE DATA]
TOTAL FM JAN 1     2    HIGHEST SLP M ON M
DPTR FM NORMAL     2    LOWEST  SLP 29.66 ON  3

[REMARKS]
