000
CXUS53 KOAX 201000
CF6LNK
PRELIMINARY LOCAL CLIMATOLOGICAL DATA (WS FORM: F-6)

                                          STATION:   LINCOLN, NEBRASKA
                                          MONTH:     OCTOBER
                                          YEAR:      2017
                                          LATITUDE:   40 50 N
                                          LONGITUDE:  96 45 W

  TEMPERATURE IN F:       :PCPN:    SNOW:  WIND      :SUNSHINE: SKY     :PK WND
================================================================================
1   2   3   4   5  6A  6B    7    8   9   10  11  12  13   14  15   16   17  18
                                     12Z  AVG MX 2MIN
DY MAX MIN AVG DEP HDD CDD  WTR  SNW DPTH SPD SPD DIR MIN PSBL S-S WX    SPD DR
================================================================================

 1  81  60  71  12   0   6 0.19  0.0    0 19.5 33 190   M    M   8 13     43 190
 2  84  63  74  15   0   9 1.01  0.0    0 15.2 31 170   M    M   7 13     39 170
 3  77  59  68  10   0   3 0.07  0.0    0 11.3 29 180   M    M   9 13     38 190
 4  71  53  62   4   3   0    T  0.0    0  8.3 16 120   M    M   7        20 110
 5  66  58  62   4   3   0 1.34  0.0    0  5.8 10 160   M    M  10 13     12 160
 6  73  57  65   8   0   0 1.18  0.0    0  8.2 21 350   M    M  10 13     26 350
 7  75  51  63   6   2   0 0.10  0.0    0 10.1 22 310   M    M   4 1      27 310
 8  79  49  64   8   1   0 0.00  0.0    0  7.0 21  20   M    M   0        26  20
 9  58  41  50  -6  15   0 0.29  0.0    0 20.8 33  10   M    M   7 13     44  30
10  53  35  44 -12  21   0 0.41  0.0    0 11.3 22 360   M    M   6 13     30  10
11  65  30  48  -7  17   0 0.00  0.0    0  4.2 13 150   M    M   0 1      16 140
12  72  45  59   4   6   0 0.00  0.0    0 11.1 22 150   M    M   1        27 160
13  60  54  57   3   8   0 0.00  0.0    0 11.0 21  20   M    M  10        24  10
14  60  50  55   1  10   0 0.30  0.0    0 11.5 33 330   M    M  10 13     43 330
15  63  37  50  -4  15   0 0.00  0.0    0  8.0 26 330   M    M   1        31 330
16  75  35  55   2  10   0 0.00  0.0    0 10.1 24 200   M    M   0        29 220
17  73  43  58   5   7   0 0.00  0.0    0  6.9 16 200   M    M   0        21 200
18  80  46  63  11   2   0 0.00  0.0    0  7.2 17 210   M    M   0        21 220
19  80  41  61   9   4   0 0.00  0.0    0  6.9 17 180   M    M   0        24 190
================================================================================
SM 1345  907       124  18  4.89     0.0 194.4          M       90
================================================================================
AV 70.8 47.7                              10.2 FASTST   M    M   5    MAX(MPH)
                                 MISC ---->  # 33 190               # 44   30
================================================================================
NOTES:
# LAST OF SEVERAL OCCURRENCES

COLUMN 17 PEAK WIND IN M.P.H.

PRELIMINARY LOCAL CLIMATOLOGICAL DATA (WS FORM: F-6) , PAGE 2

                                          STATION:  LINCOLN, NEBRASKA
                                          MONTH:    OCTOBER
                                          YEAR:     2017
                                          LATITUDE:   40 50 N
                                          LONGITUDE:  96 45 W

[TEMPERATURE DATA]      [PRECIPITATION DATA]       SYMBOLS USED IN COLUMN 16

AVERAGE MONTHLY: 59.3   TOTAL FOR MONTH:   4.89    1 = FOG OR MIST
DPTR FM NORMAL:   3.7   DPTR FM NORMAL:    3.60    2 = FOG REDUCING VISIBILITY
HIGHEST:    84 ON  2    GRTST 24HR  1.34 ON  5- 5      TO 1/4 MILE OR LESS
LOWEST:     30 ON 11                               3 = THUNDER
                        SNOW, ICE PELLETS, HAIL    4 = ICE PELLETS
                        TOTAL MONTH:   0.0 INCH    5 = HAIL
                        GRTST 24HR     0.0         6 = FREEZING RAIN OR DRIZZLE
                        GRTST DEPTH:   0           7 = DUSTSTORM OR SANDSTORM:
                                                       VSBY 1/2 MILE OR LESS
                                                   8 = SMOKE OR HAZE
[NO. OF DAYS WITH]      [WEATHER - DAYS WITH]      9 = BLOWING SNOW
                                                   X = TORNADO
MAX 32 OR BELOW:   0    0.01 INCH OR MORE:   9
MAX 90 OR ABOVE:   0    0.10 INCH OR MORE:   8
MIN 32 OR BELOW:   1    0.50 INCH OR MORE:   3
MIN  0 OR BELOW:   0    1.00 INCH OR MORE:   3

[HDD (BASE 65) ]
TOTAL THIS MO.   124    CLEAR  (SCALE 0-3)   8
DPTR FM NORMAL   -68    PTCLDY (SCALE 4-7)   6
TOTAL FM JUL 1   158    CLOUDY (SCALE 8-10)  5
DPTR FM NORMAL  -132

[CDD (BASE 65) ]
TOTAL THIS MO.    18
DPTR FM NORMAL     6    [PRESSURE DATA]
TOTAL FM JAN 1  1250    HIGHEST SLP M ON M
DPTR FM NORMAL    80    LOWEST  SLP 29.48 ON  7

[REMARKS]
