000
CXUS54 KCRP 291300
CF6LRD
PRELIMINARY LOCAL CLIMATOLOGICAL DATA (WS FORM: F-6)

                                          STATION:   LAREDO
                                          MONTH:     AUGUST
                                          YEAR:      2015
                                          LATITUDE:   27 31 N
                                          LONGITUDE:  99 28 W

  TEMPERATURE IN F:       :PCPN:    SNOW:  WIND      :SUNSHINE: SKY     :PK WND
================================================================================
1   2   3   4   5  6A  6B    7    8   9   10  11  12  13   14  15   16   17  18
                                     12Z  AVG MX 2MIN
DY MAX MIN AVG DEP HDD CDD  WTR  SNW DPTH SPD SPD DIR MIN PSBL S-S WX    SPD DR
================================================================================

 1 101  76  89   0   0  24 0.00  0.0    0  7.1 18  70   M    M   0        23  40
 2 103  74  89   0   0  24 0.00  0.0    0  8.7 21 120   M    M   0        26 120
 3 104  75  90   1   0  25 0.00  0.0    0  8.6 24 100   M    M   0        28 100
 4 105  80  93   4   0  28 0.00  0.0    0 13.6 23 140   M    M   0        28 110
 5 106  80  93   4   0  28 0.00  0.0    0 13.7 25 140   M    M   1        29 130
 6 107  80  94   5   0  29 0.00  0.0    0 14.4 25 130   M    M   0        30 130
 7 107  80  94   5   0  29 0.00  0.0    0 15.0 24 120   M    M   0        27 120
 8 107  80  94   5   0  29 0.00  0.0    0 15.2 23 130   M    M   1        29 130
 9 105  79  92   3   0  27 0.00  0.0    0 14.0 24 130   M    M   2        30 120
10 107  77  92   3   0  27 0.00  0.0    0 11.5 23 110   M    M   2        28 100
11 104  76  90   1   0  25 0.00  0.0    0  9.7 21 110   M    M   2        26 120
12 104  77  91   2   0  26 0.00  0.0    0  6.2 17 140   M    M   0        21 150
13 104  79  92   3   0  27 0.00  0.0    0  8.1 17 160   M    M   1        21 150
14 106  80  93   4   0  28 0.00  0.0    0  9.2 18 110   M    M   1        22 100
15 100  78  89   0   0  24 0.00  0.0    0  8.7 20 150   M    M   1        22 150
16 101  75  88  -1   0  23 0.00  0.0    0  8.1 18 100   M    M   1        23 100
17 101  76  89   0   0  24 0.00  0.0    0  9.9 24 120   M    M   0        27 110
18 104  78  91   2   0  26 0.00  0.0    0 13.1 25 130   M    M   0 8      30 120
19 105  80  93   4   0  28 0.00  0.0    0 13.3 23 110   M    M   3        26 110
20  94  77  86  -3   0  21 0.03  0.0    0  6.9 22 110   M    M   3 18     25 120
21 102  73  88   0   0  23 0.00  0.0    0 10.5 21 140   M    M   1        26 130
22 102  79  91   3   0  26 0.00  0.0    0 14.8 24 140   M    M   1        29 130
23 105  78  92   4   0  27 0.00  0.0    0 13.9 25 120   M    M   1        30 110
24 104  78  91   3   0  26 0.00  0.0    0  8.6 24 140   M    M   3        29 130
25 104  77  91   3   0  26 0.00  0.0    0  9.5 24 120   M    M   0        30 120
26 102  76  89   1   0  24 0.00  0.0    0  8.7 22 120   M    M   2        28 120
27 100  76  88   0   0  23 0.00  0.0    0  8.5 16 120   M    M   2        18  10
28 100  71  86  -1   0  21 0.00  0.0    0  8.9 20 110   M    M   1        23 110
================================================================================
SM 2894 2165         0 718  0.03     0.0 298.4          M       29
================================================================================
AV103.4 77.3                              10.7 FASTST   M    M   1    MAX(MPH)
                                 MISC ---->    25   M               # 30  130
================================================================================
NOTES:
# LAST OF SEVERAL OCCURRENCES

COLUMN 17 PEAK WIND IN M.P.H.

PRELIMINARY LOCAL CLIMATOLOGICAL DATA (WS FORM: F-6) , PAGE 2

                                          STATION:  LAREDO
                                          MONTH:    AUGUST
                                          YEAR:     2015
                                          LATITUDE:   27 31 N
                                          LONGITUDE:  99 28 W

[TEMPERATURE DATA]      [PRECIPITATION DATA]       SYMBOLS USED IN COLUMN 16

AVERAGE MONTHLY: 90.3   TOTAL FOR MONTH:   0.03    1 = FOG OR MIST
DPTR FM NORMAL:   1.7   DPTR FM NORMAL:   -1.55    2 = FOG REDUCING VISIBILITY
HIGHEST:   107 ON 10, 8 GRTST 24HR  0.03 ON 20-20      TO 1/4 MILE OR LESS
LOWEST:     71 ON 28                               3 = THUNDER
                        SNOW, ICE PELLETS, HAIL    4 = ICE PELLETS
                        TOTAL MONTH:   0.0 INCH    5 = HAIL
                        GRTST 24HR     0.0         6 = FREEZING RAIN OR DRIZZLE
                        GRTST DEPTH:   0           7 = DUSTSTORM OR SANDSTORM:
                                                       VSBY 1/2 MILE OR LESS
                                                   8 = SMOKE OR HAZE
[NO. OF DAYS WITH]      [WEATHER - DAYS WITH]      9 = BLOWING SNOW
                                                   X = TORNADO
MAX 32 OR BELOW:   0    0.01 INCH OR MORE:   1
MAX 90 OR ABOVE:  28    0.10 INCH OR MORE:   0
MIN 32 OR BELOW:   0    0.50 INCH OR MORE:   0
MIN  0 OR BELOW:   0    1.00 INCH OR MORE:   0

[HDD (BASE 65) ]
TOTAL THIS MO.     0    CLEAR  (SCALE 0-3)  28
DPTR FM NORMAL     0    PTCLDY (SCALE 4-7)   0
TOTAL FM JUL 1     0    CLOUDY (SCALE 8-10)  0
DPTR FM NORMAL     0

[CDD (BASE 65) ]
TOTAL THIS MO.   718
DPTR FM NORMAL    55    [PRESSURE DATA]
TOTAL FM JAN 1  3019    HIGHEST SLP M ON M
DPTR FM NORMAL  -160    LOWEST  SLP M ON M

[REMARKS]
