000
CXUS54 KEPZ 261200
CF6LRU
PRELIMINARY LOCAL CLIMATOLOGICAL DATA (WS FORM: F-6)

                                          STATION:   LAS CRUCES
                                          MONTH:     JUNE
                                          YEAR:      2017
                                          LATITUDE:   32 17 N
                                          LONGITUDE: 106 46 W

  TEMPERATURE IN F:       :PCPN:    SNOW:  WIND      :SUNSHINE: SKY     :PK WND
================================================================================
1   2   3   4   5  6A  6B    7    8   9   10  11  12  13   14  15   16   17  18
                                     12Z  AVG MX 2MIN
DY MAX MIN AVG DEP HDD CDD  WTR  SNW DPTH SPD SPD DIR MIN PSBL S-S WX    SPD DR
================================================================================

 1  88  58  73   M   0   8 0.36  0.0    0  8.0 25 170   M    M   2 3      36 170
 2  83  55  69   M   0   4 0.00  0.0    0  5.8 12 340   M    M   0 3      16 340
 3  89  61  75   M   0  10 0.00  0.0    0  4.9 16  50   M    M   0         M  M
 4  93  61  77   M   0  12 0.00  0.0    0  4.1  9 300   M    M   1        13 290
 5 100  64  82   M   0  17 0.00  0.0    0  3.8 10 120   M    M   1         M  M
 6  97  73  85   M   0  20    T  0.0    0 10.4 22 240   M    M   1        30 240
 7  95  69  82   M   0  17    T  0.0    0  8.3 24 290   M    M   3 3      30 290
 8  95  64  80   M   0  15    T  0.0    0  7.2 23 330   M    M   0 3       M  M
 9  99  64  82   M   0  17 0.00  0.0    0  7.2 13 210   M    M   0        17 270
10  98  68  83   M   0  18 0.00  0.0    0 12.9 21 260   M    M   0        28 270
11  95  65  80   M   0  15 0.00  0.0    0 12.0 20 230   M    M   0        29 250
12  95  63  79   M   0  14 0.00  0.0    0 10.9 17 260   M    M   0        23 260
13  93  59  76   M   0  11 0.00  0.0    0 11.1 22 270   M    M   0        35 230
14 100  56  78   M   0  13 0.00  0.0    0  5.6 12 260   M    M   0        20 220
15 103  61  82   M   0  17 0.00  0.0    0  6.7 18 270   M    M   0        24 270
16 103  61  82   M   0  17 0.00  0.0    0  8.8 15 250   M    M   0        24 270
17 104  64  84   M   0  19 0.00  0.0    0  7.7 16 260   M    M   0        22 260
18 103  68  86   M   0  21 0.00  0.0    0  7.2 13 130   M    M   0        17 130
19 103  74  89   M   0  24 0.00  0.0    0  7.2 18  80   M    M   1        27  80
20 102  75  89   M   0  24 0.00  0.0    0  6.7 13 140   M    M   0        17 130
21 104  76  90   M   0  25 0.00  0.0    0  6.9 13 310   M    M   0        22 300
22 107  71  89   M   0  24 0.00  0.0    0  7.3 21 270   M    M   0        29 280
23 108  76  92   M   0  27 0.00  0.0    0 10.5 21 110   M    M   0        32  10
24  96  67  82   M   0  17 0.05  0.0    0 14.8 31 360   M    M   2 38     41 360
25  95  65  80   M   0  15 0.35  0.0    0  7.0 21 120   M    M   2 3      31 120
================================================================================
SM 2448 1638         0 421  0.76     0.0 203.0          M       13
================================================================================
AV 97.9 65.5                               8.1 FASTST   M    M   1    MAX(MPH)
                                 MISC ---->  # 31 360               # 41  360
================================================================================
NOTES:
# LAST OF SEVERAL OCCURRENCES

COLUMN 17 PEAK WIND IN M.P.H.

PRELIMINARY LOCAL CLIMATOLOGICAL DATA (WS FORM: F-6) , PAGE 2

                                          STATION:  LAS CRUCES
                                          MONTH:    JUNE
                                          YEAR:     2017
                                          LATITUDE:   32 17 N
                                          LONGITUDE: 106 46 W

[TEMPERATURE DATA]      [PRECIPITATION DATA]       SYMBOLS USED IN COLUMN 16

AVERAGE MONTHLY: 81.7   TOTAL FOR MONTH:   0.76    1 = FOG OR MIST
DPTR FM NORMAL:     M   DPTR FM NORMAL:       M    2 = FOG REDUCING VISIBILITY
HIGHEST:   108 ON 23    GRTST 24HR  0.36 ON  1- 1      TO 1/4 MILE OR LESS
LOWEST:     55 ON  2                               3 = THUNDER
                        SNOW, ICE PELLETS, HAIL    4 = ICE PELLETS
                        TOTAL MONTH:   0.0 INCH    5 = HAIL
                        GRTST 24HR     0.0         6 = FREEZING RAIN OR DRIZZLE
                        GRTST DEPTH:   0           7 = DUSTSTORM OR SANDSTORM:
                                                       VSBY 1/2 MILE OR LESS
                                                   8 = SMOKE OR HAZE
[NO. OF DAYS WITH]      [WEATHER - DAYS WITH]      9 = BLOWING SNOW
                                                   X = TORNADO
MAX 32 OR BELOW:   0    0.01 INCH OR MORE:   3
MAX 90 OR ABOVE:  22    0.10 INCH OR MORE:   2
MIN 32 OR BELOW:   0    0.50 INCH OR MORE:   0
MIN  0 OR BELOW:   0    1.00 INCH OR MORE:   0

[HDD (BASE 65) ]
TOTAL THIS MO.     0    CLEAR  (SCALE 0-3)  25
DPTR FM NORMAL     M    PTCLDY (SCALE 4-7)   0
TOTAL FM JUL 1  2231    CLOUDY (SCALE 8-10)  0
DPTR FM NORMAL     M

[CDD (BASE 65) ]
TOTAL THIS MO.   421
DPTR FM NORMAL     M    [PRESSURE DATA]
TOTAL FM JAN 1   661    HIGHEST SLP M ON M
DPTR FM NORMAL     M    LOWEST  SLP M ON M

[REMARKS]
