000
CXUS53 KARX 170930
CF6LSE
PRELIMINARY LOCAL CLIMATOLOGICAL DATA (WS FORM: F-6)

                                          STATION:   LA CROSSE WI
                                          MONTH:     SEPTEMBER
                                          YEAR:      2014
                                          LATITUDE:   43 52 N
                                          LONGITUDE:  91 15 W

  TEMPERATURE IN F:       :PCPN:    SNOW:  WIND      :SUNSHINE: SKY     :PK WND
================================================================================
1   2   3   4   5  6A  6B    7    8   9   10  11  12  13   14  15   16   17  18
                                     12Z  AVG MX 2MIN
DY MAX MIN AVG DEP HDD CDD  WTR  SNW DPTH SPD SPD DIR MIN PSBL S-S WX    SPD DR
================================================================================

 1  80  63  72   4   0   7 0.44  0.0    0  8.2 29 150   M    M   5 13     34 150
 2  81  61  71   3   0   6 0.00  0.0    0  7.2 16 200   M    M   1        20 190
 3  84  60  72   4   0   7 0.00  0.0    0 12.2 22 180   M    M   1        27 150
 4  85  73  79  11   0  14 0.02  0.0    0 11.4 29 180   M    M   7 3      38 160
 5  79  54  67   0   0   2    T  0.0    0  9.9 25 320   M    M   5 3      31 320
 6  77  50  64  -3   1   0 0.00  0.0    0  5.4 14 300   M    M   0 1      17 290
 7  80  54  67   1   0   2 0.00  0.0    0  6.3 15 230   M    M   1        18 220
 8  74  55  65  -1   0   0 0.17  0.0    0  8.4 21 170   M    M   2 3      27 180
 9  82  62  72   6   0   7    T  0.0    0  6.8 13 140   M    M   5        18 160
10  69  48  59  -6   6   0 0.74  0.0    0 14.8 26 350   M    M   9 1      35 340
11  60  43  52 -13  13   0 0.00  0.0    0  9.5 18 360   M    M   7        25 350
12  50  42  46 -18  19   0 0.15  0.0    0  2.3 14 300   M    M   8 1      16 310
13  60  40  50 -14  15   0 0.00  0.0    0  5.3 14 170   M    M   5 1      17 170
14  72  47  60  -4   5   0 0.00  0.0    0 10.5 21 220   M    M   7        29 200
15  64  45  55  -8  10   0 0.44  0.0    0  4.8 14 300   M    M   6 1      17 310
16  69  44  57  -6   8   0 0.00  0.0    0  5.7 12 230   M    M   2 12     16 270
================================================================================
SM 1166  841        77  45  1.96     0.0 128.7          M       71
================================================================================
AV 72.9 52.6                               8.0 FASTST   M    M   4    MAX(MPH)
                                 MISC ---->  # 29 150               # 38  160
================================================================================
NOTES:
# LAST OF SEVERAL OCCURRENCES

COLUMN 17 PEAK WIND IN M.P.H.

PRELIMINARY LOCAL CLIMATOLOGICAL DATA (WS FORM: F-6) , PAGE 2

                                          STATION:  LA CROSSE WI
                                          MONTH:    SEPTEMBER
                                          YEAR:     2014
                                          LATITUDE:   43 52 N
                                          LONGITUDE:  91 15 W

[TEMPERATURE DATA]      [PRECIPITATION DATA]       SYMBOLS USED IN COLUMN 16

AVERAGE MONTHLY: 62.7   TOTAL FOR MONTH:   1.96    1 = FOG OR MIST
DPTR FM NORMAL:  -3.0   DPTR FM NORMAL:    0.00    2 = FOG REDUCING VISIBILITY
HIGHEST:    85 ON  4    GRTST 24HR  0.74 ON 10-10      TO 1/4 MILE OR LESS
LOWEST:     40 ON 13                               3 = THUNDER
                        SNOW, ICE PELLETS, HAIL    4 = ICE PELLETS
                        TOTAL MONTH:   0.0 INCH    5 = HAIL
                        GRTST 24HR     0.0         6 = FREEZING RAIN OR DRIZZLE
                        GRTST DEPTH:   0           7 = DUSTSTORM OR SANDSTORM:
                                                       VSBY 1/2 MILE OR LESS
                                                   8 = SMOKE OR HAZE
[NO. OF DAYS WITH]      [WEATHER - DAYS WITH]      9 = BLOWING SNOW
                                                   X = TORNADO
MAX 32 OR BELOW:   0    0.01 INCH OR MORE:   6
MAX 90 OR ABOVE:   0    0.10 INCH OR MORE:   5
MIN 32 OR BELOW:   0    0.50 INCH OR MORE:   1
MIN  0 OR BELOW:   0    1.00 INCH OR MORE:   0

[HDD (BASE 65) ]
TOTAL THIS MO.    77    CLEAR  (SCALE 0-3)   6
DPTR FM NORMAL    35    PTCLDY (SCALE 4-7)   9
TOTAL FM JUL 1    80    CLOUDY (SCALE 8-10)  1
DPTR FM NORMAL    18

[CDD (BASE 65) ]
TOTAL THIS MO.    45
DPTR FM NORMAL   -11    [PRESSURE DATA]
TOTAL FM JAN 1   793    HIGHEST SLP M ON M
DPTR FM NORMAL    37    LOWEST  SLP 29.48 ON 10

[REMARKS]
