000
CXUS54 KFWD 290730
CF6LUD
PRELIMINARY LOCAL CLIMATOLOGICAL DATA (WS FORM: F-6)

                                          STATION:   DECATUR
                                          MONTH:     JULY
                                          YEAR:      2014
                                          LATITUDE:   33 15 N
                                          LONGITUDE:  97 30 W

  TEMPERATURE IN F:       :PCPN:    SNOW:  WIND      :SUNSHINE: SKY     :PK WND
================================================================================
1   2   3   4   5  6A  6B    7    8   9   10  11  12  13   14  15   16   17  18
                                     12Z  AVG MX 2MIN
DY MAX MIN AVG DEP HDD CDD  WTR  SNW DPTH SPD SPD DIR MIN PSBL S-S WX    SPD DR
================================================================================

 1  93  73  83   2   0  18 0.00  0.0    0 10.6 23 170   M    M   0        28 170
 2  87  73  80  -1   0  15 0.00  0.0    0  5.0 12  70   M    M   1         M  M
 3  80  67  74  -7   0   9 0.20  0.0    0  6.6 12  80   M    M   3 8       M  M
 4  91  70  81   0   0  16 0.00  0.0    0  5.0 10 130   M    M   1         M  M
 5  91  72  82   0   0  17 0.00  0.0    0  7.9 13 180   M    M   0        16 130
 6  93  72  83   1   0  18 0.00  0.0    0  9.3 12 200   M    M   0        18 190
 7  95  75  85   3   0  20 0.07  0.0    0  8.1 15 180   M    M   1        22 200
 8  96  76  86   4   0  21 0.00  0.0    0  7.6 12 170   M    M   0         M  M
 9  92  75  84   2   0  19 0.00  0.0    0  6.6 13  80   M    M   0         M  M
10  96  76  86   4   0  21 0.00  0.0    0  9.9 14 170   M    M   0        20 190
11  94  74  84   2   0  19 0.00  0.0    0 11.4 18 170   M    M   0        24 210
12  96  74  85   3   0  20 0.00  0.0    0  9.0 14 170   M    M   0        30 190
13  98  76  87   5   0  22 0.00  0.0    0  7.8 13 170   M    M   0        16 180
14  97  77  87   5   0  22 0.00  0.0    0  7.3 13 290   M    M   0        21 260
15  89  72  81  -2   0  16 0.00  0.0    0  9.3 17  70   M    M   1        21  70
16  88  64  76  -7   0  11 0.00  0.0    0  8.9 14 120   M    M   2        18 120
17  75  64  70 -13   0   5 4.83  0.0    0  9.0 15  60   M    M  10 1      20  30
18  72  63  68 -15   0   3 0.00  0.0    0  5.2  8  40   M    M  10 1       M  M
19  78  65  72 -11   0   7 0.00  0.0    0  4.1  9 110   M    M   6         M  M
20  90  65  78  -5   0  13 0.00  0.0    0  6.1 10 150   M    M   1 1       M  M
21  94  73  84   1   0  19 0.00  0.0    0  6.2  9 160   M    M   3 1       M  M
22  94  74  84   1   0  19 0.00  0.0    0  4.7  8  90   M    M   1 1       M  M
23  93  74  84   1   0  19 0.00  0.0    0  3.8 10 120   M    M   1        18 120
24  92  72  82  -1   0  17 0.00  0.0    0  4.2  8 120   M    M   1         M  M
25  97  73  85   2   0  20 0.00  0.0    0  8.7 13 180   M    M   0        17 180
26  98  77  88   5   0  23 0.00  0.0    0 10.0 15 170   M    M   0        21 180
27 100  78  89   6   0  24 0.00  0.0    0  7.7 13 180   M    M   0        18 180
28  88  73  81  -2   0  16 0.00  0.0    0  7.8 17  20   M    M   1        23  20
================================================================================
SM 2547 2017         0 469  5.10     0.0 207.8          M       43
================================================================================
AV 91.0 72.0                               7.4 FASTST   M    M   2    MAX(MPH)
                                 MISC ---->  # 23 170                 30    M
================================================================================
NOTES:
# LAST OF SEVERAL OCCURRENCES

COLUMN 17 PEAK WIND IN M.P.H.

PRELIMINARY LOCAL CLIMATOLOGICAL DATA (WS FORM: F-6) , PAGE 2

                                          STATION:  DECATUR
                                          MONTH:    JULY
                                          YEAR:     2014
                                          LATITUDE:   33 15 N
                                          LONGITUDE:  97 30 W

[TEMPERATURE DATA]      [PRECIPITATION DATA]       SYMBOLS USED IN COLUMN 16

AVERAGE MONTHLY: 81.5   TOTAL FOR MONTH:   5.10    1 = FOG OR MIST
DPTR FM NORMAL:  -0.9   DPTR FM NORMAL:    2.79    2 = FOG REDUCING VISIBILITY
HIGHEST:   100 ON 27    GRTST 24HR  4.83 ON 17-17      TO 1/4 MILE OR LESS
LOWEST:     63 ON 18                               3 = THUNDER
                        SNOW, ICE PELLETS, HAIL    4 = ICE PELLETS
                        TOTAL MONTH:   0.0 INCH    5 = HAIL
                        GRTST 24HR     0.0         6 = FREEZING RAIN OR DRIZZLE
                        GRTST DEPTH:   0           7 = DUSTSTORM OR SANDSTORM:
                                                       VSBY 1/2 MILE OR LESS
                                                   8 = SMOKE OR HAZE
[NO. OF DAYS WITH]      [WEATHER - DAYS WITH]      9 = BLOWING SNOW
                                                   X = TORNADO
MAX 32 OR BELOW:   0    0.01 INCH OR MORE:   3
MAX 90 OR ABOVE:  20    0.10 INCH OR MORE:   2
MIN 32 OR BELOW:   0    0.50 INCH OR MORE:   1
MIN  0 OR BELOW:   0    1.00 INCH OR MORE:   1

[HDD (BASE 65) ]
TOTAL THIS MO.     0    CLEAR  (SCALE 0-3)  25
DPTR FM NORMAL     0    PTCLDY (SCALE 4-7)   1
TOTAL FM JUL 1     0    CLOUDY (SCALE 8-10)  2
DPTR FM NORMAL     0

[CDD (BASE 65) ]
TOTAL THIS MO.   469
DPTR FM NORMAL   -18    [PRESSURE DATA]
TOTAL FM JAN 1  1258    HIGHEST SLP M ON M
DPTR FM NORMAL   137    LOWEST  SLP M ON M

[REMARKS]
