000
CXUS55 KBYZ 171055
CF6LVM
PRELIMINARY LOCAL CLIMATOLOGICAL DATA (WS FORM: F-6)

                                          STATION:   LIVINGSTON MT
                                          MONTH:     AUGUST
                                          YEAR:      2017
                                          LATITUDE:   45 41 N
                                          LONGITUDE: 110 26 W

  TEMPERATURE IN F:       :PCPN:    SNOW:  WIND      :SUNSHINE: SKY     :PK WND
================================================================================
1   2   3   4   5  6A  6B    7    8   9   10  11  12  13   14  15   16   17  18
                                     12Z  AVG MX 2MIN
DY MAX MIN AVG DEP HDD CDD  WTR  SNW DPTH SPD SPD DIR MIN PSBL S-S WX    SPD DR
================================================================================

 1  96  48  72   4   0   7 0.00    M    M  6.7 21 340   M    M   0        25 330
 2  72  56  64  -4   1   0 0.00    M    M 15.9 26  70   M    M   0        34  70
 3  79  45  62  -6   3   0 0.00    M    M 10.3 20  60   M    M   0        25  60
 4  93  45  69   1   0   4 0.00    M    M  8.7 18 100   M    M   0        24 110
 5  78  49  64  -4   1   0 0.00    M    M 10.3 23  80   M    M   3        28  80
 6  78  47  63  -5   2   0 0.00    M    M  8.5 20  70   M    M   2        26  70
 7  85  41  63  -5   2   0 0.00    M    M  4.9 16  80   M    M   0        20  80
 8  85  46  66  -2   0   1 0.00    M    M  8.8 20 100   M    M   0        26 110
 9  79  49  64  -3   1   0 0.03    M    M  9.3 28 340   M    M   1        35 320
10  85  39  62  -5   3   0 0.00    M    M  5.1 13  90   M    M   0 1      17 100
11  88  52  70   3   0   5 0.03    M    M  7.3 24 130   M    M   2 3      29 130
12  88  45  67   0   0   2 0.00    M    M  5.8 18  70   M    M   0        22  70
13  83  51  67   0   0   2 0.16    M    M 10.4 41 230   M    M   4 3      50 240
14  72  53  63  -3   2   0 0.46    M    M  6.4 18 260   M    M   6 1      24 260
15  80  48  64  -2   1   0    T    M    M  9.0 26 250   M    M   2        32 250
16  86  43  65  -1   0   0 0.00    M    M  9.4 22 270   M    M   0        31 240
================================================================================
SM 1327  757        16  21  0.68    M    136.8          M       20
================================================================================
AV 82.9 47.3                               8.6 FASTST   M    M   1    MAX(MPH)
                                 MISC ---->  # 41 230               # 50  240
================================================================================
NOTES:
# LAST OF SEVERAL OCCURRENCES

COLUMN 17 PEAK WIND IN M.P.H.

PRELIMINARY LOCAL CLIMATOLOGICAL DATA (WS FORM: F-6) , PAGE 2

                                          STATION:  LIVINGSTON MT
                                          MONTH:    AUGUST
                                          YEAR:     2017
                                          LATITUDE:   45 41 N
                                          LONGITUDE: 110 26 W

[TEMPERATURE DATA]      [PRECIPITATION DATA]       SYMBOLS USED IN COLUMN 16

AVERAGE MONTHLY: 65.1   TOTAL FOR MONTH:   0.68    1 = FOG OR MIST
DPTR FM NORMAL:  -2.2   DPTR FM NORMAL:    0.10    2 = FOG REDUCING VISIBILITY
HIGHEST:    96 ON  1    GRTST 24HR  0.46 ON 14-14      TO 1/4 MILE OR LESS
LOWEST:     39 ON 10                               3 = THUNDER
                        SNOW, ICE PELLETS, HAIL    4 = ICE PELLETS
                        TOTAL MONTH:    M          5 = HAIL
                        GRTST 24HR    M  ON   M    6 = FREEZING RAIN OR DRIZZLE
                        GRTST DEPTH:  M  ON   M    7 = DUSTSTORM OR SANDSTORM:
                                                       VSBY 1/2 MILE OR LESS
                                                   8 = SMOKE OR HAZE
[NO. OF DAYS WITH]      [WEATHER - DAYS WITH]      9 = BLOWING SNOW
                                                   X = TORNADO
MAX 32 OR BELOW:   0    0.01 INCH OR MORE:   4
MAX 90 OR ABOVE:   2    0.10 INCH OR MORE:   2
MIN 32 OR BELOW:   0    0.50 INCH OR MORE:   0
MIN  0 OR BELOW:   0    1.00 INCH OR MORE:   0

[HDD (BASE 65) ]
TOTAL THIS MO.    16    CLEAR  (SCALE 0-3)  14
DPTR FM NORMAL    -4    PTCLDY (SCALE 4-7)   2
TOTAL FM JUL 1    18    CLOUDY (SCALE 8-10)  0
DPTR FM NORMAL   -52

[CDD (BASE 65) ]
TOTAL THIS MO.    21
DPTR FM NORMAL   -37    [PRESSURE DATA]
TOTAL FM JAN 1   277    HIGHEST SLP M ON M
DPTR FM NORMAL    90    LOWEST  SLP 29.75 ON 13

[REMARKS]
