000
CXUS55 KBYZ 271055
CF6LVM
PRELIMINARY LOCAL CLIMATOLOGICAL DATA (WS FORM: F-6)

                                          STATION:   LIVINGSTON MT
                                          MONTH:     MAY
                                          YEAR:      2016
                                          LATITUDE:   45 41 N
                                          LONGITUDE: 110 26 W

  TEMPERATURE IN F:       :PCPN:    SNOW:  WIND      :SUNSHINE: SKY     :PK WND
================================================================================
1   2   3   4   5  6A  6B    7    8   9   10  11  12  13   14  15   16   17  18
                                     12Z  AVG MX 2MIN
DY MAX MIN AVG DEP HDD CDD  WTR  SNW DPTH SPD SPD DIR MIN PSBL S-S WX    SPD DR
================================================================================

 1  60  33  47   1  18   0 0.00    M    M 11.1 23  60   M    M   2        31  70
 2  71  28  50   3  15   0 0.00    M    M  6.5 17 320   M    M   0        20 320
 3  78  34  56   9   9   0 0.00    M    M  6.2 20 260   M    M   0        23 260
 4  81  37  59  12   6   0 0.00    M    M 10.4 25 210   M    M   0        31 210
 5  83  47  65  17   0   0 0.00    M    M 10.2 22 210   M    M   0        30 300
 6  59  50  55   7  10   0 0.00    M    M 17.5 28  80   M    M   7 8      34  70
 7  67  40  54   6  11   0 0.00    M    M 15.4 24 100   M    M   5        32  90
 8  78  34  56   8   9   0 0.00    M    M  6.9 17 320   M    M   3        23 320
 9  62  33  48  -1  17   0 0.70    M    M 11.5 28 330   M    M   9 12     35 330
10  41  33  37 -12  28   0 0.15    M    M 19.0 32 250   M    M  10 128    39 260
11  56  35  46  -3  19   0 0.00    M    M 16.4 26 260   M    M   6        32 260
12  71  34  53   3  12   0    T    M    M 16.8 31 220   M    M   4        41 200
13  48  33  41  -9  24   0 0.01    M    M 15.7 22  90   M    M  10 1      28  90
14  52  38  45  -5  20   0 0.00    M    M 17.7 28  70   M    M   7        34  60
15  45  41  43  -7  22   0 0.17    M    M 13.0 22  80   M    M  10 1      26  90
16  56  42  49  -2  16   0 0.23    M    M 11.6 24  80   M    M   7 1      30  80
17  69  33  51   0  14   0 0.00    M    M  4.2 12 130   M    M   1        15 130
18  73  37  55   4  10   0 0.01    M    M  8.3 20 260   M    M   1 3      34 290
19  73  44  59   7   6   0 0.14    M    M 10.3 37 260   M    M   4 13     44 260
20  62  44  53   1  12   0 0.03    M    M 12.3 31  80   M    M   5        39  70
21  60  43  52   0  13   0 0.34    M    M 13.6 31 230   M    M   6 13     40 240
22  61  44  53   1  12   0 0.02    M    M 27.4 40 220   M    M   2        51 220
23  57  42  50  -3  15   0 0.00    M    M 18.5 35 270   M    M   6        43 270
24  61  41  51  -2  14   0    T    M    M  5.3 13 350   M    M   6        17 310
25  67  39  53   0  12   0    T    M    M 11.6 29 260   M    M   8        39 270
26  62  39  51  -2  14   0 0.12    M    M  7.2 28 260   M    M   4 3      41 240
================================================================================
SM 1653  998       358   0  1.92    M    324.6          M      123
================================================================================
AV 63.6 38.4                              12.5 FASTST   M    M   5    MAX(MPH)
                                 MISC ---->  # 40 220               # 51  220
================================================================================
NOTES:
# LAST OF SEVERAL OCCURRENCES

COLUMN 17 PEAK WIND IN M.P.H.

PRELIMINARY LOCAL CLIMATOLOGICAL DATA (WS FORM: F-6) , PAGE 2

                                          STATION:  LIVINGSTON MT
                                          MONTH:    MAY
                                          YEAR:     2016
                                          LATITUDE:   45 41 N
                                          LONGITUDE: 110 26 W

[TEMPERATURE DATA]      [PRECIPITATION DATA]       SYMBOLS USED IN COLUMN 16

AVERAGE MONTHLY: 51.0   TOTAL FOR MONTH:   1.92    1 = FOG OR MIST
DPTR FM NORMAL:   1.0   DPTR FM NORMAL:   -0.24    2 = FOG REDUCING VISIBILITY
HIGHEST:    83 ON  5    GRTST 24HR  0.82 ON  9-10      TO 1/4 MILE OR LESS
LOWEST:     28 ON  2                               3 = THUNDER
                        SNOW, ICE PELLETS, HAIL    4 = ICE PELLETS
                        TOTAL MONTH:    M          5 = HAIL
                        GRTST 24HR    M  ON   M    6 = FREEZING RAIN OR DRIZZLE
                        GRTST DEPTH:  M  ON   M    7 = DUSTSTORM OR SANDSTORM:
                                                       VSBY 1/2 MILE OR LESS
                                                   8 = SMOKE OR HAZE
[NO. OF DAYS WITH]      [WEATHER - DAYS WITH]      9 = BLOWING SNOW
                                                   X = TORNADO
MAX 32 OR BELOW:   0    0.01 INCH OR MORE:  11
MAX 90 OR ABOVE:   0    0.10 INCH OR MORE:   7
MIN 32 OR BELOW:   1    0.50 INCH OR MORE:   1
MIN  0 OR BELOW:   0    1.00 INCH OR MORE:   0

[HDD (BASE 65) ]
TOTAL THIS MO.   358    CLEAR  (SCALE 0-3)   9
DPTR FM NORMAL   -34    PTCLDY (SCALE 4-7)  13
TOTAL FM JUL 1  6260    CLOUDY (SCALE 8-10)  4
DPTR FM NORMAL -1080

[CDD (BASE 65) ]
TOTAL THIS MO.     0
DPTR FM NORMAL     0    [PRESSURE DATA]
TOTAL FM JAN 1     0    HIGHEST SLP M ON M
DPTR FM NORMAL     0    LOWEST  SLP 29.45 ON 21

[REMARKS]
