000
CXUS51 KRNK 300802 RRA
CF6LWB

PRELIMINARY LOCAL CLIMATOLOGICAL DATA (WS FORM: F-6)

                                          STATION:   LEWISBURG WV
                                          MONTH:     JUNE
                                          YEAR:      2015
                                          LATITUDE:   37 52 N
                                          LONGITUDE:  80 24 W

  TEMPERATURE IN F:       :PCPN:    SNOW:  WIND      :SUNSHINE: SKY     :PK WND
================================================================================
1   2   3   4   5  6A  6B    7    8   9   10  11  12  13   14  15   16   17  18
                                     12Z  AVG MX 2MIN
DY MAX MIN AVG DEP HDD CDD  WTR  SNW DPTH SPD SPD DIR MIN PSBL S-S WX    SPD DR
================================================================================

 1  79  61  70   7   0   5    M  0.0    0  1.2  8 240   M    M   8 123    17 180
 2  74  61  68   5   0   3    M  0.0    0  3.3  9 240   M    M   6         M  M
 3  63  58  61  -3   4   0    M  0.0    0  3.5  8  70   M    M  10 1       M  M
 4  74  58  66   2   0   1    M  0.0    0  3.3  8 120   M    M   9         M  M
 5  76  61  69   5   0   4    M  0.0    0  1.2  9  50   M    M   9 12     29  50
 6  82  61  72   7   0   7    M  0.0    0  2.7 10  20   M    M   6 12     17  30
 7  80  63  72   7   0   7    M  0.0    0  3.6 12 200   M    M   8        16 190
 8  87  59  73   8   0   8    M  0.0    0  6.0 18 240   M    M   5 1      36 280
 9  78  58  68   3   0   3    M  0.0    0  6.0 13 330   M    M   6        22 300
10  82  52  67   1   0   2    M  0.0    0  1.6  7 230   M    M   4 128     M  M
11  88  57  73   7   0   8    M  0.0    0  1.6  9 160   M    M   4 12      M  M
12  86  61  74   8   0   9    M  0.0    0  3.5 10 250   M    M   4 1      21 270
13  87  64  76  10   0  11    M  0.0    0  3.1 14 360   M    M   5 123    21 360
14  83  63  73   6   0   8    M  0.0    0  2.1 17  10   M    M   5 123    23  10
15  88  64  76   9   0  11    M  0.0    0  3.3 17 270   M    M   6 123    23 270
16  86  65  76   9   0  11    M  0.0    0  4.0 12 280   M    M   3 3      24 330
17  83  68  76   9   0  11    M  0.0    0  2.9  8 270   M    M   5 3       M  M
18  87  66  77   9   0  12    M  0.0    0  2.9 12 270   M    M   3 13     21 270
19  82  67  75   7   0  10    M  0.0    0  1.9  8 240   M    M   4 1       M  M
20  87  65  76   8   0  11    M  0.0    0  6.0 15 230   M    M   6 13     26 170
21  86  70  78  10   0  13    M  0.0    0  6.6 13 270   M    M   4 3      20 310
22  86  64  75   6   0  10    M  0.0    0  3.2 13 260   M    M   2        17 260
23  87  64  76   7   0  11    M  0.0    0  5.2 15 240   M    M   4 3      24 270
24  83  61  72   3   0   7    M  0.0    0  2.1  7 300   M    M   2 12      M  M
25  84  58  71   2   0   6    M  0.0    0  2.7  8 280   M    M   3         M  M
26  82  68  75   6   0  10    M  0.0    0  3.8  9 120   M    M   6 3      17  10
27  77  63  70   1   0   5    M  0.0    0  6.3 15 280   M    M   9 3      23 280
28  74  56  65  -4   0   0    M  0.0    0  8.2 17 320   M    M   6        28 260
29  78  50  64  -6   1   0    M  0.0    0  3.5 14 200   M    M   5 2      18 200
================================================================================
SM 2369 1786         5 204    M      0.0 105.3          M      157
================================================================================
AV 81.7 61.6                               3.6 FASTST   M    M   5    MAX(MPH)
                                 MISC ---->  # 18 240               # 36  280
================================================================================
NOTES:
# LAST OF SEVERAL OCCURRENCES

COLUMN 17 PEAK WIND IN M.P.H.

PRELIMINARY LOCAL CLIMATOLOGICAL DATA (WS FORM: F-6) , PAGE 2

                                          STATION:  LEWISBURG WV
                                          MONTH:    JUNE
                                          YEAR:     2015
                                          LATITUDE:   37 52 N
                                          LONGITUDE:  80 24 W

[TEMPERATURE DATA]      [PRECIPITATION DATA]       SYMBOLS USED IN COLUMN 16

AVERAGE MONTHLY: 71.6   TOTAL FOR MONTH:      M    1 = FOG OR MIST
DPTR FM NORMAL:   4.9   DPTR FM NORMAL:       M    2 = FOG REDUCING VISIBILITY
HIGHEST:    88 ON 15,11 GRTST 24HR    M  ON   M        TO 1/4 MILE OR LESS
LOWEST:     50 ON 29                               3 = THUNDER
                        SNOW, ICE PELLETS, HAIL    4 = ICE PELLETS
                        TOTAL MONTH:   0.0 INCH    5 = HAIL
                        GRTST 24HR     0.0         6 = FREEZING RAIN OR DRIZZLE
                        GRTST DEPTH:   0           7 = DUSTSTORM OR SANDSTORM:
                                                       VSBY 1/2 MILE OR LESS
                                                   8 = SMOKE OR HAZE
[NO. OF DAYS WITH]      [WEATHER - DAYS WITH]      9 = BLOWING SNOW
                                                   X = TORNADO
MAX 32 OR BELOW:   0    0.01 INCH OR MORE:   0
MAX 90 OR ABOVE:   0    0.10 INCH OR MORE:   0
MIN 32 OR BELOW:   0    0.50 INCH OR MORE:   0
MIN  0 OR BELOW:   0    1.00 INCH OR MORE:   0

[HDD (BASE 65) ]
TOTAL THIS MO.     5    CLEAR  (SCALE 0-3)   5
DPTR FM NORMAL   -47    PTCLDY (SCALE 4-7)  19
TOTAL FM JUL 1  5300    CLOUDY (SCALE 8-10)  5
DPTR FM NORMAL  -655

[CDD (BASE 65) ]
TOTAL THIS MO.   204
DPTR FM NORMAL   105    [PRESSURE DATA]
TOTAL FM JAN 1   288    HIGHEST SLP M ON M
DPTR FM NORMAL   163    LOWEST  SLP M ON M

[REMARKS]

DUE TO HIGHLY SUSPECT PRECIPITATION VALUES FROM THE AUTOMATED RAIN
GAUGE...ALL LIQUID PRECIPITATION DATA WILL BE CODED AS MISSING.

ALSO...DUE TO EQUIPMENT FAILURE CAUSING MISSING TEMPERATURES ON
APRIL 26...THE SEASONAL HEATING DEGREE DAY TOTAL AND DEPARTURE FROM
NORMAL WILL BE CALCULATED WITHOUT DATA FROM THIS DATE.
