000
CXUS51 KRNK 170931 RRA
CF6LWB

PRELIMINARY LOCAL CLIMATOLOGICAL DATA (WS FORM: F-6)

                                          STATION:   LEWISBURG WV
                                          MONTH:     APRIL
                                          YEAR:      2014
                                          LATITUDE:   37 52 N
                                          LONGITUDE:  80 24 W

  TEMPERATURE IN F:       :PCPN:    SNOW:  WIND      :SUNSHINE: SKY     :PK WND
================================================================================
1   2   3   4   5  6A  6B    7    8   9   10  11  12  13   14  15   16   17  18
                                     12Z  AVG MX 2MIN
DY MAX MIN AVG DEP HDD CDD  WTR  SNW DPTH SPD SPD DIR MIN PSBL S-S WX    SPD DR
================================================================================

 1  74  33  54   9  11   0    T  0.0    0  5.1 15 240   M    M   2        21 240
 2  76  35  56  11   9   0    T  0.0    0  3.5 13 240   M    M   1        20 240
 3  71  46  59  13   6   0 0.35  0.0    0  4.3 13  20   M    M   6 13     16 340
 4  67  49  58  12   7   0 0.18  0.0    0  7.8 18 240   M    M   6 123    30 240
 5  52  32  42  -4  23   0    T  0.0    0  7.0 12 260   M    M   5        21 300
 6  60  24  42  -5  23   0 0.00  0.0    0  4.3  8 160   M    M   2         M  M
 7  56  41  49   2  16   0 0.39  0.0    0  6.4 16 200   M    M  10 1      22 200
 8  55  35  45  -2  20   0    T  0.0    0  7.5 20 240   M    M   7        29 240
 9  54  30  42  -6  23   0 0.00  0.0    0  3.5 12 280   M    M   5        18 280
10  69  28  49   1  16   0 0.00  0.0    0  5.3 15 230   M    M   0        21 200
11  74  44  59  11   6   0 0.00  0.0    0  5.4 13 230   M    M   3        20 240
12  71  42  57   8   8   0 0.00  0.0    0  3.8  9 160   M    M   5         M  M
13  81  44  63  14   2   0 0.00  0.0    0  5.6 14 220   M    M   0        20 220
14  69  57  63  14   2   0 0.19  0.0    0  9.3 22 210   M    M   6 1      26 210
15  57  27  42  -8  23   0 0.29    T    0  7.7 20 330   M    M  10 1      29 330
16  50  23  37 -13  28   0 0.00  0.0    0  4.9 17 340   M    M   2        25 340
================================================================================
SM 1036  590       223   0  1.40    T     91.4          M       70
================================================================================
AV 64.8 36.9                               5.7 FASTST   M    M   4    MAX(MPH)
                                 MISC ---->  # 22 210               # 30  240
================================================================================
NOTES:
# LAST OF SEVERAL OCCURRENCES

COLUMN 17 PEAK WIND IN M.P.H.

PRELIMINARY LOCAL CLIMATOLOGICAL DATA (WS FORM: F-6) , PAGE 2

                                          STATION:  LEWISBURG WV
                                          MONTH:    APRIL
                                          YEAR:     2014
                                          LATITUDE:   37 52 N
                                          LONGITUDE:  80 24 W

[TEMPERATURE DATA]      [PRECIPITATION DATA]       SYMBOLS USED IN COLUMN 16

AVERAGE MONTHLY: 50.8   TOTAL FOR MONTH:   1.40    1 = FOG OR MIST
DPTR FM NORMAL:   3.3   DPTR FM NORMAL:   -0.33    2 = FOG REDUCING VISIBILITY
HIGHEST:    81 ON 13    GRTST 24HR  0.39 ON  7- 7      TO 1/4 MILE OR LESS
LOWEST:     23 ON 16                               3 = THUNDER
                        SNOW, ICE PELLETS, HAIL    4 = ICE PELLETS
                        TOTAL MONTH:    T          5 = HAIL
                        GRTST 24HR    T  ON 15-15  6 = FREEZING RAIN OR DRIZZLE
                        GRTST DEPTH:   0           7 = DUSTSTORM OR SANDSTORM:
                                                       VSBY 1/2 MILE OR LESS
                                                   8 = SMOKE OR HAZE
[NO. OF DAYS WITH]      [WEATHER - DAYS WITH]      9 = BLOWING SNOW
                                                   X = TORNADO
MAX 32 OR BELOW:   0    0.01 INCH OR MORE:   5
MAX 90 OR ABOVE:   0    0.10 INCH OR MORE:   5
MIN 32 OR BELOW:   6    0.50 INCH OR MORE:   0
MIN  0 OR BELOW:   0    1.00 INCH OR MORE:   0

[HDD (BASE 65) ]
TOTAL THIS MO.   223    CLEAR  (SCALE 0-3)   6
DPTR FM NORMAL   -58    PTCLDY (SCALE 4-7)   8
TOTAL FM DEC 1  4377    CLOUDY (SCALE 8-10)  2
DPTR FM NORMAL     M

[CDD (BASE 65) ]
TOTAL THIS MO.     0
DPTR FM NORMAL     0    [PRESSURE DATA]
TOTAL FM JAN 1     0    HIGHEST SLP M ON M
DPTR FM NORMAL     0    LOWEST  SLP M ON M

[REMARKS]
THE SEASONAL TOTAL AND DEPARTURE FROM NORMAL FOR HDD ARE INVALID DUE
TO INCOMPLETE DATA BEFORE DECEMBER 1.
