000
CXUS53 KTOP 300800
CF6LWC
PRELIMINARY LOCAL CLIMATOLOGICAL DATA (WS FORM: F-6)

                                          STATION:   Lawrence KS
                                          MONTH:     SEPTEMBER
                                          YEAR:      2016
                                          LATITUDE:   39  0 N
                                          LONGITUDE:  95 13 W

  TEMPERATURE IN F:       :PCPN:    SNOW:  WIND      :SUNSHINE: SKY     :PK WND
================================================================================
1   2   3   4   5  6A  6B    7    8   9   10  11  12  13   14  15   16   17  18
                                     12Z  AVG MX 2MIN
DY MAX MIN AVG DEP HDD CDD  WTR  SNW DPTH SPD SPD DIR MIN PSBL S-S WX    SPD DR
================================================================================

 1  80  58  69  -5   0   4 0.00    M    M  5.6 14  60   M    M   0        19  50
 2  78  56  67  -7   0   2 0.00    M    M  4.6 12  80   M    M   2        15  70
 3  80  54  67  -6   0   2 0.00    M    M  7.2 17 150   M    M   2 1      21 150
 4  84  59  72  -1   0   7 0.00    M    M  9.9 22 120   M    M   1        27 120
 5  91  69  80   8   0  15 0.00    M    M 11.7 23 160   M    M   1        31 150
 6  91  74  83  11   0  18 0.00    M    M 11.6 23 180   M    M   0        31 180
 7  90  75  83  11   0  18    T    M    M 13.2 29 200   M    M   3 3      37 190
 8  83  72  78   7   0  13 0.77    M    M  6.0 21 110   M    M   6 13     28 220
 9  86  66  76   5   0  11 1.45    M    M  7.3 30 320   M    M   5 13     36 320
10  76  53  65  -5   0   0 0.00    M    M  7.7 20 320   M    M   1 1      26 310
11  78  48  63  -7   2   0 0.00    M    M  7.1 17 140   M    M   0 12     22 150
12  85  59  72   2   0   7 0.00    M    M 10.4 21 150   M    M   0        28 180
13  84  65  75   6   0  10 0.85    M    M  8.7 24 250   M    M   6 13     28 290
14  79  65  72   3   0   7 0.95    M    M  6.3 17  40   M    M   6 13     24  10
15  86  64  75   7   0  10 0.00    M    M  6.9 17 150   M    M   2 1      22 150
16  70  64  67  -1   0   2 0.68    M    M  5.8 29 310   M    M   6 13     39 300
17  84  58  71   3   0   6 0.00    M    M  3.5 13 220   M    M   3 12     16 240
18  85  56  71   4   0   6 0.00    M    M  4.7 13 130   M    M   0 1      16 110
19  91  63  77  10   0  12 0.00    M    M  6.1 17 190   M    M   0        22 180
20  92  69  81  15   0  16 0.00    M    M  5.6 14 160   M    M   0 1      17 150
21  91  71  81  15   0  16 0.00    M    M  8.8 18 160   M    M   0        22 160
22  91  68  80  15   0  15 0.00    M    M  8.3 17 190   M    M   0        23 150
23  89  61  75  10   0  10 0.00    M    M  7.1 15 140   M    M   0 1      21 150
24  90  67  79  15   0  14 1.14    M    M 10.7 24 310   M    M   5 13     31 310
25  69  53  61  -3   4   0 0.28    M    M  5.9 23 320   M    M   5 18     28 310
26  74  45  60  -4   5   0 0.00  0.0    0  5.4 15 280   M    M   0 18     20 290
27  81  47  64   1   1   0 0.00    M    M  3.1 13 270   M    M   0        16 270
28  69  48  59  -4   6   0 0.00    M    M  9.4 21 340   M    M   0        26 350
29  73  47  60  -2   5   0 0.00    M    M  7.1 16 330   M    M   0        24 350
================================================================================
SM 2400 1754        23 221  6.12     0.0 215.7          M       54
================================================================================
AV 82.8 60.5                               7.4 FASTST   M    M   2    MAX(MPH)
                                 MISC ---->  # 30 320               # 39  300
================================================================================
NOTES:
# LAST OF SEVERAL OCCURRENCES

COLUMN 17 PEAK WIND IN M.P.H.

PRELIMINARY LOCAL CLIMATOLOGICAL DATA (WS FORM: F-6) , PAGE 2

                                          STATION:  Lawrence KS
                                          MONTH:    SEPTEMBER
                                          YEAR:     2016
                                          LATITUDE:   39  0 N
                                          LONGITUDE:  95 13 W

[TEMPERATURE DATA]      [PRECIPITATION DATA]       SYMBOLS USED IN COLUMN 16

AVERAGE MONTHLY: 71.6   TOTAL FOR MONTH:   6.12    1 = FOG OR MIST
DPTR FM NORMAL:   3.3   DPTR FM NORMAL:    2.07    2 = FOG REDUCING VISIBILITY
HIGHEST:    92 ON 20    GRTST 24HR  1.79 ON 13-14      TO 1/4 MILE OR LESS
LOWEST:     45 ON 26                               3 = THUNDER
                        SNOW, ICE PELLETS, HAIL    4 = ICE PELLETS
                        TOTAL MONTH:   0.0 INCH    5 = HAIL
                        GRTST 24HR     0.0         6 = FREEZING RAIN OR DRIZZLE
                        GRTST DEPTH:   0           7 = DUSTSTORM OR SANDSTORM:
                                                       VSBY 1/2 MILE OR LESS
                                                   8 = SMOKE OR HAZE
[NO. OF DAYS WITH]      [WEATHER - DAYS WITH]      9 = BLOWING SNOW
                                                   X = TORNADO
MAX 32 OR BELOW:   0    0.01 INCH OR MORE:   7
MAX 90 OR ABOVE:   8    0.10 INCH OR MORE:   7
MIN 32 OR BELOW:   0    0.50 INCH OR MORE:   6
MIN  0 OR BELOW:   0    1.00 INCH OR MORE:   2

[HDD (BASE 65) ]
TOTAL THIS MO.    23    CLEAR  (SCALE 0-3)  22
DPTR FM NORMAL   -31    PTCLDY (SCALE 4-7)   7
TOTAL FM JUL 1    23    CLOUDY (SCALE 8-10)  0
DPTR FM NORMAL   -34

[CDD (BASE 65) ]
TOTAL THIS MO.   221
DPTR FM NORMAL    71    [PRESSURE DATA]
TOTAL FM JAN 1  1538    HIGHEST SLP M ON M
DPTR FM NORMAL   197    LOWEST  SLP 29.80 ON M

[REMARKS]
