000
CXUS53 KDMX 180810
CF6LWD
PRELIMINARY LOCAL CLIMATOLOGICAL DATA (WS FORM: F-6)
STATION: LAMONI IA
MONTH: APRIL
YEAR: 2024
LATITUDE: 40 37 N
LONGITUDE: 93 56 W
TEMPERATURE IN F: :PCPN: SNOW: WIND :SUNSHINE: SKY :PK WND
================================================================================
1 2 3 4 5 6A 6B 7 8 9 10 11 12 13 14 15 16 17 18
12Z AVG MX 2MIN
DY MAX MIN AVG DEP HDD CDD WTR SNW DPTH SPD SPD DIR MIN PSBL S-S WX SPD DR
================================================================================
1 61 44 53 6 12 0 0.01 M M 10.7 22 50 M M 10 13 30 40
2 50 33 42 -6 23 0 0.35 M M 15.4 29 330 M M 8 1 38 330
3 53 35 44 -4 21 0 0.03 M M 21.0 40 320 M M 5 53 330
4 55 29 42 -6 23 0 0.00 0.0 0 11.1 24 350 M M 0 35 320
5 57 31 44 -5 21 0 0.00 0.0 0 5.2 13 50 M M 0 20 90
6 61 37 49 0 16 0 0.02 0.0 0 15.1 25 100 M M 1 44 130
7 68 48 58 9 7 0 0.00 0.0 0 15.8 33 220 M M 6 44 220
8 66 39 53 3 12 0 0.00 M M 10.6 20 220 M M 0 27 230
9 65 36 51 1 14 0 0.00 M M 7.5 17 320 M M 0 22 320
10 71 44 58 8 7 0 T M M 4.7 14 270 M M 2 17 290
11 61 39 50 0 15 0 0.00 0.0 0 18.7 35 320 M M 3 46 300
12 66 39 53 2 12 0 0.00 0.0 0 12.0 24 290 M M 0 33 310
13 82 47 65 14 0 0 0.00 0.0 0 10.7 23 170 M M 0 33 210
14 86 58 72 20 0 7 0.00 0.0 0 9.4 15 50 M M 0 21 20
15 80 53 67 15 0 2 T 0.0 0 10.6 17 120 M M 0 3 32 110
16 77 58 68 16 0 3 0.26 0.0 0 18.4 41 210 M M 7 13 61 210
17 67 52 60 8 5 0 0.01 0.0 0 14.7 35 290 M M 6 44 290
================================================================================
SM 1126 722 188 12 0.68 0.0 211.6 M 48
================================================================================
AV 66.2 42.5 12.4 FASTST M M 3 MAX(MPH)
MISC ----> 41 210 61 210
================================================================================
NOTES:
# LAST OF SEVERAL OCCURRENCES
COLUMN 17 PEAK WIND IN M.P.H.
PRELIMINARY LOCAL CLIMATOLOGICAL DATA (WS FORM: F-6) , PAGE 2
STATION: LAMONI IA
MONTH: APRIL
YEAR: 2024
LATITUDE: 40 37 N
LONGITUDE: 93 56 W
[TEMPERATURE DATA] [PRECIPITATION DATA] SYMBOLS USED IN COLUMN 16
AVERAGE MONTHLY: 54.4 TOTAL FOR MONTH: 0.68 1 = FOG OR MIST
DPTR FM NORMAL: 4.5 DPTR FM NORMAL: -1.48 2 = FOG REDUCING VISIBILITY
HIGHEST: 86 ON 14 GRTST 24HR 0.50 ON 31- 1 TO 1/4 MILE OR LESS
LOWEST: 29 ON 4 3 = THUNDER
SNOW, ICE PELLETS, HAIL 4 = ICE PELLETS
TOTAL MONTH: 0.0 INCH 5 = HAIL
GRTST 24HR 0.0 6 = FREEZING RAIN OR DRIZZLE
GRTST DEPTH: 0 7 = DUSTSTORM OR SANDSTORM:
VSBY 1/2 MILE OR LESS
8 = SMOKE OR HAZE
[NO. OF DAYS WITH] [WEATHER - DAYS WITH] 9 = BLOWING SNOW
X = TORNADO
MAX 32 OR BELOW: 0 0.01 INCH OR MORE: 6
MAX 90 OR ABOVE: 0 0.10 INCH OR MORE: 2
MIN 32 OR BELOW: 2 0.50 INCH OR MORE: 0
MIN 0 OR BELOW: 0 1.00 INCH OR MORE: 0
[HDD (BASE 65) ]
TOTAL THIS MO. 188 CLEAR (SCALE 0-3) 10
DPTR FM NORMAL -72 PTCLDY (SCALE 4-7) 5
TOTAL FM JUL 1 4614 CLOUDY (SCALE 8-10) 2
DPTR FM NORMAL -977
[CDD (BASE 65) ]
TOTAL THIS MO. 12
DPTR FM NORMAL 12 [PRESSURE DATA]
TOTAL FM JAN 1 12 HIGHEST SLP M ON M
DPTR FM NORMAL 10 LOWEST SLP 29.35 ON 16
[REMARKS]