000
CXUS55 KPUB 301059
CF6LXV
PRELIMINARY LOCAL CLIMATOLOGICAL DATA (WS FORM: F-6)

                                          STATION:   LEADVILLE CO
                                          MONTH:     MARCH
                                          YEAR:      2015
                                          LATITUDE:   39 15 N
                                          LONGITUDE: 106 18 W

  TEMPERATURE IN F:       :PCPN:    SNOW:  WIND      :SUNSHINE: SKY     :PK WND
================================================================================
1   2   3   4   5  6A  6B    7    8   9   10  11  12  13   14  15   16   17  18
                                     12Z  AVG MX 2MIN
DY MAX MIN AVG DEP HDD CDD  WTR  SNW DPTH SPD SPD DIR MIN PSBL S-S WX    SPD DR
================================================================================

 1  27  13  20  -1  45   0 0.12    M    M  3.5 10 180   M    M   9 18     12 180
 2  34  17  26   5  39   0 0.14    M    M  8.3 28 210   M    M  10 1      36 210
 3  27  12  20  -1  45   0 0.06    M    M  7.4 21 180   M    M   9 1      24 180
 4  13 -10   2 -19  63   0 0.04    M    M 10.7 25 290   M    M   8 189    33 310
 5  26 -12   7 -15  58   0 0.00  0.0    M 10.4 24 300   M    M   0        33 300
 6  37  -2  18  -4  47   0 0.00  0.0    M  8.3 21 300   M    M   0        27 310
 7  42   2  22   0  43   0 0.00  0.0    M  5.6 16 290   M    M   0        20 300
 8  37  11  24   2  41   0    T    M    M  5.3 15  40   M    M   2        19  50
 9  41   5  23   1  42   0 0.00  0.0    M  6.6 17 300   M    M   1        23 320
10  44  13  29   6  36   0 0.00  0.0    M  6.5 15 300   M    M   0        18 310
11  45   9  27   4  38   0 0.00  0.0    M  5.0 14 310   M    M   0        17 310
12  43  21  32   9  33   0 0.01    M    M  5.4 14 340   M    M   7 1      19 340
13  36  22  29   6  36   0    T    M    M  3.3 13 180   M    M   8 1      18 160
14  49  12  31   7  34   0 0.00  0.0    M  4.6 15 300   M    M   0        19 290
15  56  23  40  16  25   0 0.00  0.0    M  6.4 15 350   M    M   0        18 340
16  57  23  40  16  25   0 0.00  0.0    M  8.0 20 300   M    M   0        23 290
17  45  26  36  12  29   0 0.00  0.0    M  5.8 16 180   M    M   4        20 180
18  46  30  38  14  27   0 0.04    M    M  6.4 17 310   M    M  10 1      22 320
19  40  19  30   5  35   0    T    M    M  8.4 18 360   M    M   8        28  10
20  48  14  31   6  34   0 0.00  0.0    M  5.2 16 190   M    M   2        20 190
21   M  16   M   M   M   M 0.00  0.0    M   M   M   M   M    M   0         M  M
22   M  15   M   M   M   M 0.00  0.0    M  6.9 16 260   M    M   3        24 300
23  42  25  34   8  31   0 0.20    M    M  9.6 25 210   M    M   5 12     38 190
24  36  16  26   0  39   0 0.18    M    M 10.3 30 290   M    M   6 12     39 290
25  30  10  20  -6  45   0 0.12    M    M 10.6 32 350   M    M   6 12     45 360
26  41   9  25  -1  40   0 0.00  0.0    M 11.6 22 320   M    M   1        31 340
27  50  23  37  11  28   0 0.00  0.0    M  9.8 23 300   M    M   2        29 310
28  50  25  38  12  27   0    T    M    M  9.8 30 300   M    M   1        42 300
29  50  24  37  10  28   0    T    M    M  7.7 20 310   M    M   2 1      27 320
================================================================================
SM 1092  411      1013   0  0.91     0.0 207.4          M      104
================================================================================
AV 40.4 14.2                               7.4 FASTST   M    M   4    MAX(MPH)
                                 MISC ---->  # 32 350               # 45  360
================================================================================
NOTES:
# LAST OF SEVERAL OCCURRENCES

COLUMN 17 PEAK WIND IN M.P.H.

PRELIMINARY LOCAL CLIMATOLOGICAL DATA (WS FORM: F-6) , PAGE 2

                                          STATION:  LEADVILLE CO
                                          MONTH:    MARCH
                                          YEAR:     2015
                                          LATITUDE:   39 15 N
                                          LONGITUDE: 106 18 W

[TEMPERATURE DATA]      [PRECIPITATION DATA]       SYMBOLS USED IN COLUMN 16

AVERAGE MONTHLY: 27.3   TOTAL FOR MONTH:   0.91    1 = FOG OR MIST
DPTR FM NORMAL:   3.5   DPTR FM NORMAL:    0.04    2 = FOG REDUCING VISIBILITY
HIGHEST:    57 ON 16    GRTST 24HR  0.20 ON 23-23      TO 1/4 MILE OR LESS
LOWEST:    -12 ON  5                               3 = THUNDER
                        SNOW, ICE PELLETS, HAIL    4 = ICE PELLETS
                        TOTAL MONTH:   0.0 INCH    5 = HAIL
                        GRTST 24HR     0.0         6 = FREEZING RAIN OR DRIZZLE
                        GRTST DEPTH:  M  ON   M    7 = DUSTSTORM OR SANDSTORM:
                                                       VSBY 1/2 MILE OR LESS
                                                   8 = SMOKE OR HAZE
[NO. OF DAYS WITH]      [WEATHER - DAYS WITH]      9 = BLOWING SNOW
                                                   X = TORNADO
MAX 32 OR BELOW:   5    0.01 INCH OR MORE:   9
MAX 90 OR ABOVE:   0    0.10 INCH OR MORE:   5
MIN 32 OR BELOW:  29    0.50 INCH OR MORE:   0
MIN  0 OR BELOW:   3    1.00 INCH OR MORE:   0

[HDD (BASE 65) ]
TOTAL THIS MO.  1013    CLEAR  (SCALE 0-3)  17
DPTR FM NORMAL  -184    PTCLDY (SCALE 4-7)   7
TOTAL FM JUL 1  8177    CLOUDY (SCALE 8-10)  5
DPTR FM NORMAL  -730

[CDD (BASE 65) ]
TOTAL THIS MO.     0
DPTR FM NORMAL     0    [PRESSURE DATA]
TOTAL FM JAN 1     0    HIGHEST SLP M ON M
DPTR FM NORMAL     0    LOWEST  SLP 29.66 ON  2

[REMARKS]
