000
CXUS54 KLZK 181130
CF6LZK
PRELIMINARY LOCAL CLIMATOLOGICAL DATA (WS FORM: F-6)

                                          STATION:   North Little Rock
                                          MONTH:     OCTOBER
                                          YEAR:      2017
                                          LATITUDE:   34 50 N
                                          LONGITUDE:  92 16 W

  TEMPERATURE IN F:       :PCPN:    SNOW:  WIND      :SUNSHINE: SKY     :PK WND
================================================================================
1   2   3   4   5  6A  6B    7    8   9   10  11  12  13   14  15   16   17  18
                                     12Z  AVG MX 2MIN
DY MAX MIN AVG DEP HDD CDD  WTR  SNW DPTH SPD SPD DIR MIN PSBL S-S WX    SPD DR
================================================================================

 1  83  58  71   2   0   6 0.00  0.0    0  5.7  9 140   M    M   0         M  M
 2  82  66  74   6   0   9 0.08  0.0    0  8.0 13 110   M    M   0         M  M
 3  80  69  75   7   0  10 0.27  0.0    0  5.7  9 160   M    M   0        18 160
 4  84  68  76   8   0  11 0.00  0.0    0  4.2  9  90   M    M   0         M  M
 5  86  65  76   9   0  11 0.00  0.0    0  1.8  6 140   M    M   0         M  M
 6  85  65  75   8   0  10 0.00  0.0    0  4.2 12 140   M    M   0        16 160
 7  89  68  79  12   0  14 0.00  0.0    0  5.1 10 220   M    M   0        18 220
 8  89  70  80  14   0  15 0.00  0.0    0  3.0  7 110   M    M   0         M  M
 9  91  71  81  15   0  16 0.15  0.0    0  2.7  9 160   M    M   0 3       M  M
10  80  54  67   1   0   2 0.00  0.0    0  7.6 13 320   M    M   0 12     27 320
11  68  52  60  -5   5   0 0.00  0.0    0  4.6  8 340   M    M   0        11 360
12  78  51  65   0   0   0 0.00  0.0    0  4.3  8 140   M    M   M        12 110
13  85  58  72   7   0   7 0.00  0.0    0  4.6  8 150   M    M   M 1      15 180
14  90  67  79  15   0  14 0.00  0.0    0  5.0  9 180   M    M   0        17 180
15  77  54  66   2   0   1 0.17  0.0    0  6.4  9 360   M    M   0 1      17 360
16  69  48  59  -5   6   0 0.00  0.0    0  5.1 10  70   M    M   0        20  50
17  71  47  59  -4   6   0 0.00  0.0    0  2.1  7  90   M    M   0         M  M
================================================================================
SM 1387 1031        17 126  0.67     0.0  80.1          M        0
================================================================================
AV 81.6 60.7                               4.7 FASTST   M    M   0    MAX(MPH)
                                 MISC ---->  # 13 320               # 27  320
================================================================================
NOTES:
# LAST OF SEVERAL OCCURRENCES

COLUMN 17 PEAK WIND IN M.P.H.

PRELIMINARY LOCAL CLIMATOLOGICAL DATA (WS FORM: F-6) , PAGE 2

                                          STATION:  North Little Rock
                                          MONTH:    OCTOBER
                                          YEAR:     2017
                                          LATITUDE:   34 50 N
                                          LONGITUDE:  92 16 W

[TEMPERATURE DATA]      [PRECIPITATION DATA]       SYMBOLS USED IN COLUMN 16

AVERAGE MONTHLY: 71.1   TOTAL FOR MONTH:   0.67    1 = FOG OR MIST
DPTR FM NORMAL:   5.1   DPTR FM NORMAL:   -1.77    2 = FOG REDUCING VISIBILITY
HIGHEST:    91 ON  9    GRTST 24HR  0.27 ON  3- 3      TO 1/4 MILE OR LESS
LOWEST:     47 ON 17                               3 = THUNDER
                        SNOW, ICE PELLETS, HAIL    4 = ICE PELLETS
                        TOTAL MONTH:   0.0 INCH    5 = HAIL
                        GRTST 24HR     0.0         6 = FREEZING RAIN OR DRIZZLE
                        GRTST DEPTH:   0           7 = DUSTSTORM OR SANDSTORM:
                                                       VSBY 1/2 MILE OR LESS
                                                   8 = SMOKE OR HAZE
[NO. OF DAYS WITH]      [WEATHER - DAYS WITH]      9 = BLOWING SNOW
                                                   X = TORNADO
MAX 32 OR BELOW:   0    0.01 INCH OR MORE:   4
MAX 90 OR ABOVE:   2    0.10 INCH OR MORE:   3
MIN 32 OR BELOW:   0    0.50 INCH OR MORE:   0
MIN  0 OR BELOW:   0    1.00 INCH OR MORE:   0

[HDD (BASE 65) ]
TOTAL THIS MO.    17    CLEAR  (SCALE 0-3)  15
DPTR FM NORMAL   -27    PTCLDY (SCALE 4-7)   0
TOTAL FM JUL 1    18    CLOUDY (SCALE 8-10)  0
DPTR FM NORMAL   -39

[CDD (BASE 65) ]
TOTAL THIS MO.   126
DPTR FM NORMAL    67    [PRESSURE DATA]
TOTAL FM JAN 1  2047    HIGHEST SLP 30.19 ON 13
DPTR FM NORMAL   -86    LOWEST  SLP 29.90 ON 10

[REMARKS]
