000
CXUS56 KHNX 011146
CF6MAE
PRELIMINARY LOCAL CLIMATOLOGICAL DATA (WS FORM: F-6)

                                          STATION:   MADERA CA AIRPORT
                                          MONTH:     JUNE
                                          YEAR:      2015
                                          LATITUDE:   36 58 N
                                          LONGITUDE: 120  7 W

  TEMPERATURE IN F:       :PCPN:    SNOW:  WIND      :SUNSHINE: SKY     :PK WND
================================================================================
1   2   3   4   5  6A  6B    7    8   9   10  11  12  13   14  15   16   17  18
                                     12Z  AVG MX 2MIN
DY MAX MIN AVG DEP HDD CDD  WTR  SNW DPTH SPD SPD DIR MIN PSBL S-S WX    SPD DR
================================================================================

 1  86  53  70  -1   0   5 0.00  0.0    0  9.2 20 310   M    M   0        25 310
 2  86  62  74   3   0   9 0.00  0.0    0 10.4 16 320   M    M   0        22 300
 3  88  56  72   1   0   7 0.00  0.0    0  9.5 21 280   M    M   0        25 290
 4  82  54  68  -3   0   3 0.00  0.0    0  6.3 12 290   M    M   0        16 240
 5  89  58  74   2   0   9 0.00  0.0    0  5.9 13 290   M    M   0        27  20
 6  91  59  75   3   0  10 0.00  0.0    0  6.9 14 330   M    M   0        18 300
 7  95  61  78   6   0  13 0.00  0.0    0  5.5 10 280   M    M   0        14 310
 8 105  66  86  14   0  21 0.00  0.0    0  4.6 12 310   M    M   0        15 310
 9  91  68  80   7   0  15 0.00  0.0    0  7.1 15 330   M    M   0        20 300
10  88  71  80   7   0  15 0.00  0.0    0 10.9 22 340   M    M   3        26 340
11  93  64  79   6   0  14 0.00  0.0    0  6.0 13 330   M    M   0 18     18 280
12  99  69  84  11   0  19 0.00  0.0    0  4.8 12 300   M    M   0        14 300
13 105  70  88  14   0  23 0.00  0.0    0  7.4 15 290   M    M   0        20 290
14  98  60  79   5   0  14 0.00  0.0    0  7.1 13 300   M    M   0        17 280
15  97  58  78   4   0  13 0.00  0.0    0  7.5 14 340   M    M   0        17 330
16  96  57  77   3   0  12 0.00  0.0    0  7.7 12 310   M    M   0         M  M
17 101  59  80   5   0  15 0.00  0.0    0  6.2 10 280   M    M   0        14 280
18 100  61  81   6   0  16 0.00  0.0    0  9.1 20 330   M    M   0        24 300
19  98  56  77   2   0  12 0.00  0.0    0  8.1 14 310   M    M   0        18 300
20 101  61  81   6   0  16 0.00  0.0    0  5.9 10 280   M    M   0        17 300
21  96  63  80   4   0  15 0.00  0.0    0 10.1 18 340   M    M   0        21 340
22  94  55  75  -1   0  10 0.00  0.0    0  8.2 16 340   M    M   0        19 340
23  96  58  77   1   0  12 0.00  0.0    0  7.9 14 310   M    M   0        19 290
24  99  61  80   4   0  15 0.00  0.0    0  6.9 13 280   M    M   0        16 280
25 104  65  85   8   0  20 0.00  0.0    0  5.0 10 310   M    M   0        13 300
26 106  67  87  10   0  22 0.00  0.0    0  6.1 14 290   M    M   0        18 280
27 100  64  82   5   0  17 0.00  0.0    0  6.6 15 330   M    M   0        19 320
28  95  70  83   6   0  18 0.00  0.0    0  7.6 16 330   M    M   0        18 300
29  98  66  82   5   0  17 0.00  0.0    0  7.9 13 290   M    M   0         M  M
30 105  69  87   9   0  22 0.00  0.0    0  6.4 12 270   M    M   0        16 280
================================================================================
SM 2882 1861         0 429  0.00     0.0 218.8          M        3
================================================================================
AV 96.1 62.0                               7.3 FASTST   M    M   0    MAX(MPH)
                                 MISC ---->  # 22 340               # 27   20
================================================================================
NOTES:
# LAST OF SEVERAL OCCURRENCES

COLUMN 17 PEAK WIND IN M.P.H.

PRELIMINARY LOCAL CLIMATOLOGICAL DATA (WS FORM: F-6) , PAGE 2

                                          STATION:  MADERA CA AIRPORT
                                          MONTH:    JUNE
                                          YEAR:     2015
                                          LATITUDE:   36 58 N
                                          LONGITUDE: 120  7 W

[TEMPERATURE DATA]      [PRECIPITATION DATA]       SYMBOLS USED IN COLUMN 16

AVERAGE MONTHLY: 79.1   TOTAL FOR MONTH:   0.00    1 = FOG OR MIST
DPTR FM NORMAL:   4.9   DPTR FM NORMAL:   -0.19    2 = FOG REDUCING VISIBILITY
HIGHEST:   106 ON 26    GRTST 24HR  0.00 ON 30-30      TO 1/4 MILE OR LESS
LOWEST:     53 ON  1                               3 = THUNDER
                        SNOW, ICE PELLETS, HAIL    4 = ICE PELLETS
                        TOTAL MONTH:   0.0 INCH    5 = HAIL
                        GRTST 24HR     0.0         6 = FREEZING RAIN OR DRIZZLE
                        GRTST DEPTH:   0           7 = DUSTSTORM OR SANDSTORM:
                                                       VSBY 1/2 MILE OR LESS
                                                   8 = SMOKE OR HAZE
[NO. OF DAYS WITH]      [WEATHER - DAYS WITH]      9 = BLOWING SNOW
                                                   X = TORNADO
MAX 32 OR BELOW:   0    0.01 INCH OR MORE:   0
MAX 90 OR ABOVE:  24    0.10 INCH OR MORE:   0
MIN 32 OR BELOW:   0    0.50 INCH OR MORE:   0
MIN  0 OR BELOW:   0    1.00 INCH OR MORE:   0

[HDD (BASE 65) ]
TOTAL THIS MO.     0    CLEAR  (SCALE 0-3)  30
DPTR FM NORMAL    -3    PTCLDY (SCALE 4-7)   0
TOTAL FM JUL 1  1726    CLOUDY (SCALE 8-10)  0
DPTR FM NORMAL  -929

[CDD (BASE 65) ]
TOTAL THIS MO.   429
DPTR FM NORMAL   149    [PRESSURE DATA]
TOTAL FM JAN 1   610    HIGHEST SLP 30.01 ON  2
DPTR FM NORMAL   186    LOWEST  SLP 29.59 ON 13

[REMARKS]
#FINAL-06-15#
