000
CXUS55 KABR 271400
CF6MBG
PRELIMINARY LOCAL CLIMATOLOGICAL DATA (WS FORM: F-6)

                                          STATION:   MOBRIDGE SD
                                          MONTH:     JULY
                                          YEAR:      2016
                                          LATITUDE:   45 32 N
                                          LONGITUDE: 100 25 W

  TEMPERATURE IN F:       :PCPN:    SNOW:  WIND      :SUNSHINE: SKY     :PK WND
================================================================================
1   2   3   4   5  6A  6B    7    8   9   10  11  12  13   14  15   16   17  18
                                     12Z  AVG MX 2MIN
DY MAX MIN AVG DEP HDD CDD  WTR  SNW DPTH SPD SPD DIR MIN PSBL S-S WX    SPD DR
================================================================================

 1  80  47  64  -6   1   0 0.00  0.0    0 11.4 20 160   M    M   1        24  80
 2  84  59  72   1   0   7 0.00  0.0    0 11.8 21 160   M    M   0        27 180
 3  86  63  75   4   0  10 0.00  0.0    0 17.9 28 160   M    M   4        33 170
 4  99  66  83  12   0  18 0.03  0.0    0  8.2 22 300   M    M   1 3      27 300
 5  85  65  75   4   0  10 0.04  0.0    0 10.1 26  20   M    M   0 3      33  10
 6  87  62  75   3   0  10 0.03  0.0    0 10.5 46 140   M    M   3 3      58 130
 7  84  56  70  -2   0   5    T  0.0    0  9.1 21 310   M    M   3 3      27 320
 8  86  52  69  -3   0   4 0.00  0.0    0  6.7 15 120   M    M   0        20 110
 9  97  68  83  11   0  18    T  0.0    0 17.1 36 290   M    M   0 3      45 300
10  90  68  79   7   0  14 0.06  0.0    0 20.1 49  20   M    M   1 3      59  30
11  80  63  72   0   0   7 0.21  0.0    0 11.2 47 290   M    M   6 138    66 270
12  90  62  76   3   0  11 0.00  0.0    0 16.1 29 270   M    M   0        39 260
13  87  60  74   1   0   9 0.00  0.0    0 12.8 28 330   M    M   1        36 320
14  77  59  68  -5   0   3    T  0.0    0 10.5 21 330   M    M   1        27  10
15  84  54  69  -4   0   4 0.00  0.0    0  7.7 17 150   M    M   2        22 140
16  87  63  75   2   0  10 0.27  0.0    0 17.4 51 280   M    M   3 38     65 290
17  84  60  72  -1   0   7 0.00  0.0    0  8.5 18 320   M    M   1        24 330
18  92  61  77   4   0  12 0.00  0.0    0 12.2 23 150   M    M   0        27 150
19  98  74  86  13   0  21 0.00  0.0    0 14.4 20 150   M    M   0        24 170
20 105  74  90  17   0  25 0.05  0.0    0 11.6 20 140   M    M   1 13     26 150
21  97  74  86  13   0  21 0.00  0.0    0 10.2 20  70   M    M   0        24  70
22  93  69  81   7   0  16 0.38  0.0    0 13.7 28 270   M    M   5 138    40 270
23  88  64  76   2   0  11 0.03  0.0    0 11.0 37 170   M    M   2 3      45 170
24  89  60  75   1   0  10 0.00  0.0    0  7.4 15 290   M    M   0        21 230
25 101  65  83   9   0  18    T  0.0    0 11.4 22 200   M    M   0        30 190
26  87  69  78   4   0  13 0.00  0.0    0 10.9 26 350   M    M   1        37 360
================================================================================
SM 2317 1637         1 294  1.10     0.0 309.9          M       36
================================================================================
AV 89.1 63.0                              11.9 FASTST   M    M   1    MAX(MPH)
                                 MISC ---->  # 51 280               # 66  270
================================================================================
NOTES:
# LAST OF SEVERAL OCCURRENCES

COLUMN 17 PEAK WIND IN M.P.H.

PRELIMINARY LOCAL CLIMATOLOGICAL DATA (WS FORM: F-6) , PAGE 2

                                          STATION:  MOBRIDGE SD
                                          MONTH:    JULY
                                          YEAR:     2016
                                          LATITUDE:   45 32 N
                                          LONGITUDE: 100 25 W

[TEMPERATURE DATA]      [PRECIPITATION DATA]       SYMBOLS USED IN COLUMN 16

AVERAGE MONTHLY: 76.0   TOTAL FOR MONTH:   1.10    1 = FOG OR MIST
DPTR FM NORMAL:   3.5   DPTR FM NORMAL:   -1.18    2 = FOG REDUCING VISIBILITY
HIGHEST:   105 ON 20    GRTST 24HR  0.41 ON 22-23      TO 1/4 MILE OR LESS
LOWEST:     47 ON  1                               3 = THUNDER
                        SNOW, ICE PELLETS, HAIL    4 = ICE PELLETS
                        TOTAL MONTH:   0.0 INCH    5 = HAIL
                        GRTST 24HR     0.0         6 = FREEZING RAIN OR DRIZZLE
                        GRTST DEPTH:   0           7 = DUSTSTORM OR SANDSTORM:
                                                       VSBY 1/2 MILE OR LESS
                                                   8 = SMOKE OR HAZE
[NO. OF DAYS WITH]      [WEATHER - DAYS WITH]      9 = BLOWING SNOW
                                                   X = TORNADO
MAX 32 OR BELOW:   0    0.01 INCH OR MORE:   9
MAX 90 OR ABOVE:  10    0.10 INCH OR MORE:   3
MIN 32 OR BELOW:   0    0.50 INCH OR MORE:   0
MIN  0 OR BELOW:   0    1.00 INCH OR MORE:   0

[HDD (BASE 65) ]
TOTAL THIS MO.     1    CLEAR  (SCALE 0-3)  23
DPTR FM NORMAL    -4    PTCLDY (SCALE 4-7)   3
TOTAL FM JUL 1     1    CLOUDY (SCALE 8-10)  0
DPTR FM NORMAL    -4

[CDD (BASE 65) ]
TOTAL THIS MO.   294
DPTR FM NORMAL    87    [PRESSURE DATA]
TOTAL FM JAN 1   530    HIGHEST SLP M ON M
DPTR FM NORMAL   208    LOWEST  SLP 29.46 ON 11

[REMARKS]
