065
CXUS55 KLIX 301000
CF6MCB
PRELIMINARY LOCAL CLIMATOLOGICAL DATA (WS FORM: F-6)

                                          STATION:   MCCOMB
                                          MONTH:     JULY
                                          YEAR:      2016
                                          LATITUDE:   31 10 N
                                          LONGITUDE:  90 28 W

  TEMPERATURE IN F:       :PCPN:    SNOW:  WIND      :SUNSHINE: SKY     :PK WND
================================================================================
1   2   3   4   5  6A  6B    7    8   9   10  11  12  13   14  15   16   17  18
                                     12Z  AVG MX 2MIN
DY MAX MIN AVG DEP HDD CDD  WTR  SNW DPTH SPD SPD DIR MIN PSBL S-S WX    SPD DR
================================================================================

 1  96  69  83   3   0  18 0.00  0.0    0  2.7 13 340   M    M   0 18     15 340
 2  95  72  84   4   0  19 0.00  0.0    0  2.3 10 190   M    M   0 8      13 210
 3  93  71  82   2   0  17 0.00  0.0    0  5.8 16 180   M    M   1 18     20 170
 4  93  74  84   4   0  19 0.02  0.0    0  6.2 22 240   M    M   2 138    29 230
 5  93  72  83   2   0  18 0.10  0.0    0  4.6 26 260   M    M   3 138    39 260
 6  91  75  83   2   0  18 0.03  0.0    0  5.0 23 250   M    M   3 13     35 240
 7  94  72  83   2   0  18 0.00  0.0    0  5.9 21 210   M    M   2 1      28 210
 8  95  73  84   3   0  19 0.00  0.0    0  5.3 15 170   M    M   2 1      19 180
 9  95  74  85   4   0  20 0.21  0.0    0  5.3 13 160   M    M   3 13     19  80
10  95  72  84   3   0  19    T  0.0    0  3.9 23 260   M    M   1 13     32 250
11  94  71  83   2   0  18 0.00  0.0    0  3.1 20 180   M    M   1 13     27 190
12  95  72  84   3   0  19 0.00  0.0    0  5.5 17 140   M    M   1 13     22 140
13  95  74  85   4   0  20 0.07  0.0    0  5.1 24 160   M    M   4 13     30 160
14  94  72  83   2   0  18 1.29  0.0    0  3.5 28 250   M    M   2 123    37 240
15  87  71  79  -2   0  14 1.17  0.0    0  3.8 36  10   M    M   3 13     55 360
16  92  71  82   1   0  17 0.00  0.0    0  2.0  9 240   M    M   5 12     12 220
17  92  72  82   1   0  17 0.16  0.0    0  3.1 20 180   M    M   2 13     23 230
18  94  73  84   3   0  19 0.00  0.0    0  3.5 20 170   M    M   1        24 180
19  94  73  84   3   0  19 0.00  0.0    0  2.7 10 150   M    M   1        13 140
20  94  73  84   3   0  19 0.00  0.0    0  2.7 13  50   M    M   1 3      22  30
21  95  74  85   4   0  20 0.00  0.0    0  3.6 14 270   M    M   1 13     18 280
22  93  73  83   2   0  18 1.26  0.0    0  4.0 21 180   M    M   1 13     25 190
23  92  71  82   1   0  17    T  0.0    0  3.1 12 260   M    M   2 13     14 210
24  93  74  84   3   0  19 2.19  0.0    0  3.6 20 130   M    M   1 13     26 140
25  93  73  83   2   0  18 0.14  0.0    0  2.8 22 120   M    M   2 138    29 140
26  88  74  81   0   0  16 0.24  0.0    0  5.0 14 100   M    M   5 13     19  90
27  83  73  78  -3   0  13 0.74  0.0    0  6.9 21 210   M    M   6 1      28 220
28  90  71  81   0   0  16 0.03  0.0    0  3.9 25 300   M    M   2 123    34 320
29  88  70  79  -2   0  14 0.63  0.0    0  2.5 25 300   M    M   2 1238   33 290
================================================================================
SM 2686 2099         0 516  8.28     0.0 117.4          M       60
================================================================================
AV 92.6 72.4                               4.0 FASTST   M    M   2    MAX(MPH)
                                 MISC ---->  # 36  10               # 55  360
================================================================================
NOTES:
# LAST OF SEVERAL OCCURRENCES

COLUMN 17 PEAK WIND IN M.P.H.

PRELIMINARY LOCAL CLIMATOLOGICAL DATA (WS FORM: F-6) , PAGE 2

                                          STATION:  MCCOMB
                                          MONTH:    JULY
                                          YEAR:     2016
                                          LATITUDE:   31 10 N
                                          LONGITUDE:  90 28 W

[TEMPERATURE DATA]      [PRECIPITATION DATA]       SYMBOLS USED IN COLUMN 16

AVERAGE MONTHLY: 82.5   TOTAL FOR MONTH:   8.28    1 = FOG OR MIST
DPTR FM NORMAL:   1.6   DPTR FM NORMAL:    3.08    2 = FOG REDUCING VISIBILITY
HIGHEST:    96 ON  1    GRTST 24HR  2.22 ON 24-25      TO 1/4 MILE OR LESS
LOWEST:     69 ON  1                               3 = THUNDER
                        SNOW, ICE PELLETS, HAIL    4 = ICE PELLETS
                        TOTAL MONTH:   0.0 INCH    5 = HAIL
                        GRTST 24HR     0.0         6 = FREEZING RAIN OR DRIZZLE
                        GRTST DEPTH:   0           7 = DUSTSTORM OR SANDSTORM:
                                                       VSBY 1/2 MILE OR LESS
                                                   8 = SMOKE OR HAZE
[NO. OF DAYS WITH]      [WEATHER - DAYS WITH]      9 = BLOWING SNOW
                                                   X = TORNADO
MAX 32 OR BELOW:   0    0.01 INCH OR MORE:  15
MAX 90 OR ABOVE:  25    0.10 INCH OR MORE:  11
MIN 32 OR BELOW:   0    0.50 INCH OR MORE:   6
MIN  0 OR BELOW:   0    1.00 INCH OR MORE:   4

[HDD (BASE 65) ]
TOTAL THIS MO.     0    CLEAR  (SCALE 0-3)  25
DPTR FM NORMAL     0    PTCLDY (SCALE 4-7)   4
TOTAL FM JUL 1     0    CLOUDY (SCALE 8-10)  0
DPTR FM NORMAL     0

[CDD (BASE 65) ]
TOTAL THIS MO.   516
DPTR FM NORMAL    55    [PRESSURE DATA]
TOTAL FM JAN 1  1396    HIGHEST SLP M ON M
DPTR FM NORMAL   143    LOWEST  SLP 29.88 ON 26

[REMARKS]
