000
CXUS55 KLIX 011000
CF6MCB
PRELIMINARY LOCAL CLIMATOLOGICAL DATA (WS FORM: F-6)

                                          STATION:   MCCOMB
                                          MONTH:     JUNE
                                          YEAR:      2015
                                          LATITUDE:   31 10 N
                                          LONGITUDE:  90 28 W

  TEMPERATURE IN F:       :PCPN:    SNOW:  WIND      :SUNSHINE: SKY     :PK WND
================================================================================
1   2   3   4   5  6A  6B    7    8   9   10  11  12  13   14  15   16   17  18
                                     12Z  AVG MX 2MIN
DY MAX MIN AVG DEP HDD CDD  WTR  SNW DPTH SPD SPD DIR MIN PSBL S-S WX    SPD DR
================================================================================

 1  84  65  75  -1   0  10 0.00  0.0    0  2.5 10 320   M    M   7 12     14  20
 2  85  67  76  -1   0  11 0.00  0.0    0  5.1 12  10   M    M   1        14 330
 3  86  66  76  -1   0  11 0.00  0.0    0  4.7 10 330   M    M   1        12 310
 4  88  66  77   0   0  12 0.00  0.0    0  3.5 10  10   M    M   0        13  70
 5  90  66  78   1   0  13 0.00  0.0    0  3.2 10 360   M    M   2        13 350
 6  91  67  79   2   0  14 0.00  0.0    0  2.9 10  30   M    M   1 1      13  20
 7  91  69  80   2   0  15 0.00  0.0    0  1.7 13 300   M    M   2 1      16 310
 8  91  68  80   2   0  15 0.00  0.0    0  3.5 10 210   M    M   1 18     13 220
 9  80  69  75  -3   0  10 0.26  0.0    0  3.8 13 190   M    M   3 13     16 190
10  90  67  79   1   0  14 0.21  0.0    0  2.8 13 190   M    M   2 13     15 190
11  88  69  79   1   0  14 0.15  0.0    0  3.0 17 160   M    M   2 13     22 160
12  88  71  80   2   0  15 0.45  0.0    0  6.2 24 160   M    M   3 138    29 160
13  90  71  81   3   0  16 1.33  0.0    0  6.5 22 120   M    M   5 13     36 110
14  87  73  80   1   0  15 0.32  0.0    0  6.4 25 150   M    M   2 13     33 150
15  86  73  80   1   0  15 0.11  0.0    0  5.0 23 160   M    M   4 13     31 150
16  90  72  81   2   0  16 0.00  0.0    0  7.2 15 150   M    M   4 1      21 150
17  91  74  83   4   0  18 0.00  0.0    0  6.7 16 160   M    M   3 1      20 150
18  90  72  81   2   0  16 0.03  0.0    0  5.3 15 160   M    M   1 138    19 140
19  88  73  81   2   0  16 0.37  0.0    0  6.3 22 210   M    M   3 13     29 200
20  90  74  82   3   0  17 0.00  0.0    0  3.8 13 230   M    M   4 1      19 210
21  91  73  82   2   0  17 0.00  0.0    0  3.1  9 240   M    M   1 1      14 270
22  93  74  84   4   0  19 0.00  0.0    0  2.7  9 210   M    M   0 13     15 210
23  96  73  85   5   0  20 0.00  0.0    0  2.6 23 180   M    M   1 1      30 160
24  95  71  83   3   0  18 0.07  0.0    0  2.7 16  40   M    M   2 3      23  30
25  91  71  81   1   0  16 0.00  0.0    0  3.1 15 210   M    M   2 13     19 240
26  88  70  79  -1   0  14 0.21  0.0    0  3.4 13 270   M    M   2 13     17 270
27  88  74  81   1   0  16 0.16  0.0    0  6.6 17 270   M    M   3 13     22 270
28  88  73  81   1   0  16 0.33  0.0    0  3.0 10 330   M    M   4 13     15 320
29  86  69  78  -2   0  13 0.20  0.0    0  5.7 22 310   M    M   5 123    32 320
30  89  67  78  -2   0  13 0.13  0.0    0  6.3 26 240   M    M   2 138    39 240
================================================================================
SM 2669 2107         0 445  4.33     0.0 129.3          M       73
================================================================================
AV 89.0 70.2                               4.3 FASTST   M    M   2    MAX(MPH)
                                 MISC ---->  # 26 240               # 39  240
================================================================================
NOTES:
# LAST OF SEVERAL OCCURRENCES

COLUMN 17 PEAK WIND IN M.P.H.

PRELIMINARY LOCAL CLIMATOLOGICAL DATA (WS FORM: F-6) , PAGE 2

                                          STATION:  MCCOMB
                                          MONTH:    JUNE
                                          YEAR:     2015
                                          LATITUDE:   31 10 N
                                          LONGITUDE:  90 28 W

[TEMPERATURE DATA]      [PRECIPITATION DATA]       SYMBOLS USED IN COLUMN 16

AVERAGE MONTHLY: 79.6   TOTAL FOR MONTH:   4.33    1 = FOG OR MIST
DPTR FM NORMAL:   1.0   DPTR FM NORMAL:   -0.92    2 = FOG REDUCING VISIBILITY
HIGHEST:    96 ON 23    GRTST 24HR  1.62 ON 13-14      TO 1/4 MILE OR LESS
LOWEST:     65 ON  1                               3 = THUNDER
                        SNOW, ICE PELLETS, HAIL    4 = ICE PELLETS
                        TOTAL MONTH:   0.0 INCH    5 = HAIL
                        GRTST 24HR     0.0         6 = FREEZING RAIN OR DRIZZLE
                        GRTST DEPTH:   0           7 = DUSTSTORM OR SANDSTORM:
                                                       VSBY 1/2 MILE OR LESS
                                                   8 = SMOKE OR HAZE
[NO. OF DAYS WITH]      [WEATHER - DAYS WITH]      9 = BLOWING SNOW
                                                   X = TORNADO
MAX 32 OR BELOW:   0    0.01 INCH OR MORE:  15
MAX 90 OR ABOVE:  15    0.10 INCH OR MORE:  13
MIN 32 OR BELOW:   0    0.50 INCH OR MORE:   1
MIN  0 OR BELOW:   0    1.00 INCH OR MORE:   1

[HDD (BASE 65) ]
TOTAL THIS MO.     0    CLEAR  (SCALE 0-3)  22
DPTR FM NORMAL     0    PTCLDY (SCALE 4-7)   8
TOTAL FM JUL 1  1932    CLOUDY (SCALE 8-10)  0
DPTR FM NORMAL   -99

[CDD (BASE 65) ]
TOTAL THIS MO.   445
DPTR FM NORMAL    35    [PRESSURE DATA]
TOTAL FM JAN 1   975    HIGHEST SLP 30.17 ON 24
DPTR FM NORMAL   183    LOWEST  SLP 29.81 ON 10

[REMARKS]
#FINAL-06-15#
