000
CXUS55 KEAX 270736
CF6MCI
PRELIMINARY LOCAL CLIMATOLOGICAL DATA (WS FORM: F-6)

                                          STATION:   Kansas City International MO
                                          MONTH:     MARCH
                                          YEAR:      2017
                                          LATITUDE:   39 19 N
                                          LONGITUDE:  94 43 W

  TEMPERATURE IN F:       :PCPN:    SNOW:  WIND      :SUNSHINE: SKY     :PK WND
================================================================================
1   2   3   4   5  6A  6B    7    8   9   10  11  12  13   14  15   16   17  18
                                     12Z  AVG MX 2MIN
DY MAX MIN AVG DEP HDD CDD  WTR  SNW DPTH SPD SPD DIR MIN PSBL S-S WX    SPD DR
================================================================================

 1  51  34  43   4  22   0 0.00  0.0    0 14.1 24 300   M    M   5        32 280
 2  54  24  39   0  26   0 0.00  0.0    0  9.9 23 350   M    M   2 8      28 310
 3  55  22  39   0  26   0 0.00  0.0    0 13.2 23 150   M    M   3        31 150
 4  72  48  60  20   5   0 0.00  0.0    0 19.9 29 190   M    M   3        36 220
 5  60  54  57  17   8   0    T  0.0    0 21.4 29 190   M    M  10        40 200
 6  76  46  61  21   4   0 0.32  0.0    0 25.9 49 210   M    M   9 138    67 210
 7  59  32  46   5  19   0 0.00  0.0    0 11.4 30 270   M    M   2        41 260
 8  67  33  50   9  15   0 0.00  0.0    0  7.4 20 230   M    M   3        27 230
 9  62  33  48   6  17   0 0.00  0.0    0  9.2 25  20   M    M   4        30  20
10  42  25  34  -8  31   0 0.00  0.0    0 13.4 23  20   M    M   6        28  10
11  34  25  30 -12  35   0 0.09  0.4    T  8.5 17  70   M    M  10 1      22  70
12  42  23  33 -10  32   0 0.00  0.0    0  9.1 22 160   M    M   8 1      26 170
13  41  25  33 -10  32   0    T  0.0    0 14.4 24  10   M    M  10 16     32 320
14  34  23  29 -15  36   0 0.01    T    0  8.2 13 350   M    M   8 1      15 350
15  35  19  27 -17  38   0 0.00  0.0    0  8.5 14 210   M    M   7        18 190
16  68  32  50   6  15   0 0.00  0.0    0 15.3 26 160   M    M   7        33 160
17  73  47  60  15   5   0 0.00  0.0    0 10.5 22 200   M    M   8 1      28 190
18  65  36  51   6  14   0 0.00  0.0    0  6.4 14  10   M    M   5        18  20
19  87  48  68  23   0   3 0.00  0.0    0 17.3 28 190   M    M   6        36 180
20  79  56  68  22   0   3 0.00  0.0    0 11.5 20 200   M    M   3 18     26 200
21  61  43  52   6  13   0 0.00  0.0    0 16.0 26  30   M    M   5        36  30
22  56  36  46   0  19   0 0.00  0.0    0 15.2 23 100   M    M   9        28 100
23  80  50  65  18   0   0 0.00  0.0    0 19.4 31 190   M    M   6        38 180
24  69  55  62  15   3   0 0.14  0.0    0 11.0 23 190   M    M   8 138    33 200
25  57  44  51   3  14   0 0.35    M    0  9.6 20  20   M    M   9 12     23  30
26  52  42  47  -1  18   0 0.03  0.0    0  5.7 17  30   M    M  10 1      21  30
================================================================================
SM 1531  955       447   6  0.94     0.4 332.4          M      166
================================================================================
AV 58.9 36.7                              12.8 FASTST   M    M   6    MAX(MPH)
                                 MISC ---->  # 49 210               # 67  210
================================================================================
NOTES:
# LAST OF SEVERAL OCCURRENCES

COLUMN 17 PEAK WIND IN M.P.H.

PRELIMINARY LOCAL CLIMATOLOGICAL DATA (WS FORM: F-6) , PAGE 2

                                          STATION:  Kansas City International MO
                                          MONTH:    MARCH
                                          YEAR:     2017
                                          LATITUDE:   39 19 N
                                          LONGITUDE:  94 43 W

[TEMPERATURE DATA]      [PRECIPITATION DATA]       SYMBOLS USED IN COLUMN 16

AVERAGE MONTHLY: 47.8   TOTAL FOR MONTH:   0.94    1 = FOG OR MIST
DPTR FM NORMAL:   4.5   DPTR FM NORMAL:   -0.96    2 = FOG REDUCING VISIBILITY
HIGHEST:    87 ON 19    GRTST 24HR  0.35 ON 25-25      TO 1/4 MILE OR LESS
LOWEST:     19 ON 15                               3 = THUNDER
                        SNOW, ICE PELLETS, HAIL    4 = ICE PELLETS
                        TOTAL MONTH:   0.4 INCH    5 = HAIL
                        GRTST 24HR   0.4 ON   M    6 = FREEZING RAIN OR DRIZZLE
                        GRTST DEPTH:   T           7 = DUSTSTORM OR SANDSTORM:
                                                       VSBY 1/2 MILE OR LESS
                                                   8 = SMOKE OR HAZE
[NO. OF DAYS WITH]      [WEATHER - DAYS WITH]      9 = BLOWING SNOW
                                                   X = TORNADO
MAX 32 OR BELOW:   0    0.01 INCH OR MORE:   6
MAX 90 OR ABOVE:   0    0.10 INCH OR MORE:   3
MIN 32 OR BELOW:  10    0.50 INCH OR MORE:   0
MIN  0 OR BELOW:   0    1.00 INCH OR MORE:   0

[HDD (BASE 65) ]
TOTAL THIS MO.   447    CLEAR  (SCALE 0-3)   4
DPTR FM NORMAL  -118    PTCLDY (SCALE 4-7)  14
TOTAL FM JUL 1  3701    CLOUDY (SCALE 8-10)  8
DPTR FM NORMAL  -909

[CDD (BASE 65) ]
TOTAL THIS MO.     6
DPTR FM NORMAL     6    [PRESSURE DATA]
TOTAL FM JAN 1     6    HIGHEST SLP  0.00 ON M
DPTR FM NORMAL     6    LOWEST  SLP  0.00 ON M

[REMARKS]
