000
CXUS55 KEAX 220736
CF6MCI
PRELIMINARY LOCAL CLIMATOLOGICAL DATA (WS FORM: F-6)

                                          STATION:   Kansas City International MO
                                          MONTH:     FEBRUARY
                                          YEAR:      2017
                                          LATITUDE:   39 19 N
                                          LONGITUDE:  94 43 W

  TEMPERATURE IN F:       :PCPN:    SNOW:  WIND      :SUNSHINE: SKY     :PK WND
================================================================================
1   2   3   4   5  6A  6B    7    8   9   10  11  12  13   14  15   16   17  18
                                     12Z  AVG MX 2MIN
DY MAX MIN AVG DEP HDD CDD  WTR  SNW DPTH SPD SPD DIR MIN PSBL S-S WX    SPD DR
================================================================================

 1  40  26  33   3  32   0 0.00  0.0    0 12.0 20 350   M    M   8        24 340
 2  31  18  25  -5  40   0 0.00  0.0    0  9.7 20  10   M    M   7        25  10
 3  35  19  27  -3  38   0 0.00  0.0    0  6.4 13 350   M    M   7        17 340
 4  47  21  34   4  31   0 0.00  0.0    0 16.4 30 210   M    M   4        40 180
 5  49  26  38   7  27   0 0.00  0.0    0  7.2 16 220   M    M   4        19 220
 6  56  31  44  13  21   0    T  0.0    0  7.6 14 160   M    M   7 128    17 160
 7  51  27  39   8  26   0 0.00  0.0    0 11.5 20 320   M    M   9 128    26 320
 8  27  15  21 -10  44   0 0.00  0.0    0 12.7 26  10   M    M   7        32  20
 9  36  12  24  -8  41   0 0.00  0.0    0  8.3 15 150   M    M   7 8      19 340
10  69  32  51  19  14   0 0.00  0.0    0 19.0 30 220   M    M   7 8      38 200
11  67  47  57  25   8   0 0.00  0.0    0  8.5 16 360   M    M   5 18     21 360
12  52  33  43  11  22   0 0.00  0.0    0 12.0 25  10   M    M   4        32  10
13  50  28  39   6  26   0 0.00  0.0    0  4.8 14 190   M    M   7 8      16 200
14  55  33  44  11  21   0 0.00  0.0    0  8.4 17 360   M    M   7 8      20  10
15  52  27  40   7  25   0 0.00  0.0    0  7.9 16 350   M    M   1        20 340
16  73  33  53  19  12   0 0.00  0.0    0 14.8 24 240   M    M   4        32 240
17  74  44  59  25   6   0 0.00  0.0    0 13.6 23 200   M    M   1        29 200
18  72  38  55  21  10   0 0.00  0.0    0  5.4 12 150   M    M   1        16 220
19  74  44  59  24   6   0 0.00  0.0    0 10.1 20 180   M    M   5 1      23 160
20  69  56  63  28   2   0 0.06  0.0    0 12.8 23 160   M    M  10 1      28 200
21  72  43  58  22   7   0 0.00  0.0    0  6.3 12 360   M    M   4        15 350
================================================================================
SM 1151  653       459   0  0.06     0.0 215.4          M      116
================================================================================
AV 54.8 31.1                              10.3 FASTST   M    M   6    MAX(MPH)
                                 MISC ---->  # 30 210               # 40  180
================================================================================
NOTES:
# LAST OF SEVERAL OCCURRENCES

COLUMN 17 PEAK WIND IN M.P.H.

PRELIMINARY LOCAL CLIMATOLOGICAL DATA (WS FORM: F-6) , PAGE 2

                                          STATION:  Kansas City International MO
                                          MONTH:    FEBRUARY
                                          YEAR:     2017
                                          LATITUDE:   39 19 N
                                          LONGITUDE:  94 43 W

[TEMPERATURE DATA]      [PRECIPITATION DATA]       SYMBOLS USED IN COLUMN 16

AVERAGE MONTHLY: 43.0   TOTAL FOR MONTH:   0.06    1 = FOG OR MIST
DPTR FM NORMAL:  10.6   DPTR FM NORMAL:   -1.00    2 = FOG REDUCING VISIBILITY
HIGHEST:    74 ON 19,17 GRTST 24HR  0.06 ON 20-20      TO 1/4 MILE OR LESS
LOWEST:     12 ON  9                               3 = THUNDER
                        SNOW, ICE PELLETS, HAIL    4 = ICE PELLETS
                        TOTAL MONTH:   0.0 INCH    5 = HAIL
                        GRTST 24HR     0.0         6 = FREEZING RAIN OR DRIZZLE
                        GRTST DEPTH:   0           7 = DUSTSTORM OR SANDSTORM:
                                                       VSBY 1/2 MILE OR LESS
                                                   8 = SMOKE OR HAZE
[NO. OF DAYS WITH]      [WEATHER - DAYS WITH]      9 = BLOWING SNOW
                                                   X = TORNADO
MAX 32 OR BELOW:   2    0.01 INCH OR MORE:   1
MAX 90 OR ABOVE:   0    0.10 INCH OR MORE:   0
MIN 32 OR BELOW:  12    0.50 INCH OR MORE:   0
MIN  0 OR BELOW:   0    1.00 INCH OR MORE:   0

[HDD (BASE 65) ]
TOTAL THIS MO.   459    CLEAR  (SCALE 0-3)   3
DPTR FM NORMAL  -227    PTCLDY (SCALE 4-7)  15
TOTAL FM JUL 1  3121    CLOUDY (SCALE 8-10)  3
DPTR FM NORMAL  -729

[CDD (BASE 65) ]
TOTAL THIS MO.     0
DPTR FM NORMAL     0    [PRESSURE DATA]
TOTAL FM JAN 1     0    HIGHEST SLP  0.00 ON M
DPTR FM NORMAL     0    LOWEST  SLP  0.00 ON M

[REMARKS]
