000
CXUS55 KEAX 270736
CF6MCI
PRELIMINARY LOCAL CLIMATOLOGICAL DATA (WS FORM: F-6)

                                          STATION:   Kansas City International MO
                                          MONTH:     FEBRUARY
                                          YEAR:      2015
                                          LATITUDE:   39 19 N
                                          LONGITUDE:  94 43 W

  TEMPERATURE IN F:       :PCPN:    SNOW:  WIND      :SUNSHINE: SKY     :PK WND
================================================================================
1   2   3   4   5  6A  6B    7    8   9   10  11  12  13   14  15   16   17  18
                                     12Z  AVG MX 2MIN
DY MAX MIN AVG DEP HDD CDD  WTR  SNW DPTH SPD SPD DIR MIN PSBL S-S WX    SPD DR
================================================================================

 1  34  13  24  -6  41   0 0.34  2.5    2 14.3 31 320   M    M  10 12     41 320
 2  23   1  12 -18  53   0 0.00  0.0    2  8.6 18 340   M    M   3        23 340
 3  46  16  31   1  34   0 0.00  0.0    2 10.9 25 210   M    M   2        31 210
 4  36   7  22  -8  43   0 0.05  0.8    0 12.4 23 360   M    M   7 1      27 350
 5  28   2  15 -16  50   0 0.00  0.0    1  8.7 16 210   M    M   4 18     21 210
 6  54  26  40   9  25   0 0.00  0.0    0 15.9 25 210   M    M   4        32 210
 7  62  38  50  19  15   0 0.00  0.0    0 15.5 23 200   M    M   2 1      28 200
 8  62  38  50  19  15   0    T  0.0    0 10.6 18 320   M    M   5 18     25 310
 9  40  32  36   4  29   0 0.00  0.0    0 10.0 17  10   M    M  10 18     22  10
10  50  28  39   7  26   0 0.00  0.0    0  7.7 16 140   M    M   4        20 110
11  39  25  32   0  33   0 0.00  0.0    0 12.3 25 350   M    M   6        32 350
12  32  10  21 -11  44   0 0.00  0.0    0 10.1 29 350   M    M   8        37 350
13  45  19  32  -1  33   0 0.00  0.0    0  8.0 14 270   M    M   6        19 280
14  38  16  27  -6  38   0 0.00  0.0    0 14.1 30  20   M    M   4        36  20
15  19  12  16 -17  49   0 0.19  2.1    2 13.0 18  70   M    M  10 1      24  80
16  22  12  17 -17  48   0 0.01  0.3    2  6.8 12  40   M    M   9 1      14  70
17  30  14  22 -12  43   0 0.02  0.3    2  9.0 18 310   M    M   6 1      24 310
18  18   8  13 -21  52   0 0.00  0.0    1 11.0 24 330   M    M   1        31 320
19  17   3  10 -25  55   0 0.08  1.5    1  7.0 14 150   M    M   7 1      17 140
20  36  13  25 -10  40   0 0.14    T    2  8.4 16 140   M    M   7 168    19 130
21  47  25  36   0  29   0 0.04    T    1  9.4 22  10   M    M   4 146    26 340
22  25  13  19 -17  46   0 0.00  0.0    0 15.1 28  20   M    M   7        32  10
23  22   7  15 -21  50   0 0.00  0.0    0  6.4 17  30   M    M   5        20  30
24  45  11  28  -9  37   0 0.00  0.0    0 11.1 22 250   M    M   1        27 250
25  54  18  36  -1  29   0 0.01    T    0 13.2 33 350   M    M   6 16     42 360
26  20   3  12 -25  53   0    T  0.0    0 16.6 31 360   M    M   3 6      38  10
================================================================================
SM  944  410      1010   0  0.88     7.5 286.1          M      141
================================================================================
AV 36.3 15.8                              11.0 FASTST   M    M   5    MAX(MPH)
                                 MISC ---->  # 33 350               # 42  360
================================================================================
NOTES:
# LAST OF SEVERAL OCCURRENCES

COLUMN 17 PEAK WIND IN M.P.H.

PRELIMINARY LOCAL CLIMATOLOGICAL DATA (WS FORM: F-6) , PAGE 2

                                          STATION:  Kansas City International MO
                                          MONTH:    FEBRUARY
                                          YEAR:     2015
                                          LATITUDE:   39 19 N
                                          LONGITUDE:  94 43 W

[TEMPERATURE DATA]      [PRECIPITATION DATA]       SYMBOLS USED IN COLUMN 16

AVERAGE MONTHLY: 26.0   TOTAL FOR MONTH:   0.88    1 = FOG OR MIST
DPTR FM NORMAL:  -7.1   DPTR FM NORMAL:   -0.46    2 = FOG REDUCING VISIBILITY
HIGHEST:    62 ON  8, 7 GRTST 24HR  1.17 ON 31- 1      TO 1/4 MILE OR LESS
LOWEST:      1 ON  2                               3 = THUNDER
                        SNOW, ICE PELLETS, HAIL    4 = ICE PELLETS
                        TOTAL MONTH:   7.5 INCHES  5 = HAIL
                        GRTST 24HR   2.5 ON  1- 1  6 = FREEZING RAIN OR DRIZZLE
                        GRTST DEPTH:   2 ON 20,17  7 = DUSTSTORM OR SANDSTORM:
                                                       VSBY 1/2 MILE OR LESS
                                                   8 = SMOKE OR HAZE
[NO. OF DAYS WITH]      [WEATHER - DAYS WITH]      9 = BLOWING SNOW
                                                   X = TORNADO
MAX 32 OR BELOW:  11    0.01 INCH OR MORE:   9
MAX 90 OR ABOVE:   0    0.10 INCH OR MORE:   3
MIN 32 OR BELOW:  24    0.50 INCH OR MORE:   0
MIN  0 OR BELOW:   0    1.00 INCH OR MORE:   0

[HDD (BASE 65) ]
TOTAL THIS MO.  1010    CLEAR  (SCALE 0-3)   6
DPTR FM NORMAL   182    PTCLDY (SCALE 4-7)  16
TOTAL FM JUL 1  4112    CLOUDY (SCALE 8-10)  4
DPTR FM NORMAL   120

[CDD (BASE 65) ]
TOTAL THIS MO.     0
DPTR FM NORMAL     0    [PRESSURE DATA]
TOTAL FM JAN 1     0    HIGHEST SLP  0.00 ON M
DPTR FM NORMAL     0    LOWEST  SLP  0.00 ON M

[REMARKS]
