000
CXUS52 KFFC 161110
CF6MCN
PRELIMINARY LOCAL CLIMATOLOGICAL DATA (WS FORM: F-6)

                                          STATION:   MACON
                                          MONTH:     AUGUST
                                          YEAR:      2017
                                          LATITUDE:   32 42 N
                                          LONGITUDE:  83 39 W

  TEMPERATURE IN F:       :PCPN:    SNOW:  WIND      :SUNSHINE: SKY     :PK WND
================================================================================
1   2   3   4   5  6A  6B    7    8   9   10  11  12  13   14  15   16   17  18
                                     12Z  AVG MX 2MIN
DY MAX MIN AVG DEP HDD CDD  WTR  SNW DPTH SPD SPD DIR MIN PSBL S-S WX    SPD DR
================================================================================

 1  90  60  75  -7   0  10 0.00  0.0    0  3.6 14  60   M    M   0        19  70
 2  89  62  76  -6   0  11 0.00  0.0    0  4.2 12  70   M    M   1 8      15  60
 3  88  70  79  -3   0  14 1.45  0.0    0  3.6 25 230   M    M   5 138    35 230
 4  86  71  79  -3   0  14 0.78  0.0    0  5.4 24 190   M    M  10 13     30 200
 5  90  73  82   0   0  17 0.00  0.0    0  4.0 13 210   M    M   5        15 200
 6  89  73  81  -1   0  16 0.43  0.0    0  3.5 28 250   M    M   3 1      38 250
 7  91  75  83   1   0  18 0.00  0.0    0  6.2 16 270   M    M   3        21 280
 8  82  75  79  -3   0  14 0.27  0.0    0  2.8 10 360   M    M   6 1      12 330
 9  83  74  79  -3   0  14 0.36  0.0    0  3.1 15  30   M    M   8 138    17  20
10  88  73  81  -1   0  16    T  0.0    0  3.9 12 280   M    M   7 13     15 130
11  92  75  84   3   0  19 0.11  0.0    0  3.2 15 130   M    M   6 13     17 120
12  91  74  83   2   0  18 0.16  0.0    0  3.2 15 290   M    M   4 18     19 280
13  93  73  83   2   0  18 0.00  0.0    0  2.5  9 260   M    M   3        12 260
14  93  74  84   3   0  19 0.02  0.0    0  3.7 24  90   M    M   3 3      33  90
15  95  73  84   3   0  19 0.08  0.0    M  7.0 14 280   M    M   3 13     22 280
================================================================================
SM 1340 1075         0 237  3.66     0.0  59.9          M       67
================================================================================
AV 89.3 71.7                               4.0 FASTST   M    M   4    MAX(MPH)
                                 MISC ---->  # 28 250               # 38  250
================================================================================
NOTES:
# LAST OF SEVERAL OCCURRENCES

COLUMN 17 PEAK WIND IN M.P.H.

PRELIMINARY LOCAL CLIMATOLOGICAL DATA (WS FORM: F-6) , PAGE 2

                                          STATION:  MACON
                                          MONTH:    AUGUST
                                          YEAR:     2017
                                          LATITUDE:   32 42 N
                                          LONGITUDE:  83 39 W

[TEMPERATURE DATA]      [PRECIPITATION DATA]       SYMBOLS USED IN COLUMN 16

AVERAGE MONTHLY: 80.5   TOTAL FOR MONTH:   3.66    1 = FOG OR MIST
DPTR FM NORMAL:  -1.2   DPTR FM NORMAL:    1.67    2 = FOG REDUCING VISIBILITY
HIGHEST:    95 ON 15    GRTST 24HR  1.45 ON  3- 3      TO 1/4 MILE OR LESS
LOWEST:     60 ON  1                               3 = THUNDER
                        SNOW, ICE PELLETS, HAIL    4 = ICE PELLETS
                        TOTAL MONTH:   0.0 INCH    5 = HAIL
                        GRTST 24HR     0.0         6 = FREEZING RAIN OR DRIZZLE
                        GRTST DEPTH:   0           7 = DUSTSTORM OR SANDSTORM:
                                                       VSBY 1/2 MILE OR LESS
                                                   8 = SMOKE OR HAZE
[NO. OF DAYS WITH]      [WEATHER - DAYS WITH]      9 = BLOWING SNOW
                                                   X = TORNADO
MAX 32 OR BELOW:   0    0.01 INCH OR MORE:   9
MAX 90 OR ABOVE:   8    0.10 INCH OR MORE:   7
MIN 32 OR BELOW:   0    0.50 INCH OR MORE:   2
MIN  0 OR BELOW:   0    1.00 INCH OR MORE:   1

[HDD (BASE 65) ]
TOTAL THIS MO.     0    CLEAR  (SCALE 0-3)   6
DPTR FM NORMAL     0    PTCLDY (SCALE 4-7)   8
TOTAL FM JUL 1     0    CLOUDY (SCALE 8-10)  1
DPTR FM NORMAL     0

[CDD (BASE 65) ]
TOTAL THIS MO.   237
DPTR FM NORMAL   -12    [PRESSURE DATA]
TOTAL FM JAN 1  1616    HIGHEST SLP M ON M
DPTR FM NORMAL   114    LOWEST  SLP 29.87 ON 14

[REMARKS]
