451
CXUS52 KMLB 230627
CF6MCO
PRELIMINARY LOCAL CLIMATOLOGICAL DATA (WS FORM: F-6)

                                          STATION:   ORLANDO INTL
                                          MONTH:     AUGUST
                                          YEAR:      2017
                                          LATITUDE:   28 25 N
                                          LONGITUDE:  81 19 W

  TEMPERATURE IN F:       :PCPN:    SNOW:  WIND      :SUNSHINE: SKY     :PK WND
================================================================================
1   2   3   4   5  6A  6B    7    8   9   10  11  12  13   14  15   16   17  18
                                     12Z  AVG MX 2MIN
DY MAX MIN AVG DEP HDD CDD  WTR  SNW DPTH SPD SPD DIR MIN PSBL S-S WX    SPD DR
================================================================================

 1  92  74  83   0   0  18 0.81  0.0    0  6.2 22 190   M    M   6 13     25 190
 2  86  73  80  -3   0  15 0.08  0.0    0  5.9 30 200   M    M   8 13     39 200
 3  93  74  84   1   0  19 0.53  0.0    0  7.3 25 290   M    M   7 13     33 300
 4  92  73  83   0   0  18 0.00  0.0    0  5.2 18 310   M    M   8        23 320
 5  94  74  84   1   0  19 1.07  0.0    0  4.7 39 170   M    M   8 138    52 140
 6  93  75  84   1   0  19 0.00  0.0    0  6.2 16 110   M    M   5        20 120
 7  93  77  85   2   0  20 0.01  0.0    0  8.5 18 110   M    M   4        23 110
 8  94  76  85   2   0  20 0.04  0.0    0  5.8 18 100   M    M   6 3      21 100
 9  93  78  86   3   0  21 0.00  0.0    0  6.0 13 100   M    M   7        19 100
10  93  77  85   2   0  20 0.00  0.0    0  9.3 20 360   M    M   6        24  40
11  90  77  84   1   0  19    T  0.0    0  7.0 15 310   M    M   8        18 310
12  92  74  83   0   0  18 0.80  0.0    0  5.2 26 200   M    M   8 123    31 200
13  89  74  82  -1   0  17 0.23  0.0    0  3.9 21 210   M    M   5 13     25 280
14  93  74  84   1   0  19    T  0.0    0  5.5 21 230   M    M   4 3      26 230
15  93  75  84   1   0  19    T  0.0    0  5.9 18 270   M    M   5 3      24 270
16  93  74  84   1   0  19    T  0.0    0  3.5 23 330   M    M   6 3      30 330
17  93  73  83   0   0  18 1.23  0.0    0  3.0 26  20   M    M   4 13     31  20
18  92  73  83   0   0  18    T  0.0    0  3.3 15 340   M    M   5         M  M
19  93  72  83   0   0  18 0.00  0.0    0  3.8 14 110   M    M   5        20 110
20  88  76  82  -1   0  17 0.01  0.0    0  4.2 15 110   M    M   8        23 110
21  90  77  84   1   0  19    T  0.0    0  7.7 17  60   M    M   3        20 100
22  94  75  85   2   0  20 0.00  0.0    0  7.6 16  60   M    M   2        20  30
================================================================================
SM 2023 1645         0 410  4.81     0.0 125.7          M      128
================================================================================
AV 92.0 74.8                               5.7 FASTST   M    M   6    MAX(MPH)
                                 MISC ---->  # 39 170               # 52  140
================================================================================
NOTES:
# LAST OF SEVERAL OCCURRENCES

COLUMN 17 PEAK WIND IN M.P.H.

PRELIMINARY LOCAL CLIMATOLOGICAL DATA (WS FORM: F-6) , PAGE 2

                                          STATION:  ORLANDO INTL
                                          MONTH:    AUGUST
                                          YEAR:     2017
                                          LATITUDE:   28 25 N
                                          LONGITUDE:  81 19 W

[TEMPERATURE DATA]      [PRECIPITATION DATA]       SYMBOLS USED IN COLUMN 16

AVERAGE MONTHLY: 83.4   TOTAL FOR MONTH:   4.81    1 = FOG OR MIST
DPTR FM NORMAL:   0.4   DPTR FM NORMAL:   -0.33    2 = FOG REDUCING VISIBILITY
HIGHEST:    94 ON 22, 8 GRTST 24HR  1.23 ON 17-17      TO 1/4 MILE OR LESS
LOWEST:     72 ON 19                               3 = THUNDER
                        SNOW, ICE PELLETS, HAIL    4 = ICE PELLETS
                        TOTAL MONTH:   0.0 INCH    5 = HAIL
                        GRTST 24HR     0.0         6 = FREEZING RAIN OR DRIZZLE
                        GRTST DEPTH:   0           7 = DUSTSTORM OR SANDSTORM:
                                                       VSBY 1/2 MILE OR LESS
                                                   8 = SMOKE OR HAZE
[NO. OF DAYS WITH]      [WEATHER - DAYS WITH]      9 = BLOWING SNOW
                                                   X = TORNADO
MAX 32 OR BELOW:   0    0.01 INCH OR MORE:  10
MAX 90 OR ABOVE:  19    0.10 INCH OR MORE:   6
MIN 32 OR BELOW:   0    0.50 INCH OR MORE:   5
MIN  0 OR BELOW:   0    1.00 INCH OR MORE:   2

[HDD (BASE 65) ]
TOTAL THIS MO.     0    CLEAR  (SCALE 0-3)   1
DPTR FM NORMAL     0    PTCLDY (SCALE 4-7)  19
TOTAL FM JUL 1     0    CLOUDY (SCALE 8-10)  2
DPTR FM NORMAL     0

[CDD (BASE 65) ]
TOTAL THIS MO.   410
DPTR FM NORMAL    14    [PRESSURE DATA]
TOTAL FM JAN 1  2438    HIGHEST SLP M ON M
DPTR FM NORMAL   202    LOWEST  SLP 29.91 ON 14

[REMARKS]
