000
CXUS53 KDMX 211228
CF6MCW
PRELIMINARY LOCAL CLIMATOLOGICAL DATA (WS FORM: F-6)

                                          STATION:   MASON CITY IA
                                          MONTH:     FEBRUARY
                                          YEAR:      2018
                                          LATITUDE:   43  9 N
                                          LONGITUDE:  93 20 W

  TEMPERATURE IN F:       :PCPN:    SNOW:  WIND      :SUNSHINE: SKY     :PK WND
================================================================================
1   2   3   4   5  6A  6B    7    8   9   10  11  12  13   14  15   16   17  18
                                     12Z  AVG MX 2MIN
DY MAX MIN AVG DEP HDD CDD  WTR  SNW DPTH SPD SPD DIR MIN PSBL S-S WX    SPD DR
================================================================================

 1  16   0   8  -9  57   0    T    T    0 21.4 36 330   M    M   1        42 330
 2  18  -4   7 -10  58   0    T    T    0  9.0 17 160   M    M   4        21 160
 3  36  15  26   9  39   0    T    T    0 11.1 28 350   M    M  10 18     32 360
 4  13  -1   6 -11  59   0    T    T    0 17.7 31 340   M    M   4 18     36 340
 5  12  -1   6 -12  59   0 0.13  1.8    0 11.0 21 320   M    M   5 18     26 320
 6   7 -11  -2 -20  67   0 0.02  0.5    2  6.4 16 330   M    M   6 18     21 330
 7  11  -4   4 -14  61   0 0.01  0.2    3  9.4 17 330   M    M   3 18     21 320
 8  17   3  10  -8  55   0 0.22  2.8    4  4.6 17  40   M    M   8 18     20  40
 9  13   1   7 -12  58   0 0.02  0.3    7 13.5 20  10   M    M   4 18     24  10
10  11  -7   2 -17  63   0 0.00  0.0    6  6.0 15 340   M    M   2        17 340
11  14  -1   7 -12  58   0 0.00  0.0    6 11.7 21 280   M    M   2        24 270
12  13  -4   5 -15  60   0 0.00  0.0    5  7.5 17 340   M    M   0 8      19 340
13  25  10  18  -2  47   0 0.00  0.0    5 12.1 22 180   M    M   4 18     25 180
14  41  11  26   6  39   0 0.00  0.0    5 12.9 25 230   M    M   M 1      33 220
15  38  17  28   8  37   0    T    T    3 15.8 33 330   M    M   7 1      37 320
16  20   3  12  -9  53   0 0.00  0.0    2 15.1 33 330   M    M   0        42 330
17  32  18  25   4  40   0 0.05  1.0    2 11.6 21 310   M    M   5 128    24 310
18  43  12  28   6  37   0 0.00  0.0    3 13.3 32 160   M    M   2 1      40 170
19  37  25  31   9  34   0 0.04    T    2 14.1 24  30   M    M  10 16     29  30
20  29  10  20  -2  45   0 0.14    T    1 15.7 26 310   M    M   8 16     31 300
================================================================================
SM  446   92      1026   0  0.63     6.6 239.9          M       85
================================================================================
AV 22.3  4.6                              12.0 FASTST   M    M   4    MAX(MPH)
                                 MISC ---->  # 36 330               # 42  330
================================================================================
NOTES:
# LAST OF SEVERAL OCCURRENCES

COLUMN 17 PEAK WIND IN M.P.H.

PRELIMINARY LOCAL CLIMATOLOGICAL DATA (WS FORM: F-6) , PAGE 2

                                          STATION:  MASON CITY IA
                                          MONTH:    FEBRUARY
                                          YEAR:     2018
                                          LATITUDE:   43  9 N
                                          LONGITUDE:  93 20 W

[TEMPERATURE DATA]      [PRECIPITATION DATA]       SYMBOLS USED IN COLUMN 16

AVERAGE MONTHLY: 13.5   TOTAL FOR MONTH:   0.63    1 = FOG OR MIST
DPTR FM NORMAL:  -5.8   DPTR FM NORMAL:   -0.03    2 = FOG REDUCING VISIBILITY
HIGHEST:    43 ON 18    GRTST 24HR  0.22 ON  8- 8      TO 1/4 MILE OR LESS
LOWEST:    -11 ON  6                               3 = THUNDER
                        SNOW, ICE PELLETS, HAIL    4 = ICE PELLETS
                        TOTAL MONTH:   6.6 INCHES  5 = HAIL
                        GRTST 24HR   2.8 ON   M    6 = FREEZING RAIN OR DRIZZLE
                        GRTST DEPTH:   7 ON  9     7 = DUSTSTORM OR SANDSTORM:
                                                       VSBY 1/2 MILE OR LESS
                                                   8 = SMOKE OR HAZE
[NO. OF DAYS WITH]      [WEATHER - DAYS WITH]      9 = BLOWING SNOW
                                                   X = TORNADO
MAX 32 OR BELOW:  15    0.01 INCH OR MORE:   8
MAX 90 OR ABOVE:   0    0.10 INCH OR MORE:   3
MIN 32 OR BELOW:  20    0.50 INCH OR MORE:   0
MIN  0 OR BELOW:   9    1.00 INCH OR MORE:   0

[HDD (BASE 65) ]
TOTAL THIS MO.  1026    CLEAR  (SCALE 0-3)   7
DPTR FM NORMAL   112    PTCLDY (SCALE 4-7)  10
TOTAL FM JUL 1  5437    CLOUDY (SCALE 8-10)  2
DPTR FM NORMAL   -88

[CDD (BASE 65) ]
TOTAL THIS MO.     0
DPTR FM NORMAL     0    [PRESSURE DATA]
TOTAL FM JAN 1     0    HIGHEST SLP M ON M
DPTR FM NORMAL     0    LOWEST  SLP 29.66 ON  3

[REMARKS]
