000
CXUS53 KDMX 210920
CF6MCW
PRELIMINARY LOCAL CLIMATOLOGICAL DATA (WS FORM: F-6)

                                          STATION:   MASON CITY IA
                                          MONTH:     DECEMBER
                                          YEAR:      2014
                                          LATITUDE:   43  9 N
                                          LONGITUDE:  93 20 W

  TEMPERATURE IN F:       :PCPN:    SNOW:  WIND      :SUNSHINE: SKY     :PK WND
================================================================================
1   2   3   4   5  6A  6B    7    8   9   10  11  12  13   14  15   16   17  18
                                     12Z  AVG MX 2MIN
DY MAX MIN AVG DEP HDD CDD  WTR  SNW DPTH SPD SPD DIR MIN PSBL S-S WX    SPD DR
================================================================================

 1  11   2   7 -18  58   0 0.00  0.0    1 10.6 23 340   M    M   0        26 340
 2  30   9  20  -4  45   0 0.00  0.0    1 12.7 21 190   M    M   4        26 170
 3  28  12  20  -4  45   0 0.00  0.0    T 10.0 22 310   M    M   0        27 300
 4  33  16  25   2  40   0 0.00  0.0    T 11.3 23 150   M    M   5        29 150
 5  34  29  32   9  33   0 0.00  0.0    0  7.6 14  10   M    M  10 12     18 360
 6  38  20  29   7  36   0 0.00  0.0    0  7.1 17  10   M    M   3 18     21  10
 7  35  26  31   9  34   0 0.10  0.0    0 15.7 28 160   M    M   6 1368   36 160
 8  36  23  30   8  35   0    T  0.0    0 17.5 28 300   M    M  10 1      34 300
 9  33  18  26   5  39   0    T    T    0  8.1 20 330   M    M   7 1      24 330
10  30  21  26   5  39   0 0.00  0.0    0  7.6 14 140   M    M  10 18     18 150
11  31  25  28   8  37   0 0.00  0.0    0  7.3 13 210   M    M  10 1      16 210
12  39  27  33  13  32   0 0.00  0.0    0  8.9 16 220   M    M   8 1      20 210
13  48  27  38  18  27   0 0.00  0.0    0  8.0 14 220   M    M   9 12     16 220
14  51  44  48  28  17   0 0.00  0.0    0  8.8 15 180   M    M  10 12     18 180
15  47  34  41  22  24   0 0.31  0.0    0 12.0 30 340   M    M  10 12     37 330
16  34  15  25   6  40   0    T    T    0 22.5 35 330   M    M  10 18     41 330
17  22   9  16  -3  49   0 0.00  0.0    T  9.3 17 300   M    M   2        21 310
18  24  14  19   1  46   0 0.00  0.0    0  1.9  9  30   M    M   9        10  30
19  30  23  27   9  38   0 0.00  0.0    0  8.4 14 160   M    M  10 18     17 150
20  32  28  30  12  35   0 0.00  0.0    0  8.2 15 150   M    M  10 12     18 150
================================================================================
SM  666  422       749   0  0.41    T    203.5          M      143
================================================================================
AV 33.3 21.1                              10.2 FASTST   M    M   7    MAX(MPH)
                                 MISC ---->  # 35 330               # 41  330
================================================================================
NOTES:
# LAST OF SEVERAL OCCURRENCES

COLUMN 17 PEAK WIND IN M.P.H.

PRELIMINARY LOCAL CLIMATOLOGICAL DATA (WS FORM: F-6) , PAGE 2

                                          STATION:  MASON CITY IA
                                          MONTH:    DECEMBER
                                          YEAR:     2014
                                          LATITUDE:   43  9 N
                                          LONGITUDE:  93 20 W

[TEMPERATURE DATA]      [PRECIPITATION DATA]       SYMBOLS USED IN COLUMN 16

AVERAGE MONTHLY: 27.2   TOTAL FOR MONTH:   0.41    1 = FOG OR MIST
DPTR FM NORMAL:   6.3   DPTR FM NORMAL:   -0.45    2 = FOG REDUCING VISIBILITY
HIGHEST:    51 ON 14    GRTST 24HR  0.31 ON 15-15      TO 1/4 MILE OR LESS
LOWEST:      2 ON  1                               3 = THUNDER
                        SNOW, ICE PELLETS, HAIL    4 = ICE PELLETS
                        TOTAL MONTH:    T          5 = HAIL
                        GRTST 24HR    T  ON 16-16  6 = FREEZING RAIN OR DRIZZLE
                        GRTST DEPTH:   1 ON  2, 1  7 = DUSTSTORM OR SANDSTORM:
                                                       VSBY 1/2 MILE OR LESS
                                                   8 = SMOKE OR HAZE
[NO. OF DAYS WITH]      [WEATHER - DAYS WITH]      9 = BLOWING SNOW
                                                   X = TORNADO
MAX 32 OR BELOW:   9    0.01 INCH OR MORE:   2
MAX 90 OR ABOVE:   0    0.10 INCH OR MORE:   2
MIN 32 OR BELOW:  18    0.50 INCH OR MORE:   0
MIN  0 OR BELOW:   0    1.00 INCH OR MORE:   0

[HDD (BASE 65) ]
TOTAL THIS MO.   749    CLEAR  (SCALE 0-3)   4
DPTR FM NORMAL  -133    PTCLDY (SCALE 4-7)   5
TOTAL FM JUL 1  2648    CLOUDY (SCALE 8-10) 11
DPTR FM NORMAL    86

[CDD (BASE 65) ]
TOTAL THIS MO.     0
DPTR FM NORMAL     0    [PRESSURE DATA]
TOTAL FM JAN 1   544    HIGHEST SLP M ON M
DPTR FM NORMAL   -72    LOWEST  SLP 29.55 ON 15

[REMARKS]
