000
CXUS56 KPDT 241032
CF6MEH
PRELIMINARY LOCAL CLIMATOLOGICAL DATA (WS FORM: F-6)

                                          STATION:   MEACHAM OR
                                          MONTH:     JULY
                                          YEAR:      2016
                                          LATITUDE:   45 30 N
                                          LONGITUDE: 118 24 W

  TEMPERATURE IN F:       :PCPN:    SNOW:  WIND      :SUNSHINE: SKY     :PK WND
================================================================================
1   2   3   4   5  6A  6B    7    8   9   10  11  12  13   14  15   16   17  18
                                     12Z  AVG MX 2MIN
DY MAX MIN AVG DEP HDD CDD  WTR  SNW DPTH SPD SPD DIR MIN PSBL S-S WX    SPD DR
================================================================================

 1  81  38  60   3   5   0 0.00  0.0    M  1.6  8 270   M    M   0        14 240
 2  80  43  62   5   3   0    T    M    0  1.3  7 260   M    M   1        12 300
 3  75  46  61   4   4   0 0.00  0.0    0  3.0 10 310   M    M   0        22 310
 4  71  40  56  -1   9   0 0.00  0.0    0  2.9  9 280   M    M   0        19 280
 5  69  38  54  -4  11   0 0.00  0.0    0  2.3  9 300   M    M   4        17 280
 6  70  43  57  -1   8   0 0.00  0.0    0  2.4  8 270   M    M   5        15 300
 7  74  38  56  -2   9   0 0.01  0.0    0  1.2  7 290   M    M   4        14 280
 8  69  52  61   3   4   0 0.22  0.0    0  0.3  6 270   M    M   9 12     10 260
 9  67  50  59   1   6   0 0.21  0.0    0  1.2  7 280   M    M   7 1      13 270
10  61  46  54  -5  11   0 0.12  0.0    0  1.3  9 280   M    M   9 1      16 280
11  68  44  56  -3   9   0 0.00  0.0    0  1.1  7 290   M    M   6        11 210
12  69  41  55  -4  10   0 0.03    M    0  1.2  9 270   M    M   5        17 290
13  74  38  56  -3   9   0 0.00  0.0    0  1.2  7  40   M    M   0        13  30
14  81  37  59   0   6   0 0.00  0.0    0  1.1  8 300   M    M   0        14 320
15  72  39  56  -4   9   0 0.00  0.0    0  2.1  8 280   M    M   0        15 280
16  73  37  55  -5  10   0 0.00  0.0    0  1.3  8 270   M    M   M        14 290
17  76  39  58  -2   7   0    T  0.0    M  1.2  9  40   M    M   M        10  10
18  71  46  59  -1   6   0 0.03    M    M  1.9  9 250   M    M   2        18 280
19  71  40  56  -4   9   0    T    M    0  0.8  7 360   M    M   2        13 320
20  77  41  59  -1   6   0 0.00  0.0    0  1.5 10  30   M    M   0        14  40
21  86  42  64   4   1   0 0.00  0.0    0  1.7  9  20   M    M   0 8      18  30
22  73  46  60   0   5   0 0.00  0.0    0  2.1  9 270   M    M   1        19 270
23  75  38  57  -3   8   0 0.00  0.0    0  1.0  7 270   M    M   0        13 300
================================================================================
SM 1683  962       165   0  0.62     0.0  35.7          M       55
================================================================================
AV 73.2 41.8                               1.6 FASTST   M    M   3    MAX(MPH)
                                 MISC ---->  # 10 310               # 22  310
================================================================================
NOTES:
# LAST OF SEVERAL OCCURRENCES

COLUMN 17 PEAK WIND IN M.P.H.

PRELIMINARY LOCAL CLIMATOLOGICAL DATA (WS FORM: F-6) , PAGE 2

                                          STATION:  MEACHAM OR
                                          MONTH:    JULY
                                          YEAR:     2016
                                          LATITUDE:   45 30 N
                                          LONGITUDE: 118 24 W

[TEMPERATURE DATA]      [PRECIPITATION DATA]       SYMBOLS USED IN COLUMN 16

AVERAGE MONTHLY: 57.5   TOTAL FOR MONTH:   0.62    1 = FOG OR MIST
DPTR FM NORMAL:  -1.3   DPTR FM NORMAL:    0.08    2 = FOG REDUCING VISIBILITY
HIGHEST:    86 ON 21    GRTST 24HR  0.39 ON  8- 9      TO 1/4 MILE OR LESS
LOWEST:     37 ON 16,14                            3 = THUNDER
                        SNOW, ICE PELLETS, HAIL    4 = ICE PELLETS
                        TOTAL MONTH:   0.0 INCH    5 = HAIL
                        GRTST 24HR     0.0         6 = FREEZING RAIN OR DRIZZLE
                        GRTST DEPTH:   0           7 = DUSTSTORM OR SANDSTORM:
                                                       VSBY 1/2 MILE OR LESS
                                                   8 = SMOKE OR HAZE
[NO. OF DAYS WITH]      [WEATHER - DAYS WITH]      9 = BLOWING SNOW
                                                   X = TORNADO
MAX 32 OR BELOW:   0    0.01 INCH OR MORE:   6
MAX 90 OR ABOVE:   0    0.10 INCH OR MORE:   3
MIN 32 OR BELOW:   0    0.50 INCH OR MORE:   0
MIN  0 OR BELOW:   0    1.00 INCH OR MORE:   0

[HDD (BASE 65) ]
TOTAL THIS MO.   165    CLEAR  (SCALE 0-3)  13
DPTR FM NORMAL    16    PTCLDY (SCALE 4-7)   6
TOTAL FM JUL 1   165    CLOUDY (SCALE 8-10)  2
DPTR FM NORMAL    16

[CDD (BASE 65) ]
TOTAL THIS MO.     0
DPTR FM NORMAL     0    [PRESSURE DATA]
TOTAL FM JAN 1     9    HIGHEST SLP M ON M
DPTR FM NORMAL     7    LOWEST  SLP 29.78 ON M

[REMARKS]
