000
CXUS54 KJAN 211200
CF6MEI
PRELIMINARY LOCAL CLIMATOLOGICAL DATA (WS FORM: F-6)

                                          STATION:   MERIDIAN
                                          MONTH:     OCTOBER
                                          YEAR:      2014
                                          LATITUDE:   32 19 N
                                          LONGITUDE:  88 45 W

  TEMPERATURE IN F:       :PCPN:    SNOW:  WIND      :SUNSHINE: SKY     :PK WND
================================================================================
1   2   3   4   5  6A  6B    7    8   9   10  11  12  13   14  15   16   17  18
                                     12Z  AVG MX 2MIN
DY MAX MIN AVG DEP HDD CDD  WTR  SNW DPTH SPD SPD DIR MIN PSBL S-S WX    SPD DR
================================================================================

 1  89  60  75   5   0  10 0.00  0.0    0  3.5 10 120   M    M   1 1      14 140
 2  88  68  78   9   0  13 0.89  0.0    0  9.0 28 210   M    M   7 13     38 210
 3  80  57  69   0   0   4 0.38  0.0    0  7.1 26 310   M    M   4 13     35 310
 4  70  46  58 -10   7   0 0.00  0.0    0  7.5 21 350   M    M   0        28 330
 5  76  42  59  -9   6   0 0.00  0.0    0  6.9 17 190   M    M   0        22 190
 6  80  55  68   0   0   3    T  0.0    0  8.8 22 220   M    M   2        28 220
 7  85  61  73   6   0   8 0.00  0.0    0  7.2 15 180   M    M   2 8      23 250
 8  89  61  75   8   0  10 0.00  0.0    0  2.6  8 140   M    M   4 12     12 160
 9  87  63  75   9   0  10 0.00  0.0    0  4.2 13 200   M    M   2 12     16 200
10  88  68  78  12   0  13 0.00  0.0    0  6.5 16 220   M    M   5 1      21 260
11  87  69  78  12   0  13 0.00  0.0    0  4.6 13 220   M    M   5        15 280
12  86  68  77  12   0  12 0.00  0.0    0  7.1 17 170   M    M   6 1      21 170
13  88  67  78  13   0  13 1.01  0.0    0 11.1 32 160   M    M   5 13     38 160
14  71  54  63  -2   2   0 0.01  0.0    0  7.1 17 230   M    M   7        24 220
15  73  48  61  -3   4   0 0.00  0.0    0  7.1 22 260   M    M   0        32 270
16  78  43  61  -3   4   0 0.00  0.0    0  3.7 13 320   M    M   0        17 250
17  82  46  64   0   1   0 0.00  0.0    0  4.4 15 230   M    M   0        19 220
18  80  54  67   4   0   2 0.00  0.0    0  6.1 15 350   M    M   0        19  10
19  73  46  60  -3   5   0 0.00  0.0    0  5.1 15  40   M    M   0        20  40
20  76  41  59  -4   6   0 0.00  0.0    0  1.3  9 340   M    M   0 1      16  50
================================================================================
SM 1626 1117        35 111  2.29     0.0 120.9          M       50
================================================================================
AV 81.3 55.8                               6.0 FASTST   M    M   3    MAX(MPH)
                                 MISC ---->  # 32 160               # 38  210
================================================================================
NOTES:
# LAST OF SEVERAL OCCURRENCES

COLUMN 17 PEAK WIND IN M.P.H.

PRELIMINARY LOCAL CLIMATOLOGICAL DATA (WS FORM: F-6) , PAGE 2

                                          STATION:  MERIDIAN
                                          MONTH:    OCTOBER
                                          YEAR:     2014
                                          LATITUDE:   32 19 N
                                          LONGITUDE:  88 45 W

[TEMPERATURE DATA]      [PRECIPITATION DATA]       SYMBOLS USED IN COLUMN 16

AVERAGE MONTHLY: 68.6   TOTAL FOR MONTH:   2.29    1 = FOG OR MIST
DPTR FM NORMAL:   2.6   DPTR FM NORMAL:   -0.06    2 = FOG REDUCING VISIBILITY
HIGHEST:    89 ON  8, 1 GRTST 24HR  1.27 ON  2- 3      TO 1/4 MILE OR LESS
LOWEST:     41 ON 20                               3 = THUNDER
                        SNOW, ICE PELLETS, HAIL    4 = ICE PELLETS
                        TOTAL MONTH:   0.0 INCH    5 = HAIL
                        GRTST 24HR     0.0         6 = FREEZING RAIN OR DRIZZLE
                        GRTST DEPTH:   0           7 = DUSTSTORM OR SANDSTORM:
                                                       VSBY 1/2 MILE OR LESS
                                                   8 = SMOKE OR HAZE
[NO. OF DAYS WITH]      [WEATHER - DAYS WITH]      9 = BLOWING SNOW
                                                   X = TORNADO
MAX 32 OR BELOW:   0    0.01 INCH OR MORE:   4
MAX 90 OR ABOVE:   0    0.10 INCH OR MORE:   3
MIN 32 OR BELOW:   0    0.50 INCH OR MORE:   2
MIN  0 OR BELOW:   0    1.00 INCH OR MORE:   1

[HDD (BASE 65) ]
TOTAL THIS MO.    35    CLEAR  (SCALE 0-3)  12
DPTR FM NORMAL   -17    PTCLDY (SCALE 4-7)   8
TOTAL FM JUL 1    35    CLOUDY (SCALE 8-10)  0
DPTR FM NORMAL   -24

[CDD (BASE 65) ]
TOTAL THIS MO.   111
DPTR FM NORMAL    39    [PRESSURE DATA]
TOTAL FM JAN 1  2073    HIGHEST SLP M ON M
DPTR FM NORMAL    78    LOWEST  SLP 29.68 ON 13

[REMARKS]
