000
CXUS54 KMEG 160644
CF6MEM
PRELIMINARY LOCAL CLIMATOLOGICAL DATA (WS FORM: F-6)

                                          STATION:   MEMPHIS
                                          MONTH:     APRIL
                                          YEAR:      2014
                                          LATITUDE:   35  3 N
                                          LONGITUDE:  89 59 W

  TEMPERATURE IN F:       :PCPN:    SNOW:  WIND      :SUNSHINE: SKY     :PK WND
================================================================================
1   2   3   4   5  6A  6B    7    8   9   10  11  12  13   14  15   16   17  18
                                     12Z  AVG MX 2MIN
DY MAX MIN AVG DEP HDD CDD  WTR  SNW DPTH SPD SPD DIR MIN PSBL S-S WX    SPD DR
================================================================================

 1  78  56  67   8   0   2 0.00  0.0    0  6.9 15 200   M    M   3 8      21 190
 2  80  62  71  12   0   6 0.00  0.0    0 12.1 24 180   M    M   9        29 180
 3  82  68  75  16   0  10 0.02  0.0    0 16.0 26 190   M    M   8 138    37 190
 4  75  48  62   2   3   0 0.53  0.0    0 13.5 31 260   M    M   7 13     46 260
 5  57  42  50 -10  15   0 0.00  0.0    0  7.2 16  50   M    M   6        18  30
 6  61  44  53  -7  12   0 0.60  0.0    0  7.6 16  70   M    M   7 13     20  70
 7  55  43  49 -11  16   0 0.18  0.0    0  9.3 21 290   M    M   8 13     26 290
 8  63  42  53  -8  12   0    T  0.0    0  7.6 23 310   M    M   7        31 330
 9  68  43  56  -5   9   0 0.00  0.0    0  5.6 15 280   M    M   0        22 280
10  78  51  65   4   0   0 0.00  0.0    0 13.1 29 180   M    M   3        33 180
11  77  60  69   7   0   4 0.00  0.0    0 11.0 20 240   M    M   5        26 220
12  79  57  68   6   0   3    T  0.0    0 12.2 23 200   M    M   3        30 200
13  77  66  72  10   0   7 0.11  0.0    0 16.1 31 190   M    M  10 13     39 190
14  67  42  55  -7  10   0 1.07  0.0    0 11.2 23 360   M    M   9 13     32 260
15  52  36  44 -19  21   0 0.00  0.0    0 12.1 28  20   M    M   2        33 350
================================================================================
SM 1049  760        98  32  2.51     0.0 161.5          M       87
================================================================================
AV 69.9 50.7                              10.8 FASTST   M    M   6    MAX(MPH)
                                 MISC ---->  # 31 260               # 46  260
================================================================================
NOTES:
# LAST OF SEVERAL OCCURRENCES

COLUMN 17 PEAK WIND IN M.P.H.

PRELIMINARY LOCAL CLIMATOLOGICAL DATA (WS FORM: F-6) , PAGE 2

                                          STATION:  MEMPHIS
                                          MONTH:    APRIL
                                          YEAR:     2014
                                          LATITUDE:   35  3 N
                                          LONGITUDE:  89 59 W

[TEMPERATURE DATA]      [PRECIPITATION DATA]       SYMBOLS USED IN COLUMN 16

AVERAGE MONTHLY: 60.3   TOTAL FOR MONTH:   2.51    1 = FOG OR MIST
DPTR FM NORMAL:  -0.4   DPTR FM NORMAL:   -0.17    2 = FOG REDUCING VISIBILITY
HIGHEST:    82 ON  3    GRTST 24HR  1.18 ON 13-14      TO 1/4 MILE OR LESS
LOWEST:     36 ON 15                               3 = THUNDER
                        SNOW, ICE PELLETS, HAIL    4 = ICE PELLETS
                        TOTAL MONTH:   0.0 INCH    5 = HAIL
                        GRTST 24HR     0.0         6 = FREEZING RAIN OR DRIZZLE
                        GRTST DEPTH:   0           7 = DUSTSTORM OR SANDSTORM:
                                                       VSBY 1/2 MILE OR LESS
                                                   8 = SMOKE OR HAZE
[NO. OF DAYS WITH]      [WEATHER - DAYS WITH]      9 = BLOWING SNOW
                                                   X = TORNADO
MAX 32 OR BELOW:   0    0.01 INCH OR MORE:   6
MAX 90 OR ABOVE:   0    0.10 INCH OR MORE:   5
MIN 32 OR BELOW:   0    0.50 INCH OR MORE:   3
MIN  0 OR BELOW:   0    1.00 INCH OR MORE:   1

[HDD (BASE 65) ]
TOTAL THIS MO.    98    CLEAR  (SCALE 0-3)   2
DPTR FM NORMAL     6    PTCLDY (SCALE 4-7)   8
TOTAL FM JUL 1  3399    CLOUDY (SCALE 8-10)  5
DPTR FM NORMAL   499

[CDD (BASE 65) ]
TOTAL THIS MO.    32
DPTR FM NORMAL     4    [PRESSURE DATA]
TOTAL FM JAN 1    34    HIGHEST SLP M ON M
DPTR FM NORMAL   -14    LOWEST  SLP 29.52 ON  7

[REMARKS]
