000
CXUS54 KMEG 240638
CF6MEM
PRELIMINARY LOCAL CLIMATOLOGICAL DATA (WS FORM: F-6)

                                          STATION:   MEMPHIS
                                          MONTH:     OCTOBER
                                          YEAR:      2017
                                          LATITUDE:   35  3 N
                                          LONGITUDE:  89 59 W

  TEMPERATURE IN F:       :PCPN:    SNOW:  WIND      :SUNSHINE: SKY     :PK WND
================================================================================
1   2   3   4   5  6A  6B    7    8   9   10  11  12  13   14  15   16   17  18
                                     12Z  AVG MX 2MIN
DY MAX MIN AVG DEP HDD CDD  WTR  SNW DPTH SPD SPD DIR MIN PSBL S-S WX    SPD DR
================================================================================

 1  82  62  72   3   0   7 0.00  0.0    0 10.0 15 150   M    M   7        21 120
 2  78  65  72   3   0   7    T  0.0    0 10.2 17 160   M    M   7        29 120
 3  87  72  80  11   0  15 0.00  0.0    0 10.1 17 170   M    M   6        24 160
 4  84  68  76   8   0  11 0.00  0.0    0  6.3 14 170   M    M   4        18 150
 5  85  66  76   8   0  11 0.00  0.0    0  5.5 10 180   M    M   5        14 180
 6  86  63  75   7   0  10 0.00  0.0    0  7.0 14 180   M    M   2 8      24 240
 7  88  71  80  13   0  15    T  0.0    0 10.3 22 190   M    M   6        27 190
 8  87  72  80  13   0  15    T  0.0    0  5.5 15 300   M    M   7 1      17 300
 9  92  71  82  16   0  17 0.01  0.0    0  6.3 16 260   M    M   4 3      25 270
10  88  59  74   8   0   9 2.50  0.0    0  8.2 20 310   M    M   7 13     22 310
11  69  54  62  -4   3   0 0.00  0.0    0  8.0 14 360   M    M   4        22  70
12  73  54  64  -1   1   0 0.00  0.0    0  6.8 14  60   M    M   3        19  80
13  83  56  70   5   0   5 0.00  0.0    0  3.3  9 100   M    M   0        17 120
14  88  64  76  11   0  11 0.00  0.0    0  9.1 18 170   M    M   1        26 240
15  80  54  67   3   0   2 0.04  0.0    0 10.3 21 330   M    M   5 1      26 320
16  67  49  58  -6   7   0 0.00  0.0    0  9.9 20  30   M    M   0        24  30
17  71  45  58  -6   7   0 0.00  0.0    0  2.9 10 100   M    M   2        14  60
18  74  49  62  -1   3   0 0.00  0.0    0  6.8 14 170   M    M   0        21 240
19  78  49  64   1   1   0 0.00  0.0    0  4.2 10 150   M    M   4        15 160
20  76  52  64   1   1   0 0.00  0.0    0  6.0 12 160   M    M   6        16 140
21  82  63  73  11   0   8 0.00  0.0    0 11.6 20 150   M    M   7        24 150
22  73  56  65   3   0   0 0.19  0.0    0  9.7 17 300   M    M   9 1      27 320
23  71  53  62   0   3   0 0.12  0.0    0 11.1 18 300   M    M   4 1      23 310
================================================================================
SM 1842 1367        26 143  2.86     0.0 179.1          M      100
================================================================================
AV 80.1 59.4                               7.8 FASTST   M    M   4    MAX(MPH)
                                 MISC ---->  # 22 190               # 29  120
================================================================================
NOTES:
# LAST OF SEVERAL OCCURRENCES

COLUMN 17 PEAK WIND IN M.P.H.

PRELIMINARY LOCAL CLIMATOLOGICAL DATA (WS FORM: F-6) , PAGE 2

                                          STATION:  MEMPHIS
                                          MONTH:    OCTOBER
                                          YEAR:     2017
                                          LATITUDE:   35  3 N
                                          LONGITUDE:  89 59 W

[TEMPERATURE DATA]      [PRECIPITATION DATA]       SYMBOLS USED IN COLUMN 16

AVERAGE MONTHLY: 69.8   TOTAL FOR MONTH:   2.86    1 = FOG OR MIST
DPTR FM NORMAL:   4.3   DPTR FM NORMAL:   -0.03    2 = FOG REDUCING VISIBILITY
HIGHEST:    92 ON  9    GRTST 24HR  2.50 ON 10-10      TO 1/4 MILE OR LESS
LOWEST:     45 ON 17                               3 = THUNDER
                        SNOW, ICE PELLETS, HAIL    4 = ICE PELLETS
                        TOTAL MONTH:   0.0 INCH    5 = HAIL
                        GRTST 24HR     0.0         6 = FREEZING RAIN OR DRIZZLE
                        GRTST DEPTH:   0           7 = DUSTSTORM OR SANDSTORM:
                                                       VSBY 1/2 MILE OR LESS
                                                   8 = SMOKE OR HAZE
[NO. OF DAYS WITH]      [WEATHER - DAYS WITH]      9 = BLOWING SNOW
                                                   X = TORNADO
MAX 32 OR BELOW:   0    0.01 INCH OR MORE:   5
MAX 90 OR ABOVE:   1    0.10 INCH OR MORE:   3
MIN 32 OR BELOW:   0    0.50 INCH OR MORE:   1
MIN  0 OR BELOW:   0    1.00 INCH OR MORE:   1

[HDD (BASE 65) ]
TOTAL THIS MO.    26    CLEAR  (SCALE 0-3)   7
DPTR FM NORMAL   -43    PTCLDY (SCALE 4-7)  15
TOTAL FM JUL 1    29    CLOUDY (SCALE 8-10)  1
DPTR FM NORMAL   -51

[CDD (BASE 65) ]
TOTAL THIS MO.   143
DPTR FM NORMAL    64    [PRESSURE DATA]
TOTAL FM JAN 1  2280    HIGHEST SLP M ON M
DPTR FM NORMAL    50    LOWEST  SLP 29.61 ON  8

[REMARKS]
