000
CXUS54 KLZK 251130
CF6MEZ
PRELIMINARY LOCAL CLIMATOLOGICAL DATA (WS FORM: F-6)

                                          STATION:   Mena Airport
                                          MONTH:     SEPTEMBER
                                          YEAR:      2016
                                          LATITUDE:   34  9 N
                                          LONGITUDE:  94 15 W

  TEMPERATURE IN F:       :PCPN:    SNOW:  WIND      :SUNSHINE: SKY     :PK WND
================================================================================
1   2   3   4   5  6A  6B    7    8   9   10  11  12  13   14  15   16   17  18
                                     12Z  AVG MX 2MIN
DY MAX MIN AVG DEP HDD CDD  WTR  SNW DPTH SPD SPD DIR MIN PSBL S-S WX    SPD DR
================================================================================

 1  82  70  76   0   0  11 0.00  0.0    0  1.7  9  70   M    M   4         M  M
 2  82  61  72  -4   0   7 0.00  0.0    0  3.0  8 340   M    M   0         M  M
 3  82  55  69  -6   0   4 0.00  0.0    0  1.5  8  80   M    M   0         M  M
 4  90  59  75   0   0  10 0.00  0.0    0  0.8  6 110   M    M   0         M  M
 5  91  66  79   4   0  14 0.00  0.0    0  1.1  5 160   M    M   2         M  M
 6  91  73  82   8   0  17 0.00  0.0    0  2.0  6 160   M    M   3         M  M
 7  91  73  82   8   0  17 0.00  0.0    0  2.5  7 200   M    M   1         M  M
 8  93  79  86  12   0  21 0.00  0.0    0  3.9  9 250   M    M   3         M  M
 9  93  79  86  13   0  21 0.00  0.0    0  3.9  8 200   M    M   4         M  M
10  81  57  69  -4   0   4 0.00  0.0    0  5.2 12 340   M    M   3        17 340
11  84  52  68  -5   0   3 0.00  0.0    0  1.4  6 110   M    M   0         M  M
12  88  52  70  -2   0   5 0.00  0.0    0  1.2  6 130   M    M   2         M  M
13  91  66  79   7   0  14 0.00  0.0    0  0.5  5 150   M    M   4         M  M
14  88  70  79   7   0  14 0.58  0.0    0  1.8  9  60   M    M   3         M  M
15  88  68  78   7   0  13 0.00  0.0    0  1.2  8  80   M    M   2         M  M
16  91  72  82  11   0  17 0.46  0.0    0  2.6 17 280   M    M   5 3       M  M
17  90  70  80  10   0  15 0.46  0.0    0  1.6 23 290   M    M   4 3      33 290
18  88  70  79   9   0  14 0.84  0.0    0  1.0  6 280   M    M   4 3       M  M
19  91  70  81  11   0  16 0.25  0.0    0  0.5 13  30   M    M   7         M  M
20  91  70  81  12   0  16 0.01  0.0    0  0.6  6  90   M    M   6         M  M
21  90  64  77   8   0  12 0.00  0.0    0  0.1  4  30   M    M   2         M  M
22  90  63  77   9   0  12 0.00  0.0    0  0.3  5 210   M    M   0         M  M
23  91  63  77   9   0  12 0.00  0.0    0  0.4  4 170   M    M   1         M  M
24  90  70  80  12   0  15 0.00  0.0    0  1.5  7 210   M    M   1         M  M
================================================================================
SM 2127 1592         0 304  2.60     0.0  40.3          M       61
================================================================================
AV 88.6 66.3                               1.7 FASTST   M    M   3    MAX(MPH)
                                 MISC ---->  # 23 290                 33    M
================================================================================
NOTES:
# LAST OF SEVERAL OCCURRENCES

COLUMN 17 PEAK WIND IN M.P.H.

PRELIMINARY LOCAL CLIMATOLOGICAL DATA (WS FORM: F-6) , PAGE 2

                                          STATION:  Mena Airport
                                          MONTH:    SEPTEMBER
                                          YEAR:     2016
                                          LATITUDE:   34  9 N
                                          LONGITUDE:  94 15 W

[TEMPERATURE DATA]      [PRECIPITATION DATA]       SYMBOLS USED IN COLUMN 16

AVERAGE MONTHLY: 77.5   TOTAL FOR MONTH:   2.60    1 = FOG OR MIST
DPTR FM NORMAL:   5.5   DPTR FM NORMAL:   -1.10    2 = FOG REDUCING VISIBILITY
HIGHEST:    93 ON  9, 8 GRTST 24HR  0.84 ON 18-18      TO 1/4 MILE OR LESS
LOWEST:     52 ON 12,11                            3 = THUNDER
                        SNOW, ICE PELLETS, HAIL    4 = ICE PELLETS
                        TOTAL MONTH:   0.0 INCH    5 = HAIL
                        GRTST 24HR     0.0         6 = FREEZING RAIN OR DRIZZLE
                        GRTST DEPTH:   0           7 = DUSTSTORM OR SANDSTORM:
                                                       VSBY 1/2 MILE OR LESS
                                                   8 = SMOKE OR HAZE
[NO. OF DAYS WITH]      [WEATHER - DAYS WITH]      9 = BLOWING SNOW
                                                   X = TORNADO
MAX 32 OR BELOW:   0    0.01 INCH OR MORE:   6
MAX 90 OR ABOVE:  15    0.10 INCH OR MORE:   5
MIN 32 OR BELOW:   0    0.50 INCH OR MORE:   2
MIN  0 OR BELOW:   0    1.00 INCH OR MORE:   0

[HDD (BASE 65) ]
TOTAL THIS MO.     0    CLEAR  (SCALE 0-3)  13
DPTR FM NORMAL   -13    PTCLDY (SCALE 4-7)  11
TOTAL FM JUL 1     0    CLOUDY (SCALE 8-10)  0
DPTR FM NORMAL   -14

[CDD (BASE 65) ]
TOTAL THIS MO.   304
DPTR FM NORMAL   121    [PRESSURE DATA]
TOTAL FM JAN 1  1725    HIGHEST SLP M ON M
DPTR FM NORMAL   281    LOWEST  SLP M ON M

[REMARKS]
