000
CXUS54 KLZK 281130
CF6MEZ
PRELIMINARY LOCAL CLIMATOLOGICAL DATA (WS FORM: F-6)

                                          STATION:   Mena Airport
                                          MONTH:     APRIL
                                          YEAR:      2016
                                          LATITUDE:   34  9 N
                                          LONGITUDE:  94 15 W

  TEMPERATURE IN F:       :PCPN:    SNOW:  WIND      :SUNSHINE: SKY     :PK WND
================================================================================
1   2   3   4   5  6A  6B    7    8   9   10  11  12  13   14  15   16   17  18
                                     12Z  AVG MX 2MIN
DY MAX MIN AVG DEP HDD CDD  WTR  SNW DPTH SPD SPD DIR MIN PSBL S-S WX    SPD DR
================================================================================

 1  63  43  53  -1  12   0 0.00    M    M  5.9 13 300   M    M   2        18 320
 2  68  36  52  -3  13   0 0.00    M    M  5.0 14 280   M    M   0        21 300
 3  73  37  55   0  10   0 0.00    M    M  3.3 12 240   M    M   0        20 240
 4  84  54  69  14   0   4 0.00    M    M  5.2 10 250   M    M   0        16 250
 5  82  45  64   8   1   0 0.00    M    M  4.1  8 200   M    M   0        16 150
 6  73  59  66  10   0   1 0.00    M    M 12.1 25 280   M    M   1        36 280
 7  81  43  62   6   3   0 0.00    M    M  9.0 17 290   M    M   0        24 300
 8  70  41  56   0   9   0 0.00    M    M  5.0 15  20   M    M   0        23 320
 9  79  39  59   2   6   0 0.04    M    M  1.9  9 210   M    M   4         M  M
10  77  63  70  13   0   5 0.00    M    M  8.4 14 220   M    M   7        25 220
11  70  59  65   8   0   0 0.96    M    M  4.9 14 190   M    M   8 3      29 200
12  68  48  58   0   7   0 0.03    M    M  4.6 13  70   M    M   1        21  70
13  63  52  58   0   7   0 0.24    M    M  3.6 10  50   M    M   8         M  M
14  72  50  61   3   4   0 0.01    M    M  2.9  8  90   M    M   7         M  M
15  75  50  63   5   2   0 0.00    M    M  5.1 13  90   M    M   9        18 100
16  66  61  64   5   1   0 0.00    M    M  7.1 10 100   M    M  10        17 100
17  72  64  68   9   0   3 1.56    M    M  8.1 16 110   M    M  10 3      23 110
18  68  63  66   7   0   1 0.82    M    M  4.5 10 140   M    M  10        16 140
19  66  61  64   5   1   0 0.02    M    M  4.4  8  80   M    M  10         M  M
20  77  54  66   6   0   1 2.24    M    M  3.8 12 270   M    M   6 3       M  M
21  77  50  64   4   1   0 0.00    M    M  2.2  9 300   M    M   3         M  M
22  79  46  63   3   2   0 0.00    M    M  3.4 13  10   M    M   1         M  M
23  82  50  66   6   0   1 0.00    M    M  0.1  4 190   M    M   0         M  M
24  79  54  67   6   0   2 0.00    M    M  3.4  8 190   M    M   3         M  M
25  81  66  74  13   0   9 0.00    M    M  4.7  8 180   M    M   7         M  M
26  84  72  78  17   0  13 0.00    M    M  5.1 13 170   M    M   8        24 170
27  81  59  70   8   0   5 0.46    M    M  5.0 13 260   M    M   3 3      18 270
================================================================================
SM 2010 1419        79  45  6.38    M    132.8          M      118
================================================================================
AV 74.4 52.6                               4.9 FASTST   M    M   4    MAX(MPH)
                                 MISC ---->    25   M                 36    M
================================================================================
NOTES:
# LAST OF SEVERAL OCCURRENCES

COLUMN 17 PEAK WIND IN M.P.H.

PRELIMINARY LOCAL CLIMATOLOGICAL DATA (WS FORM: F-6) , PAGE 2

                                          STATION:  Mena Airport
                                          MONTH:    APRIL
                                          YEAR:     2016
                                          LATITUDE:   34  9 N
                                          LONGITUDE:  94 15 W

[TEMPERATURE DATA]      [PRECIPITATION DATA]       SYMBOLS USED IN COLUMN 16

AVERAGE MONTHLY: 63.5   TOTAL FOR MONTH:   6.38    1 = FOG OR MIST
DPTR FM NORMAL:   5.5   DPTR FM NORMAL:    1.56    2 = FOG REDUCING VISIBILITY
HIGHEST:    84 ON 26, 4 GRTST 24HR  2.24 ON 20-20      TO 1/4 MILE OR LESS
LOWEST:     36 ON  2                               3 = THUNDER
                        SNOW, ICE PELLETS, HAIL    4 = ICE PELLETS
                        TOTAL MONTH:    M          5 = HAIL
                        GRTST 24HR    M  ON   M    6 = FREEZING RAIN OR DRIZZLE
                        GRTST DEPTH:  M  ON   M    7 = DUSTSTORM OR SANDSTORM:
                                                       VSBY 1/2 MILE OR LESS
                                                   8 = SMOKE OR HAZE
[NO. OF DAYS WITH]      [WEATHER - DAYS WITH]      9 = BLOWING SNOW
                                                   X = TORNADO
MAX 32 OR BELOW:   0    0.01 INCH OR MORE:  10
MAX 90 OR ABOVE:   0    0.10 INCH OR MORE:   6
MIN 32 OR BELOW:   0    0.50 INCH OR MORE:   4
MIN  0 OR BELOW:   0    1.00 INCH OR MORE:   2

[HDD (BASE 65) ]
TOTAL THIS MO.    79    CLEAR  (SCALE 0-3)  12
DPTR FM NORMAL  -130    PTCLDY (SCALE 4-7)   9
TOTAL FM JUL 1  2279    CLOUDY (SCALE 8-10)  6
DPTR FM NORMAL -1281

[CDD (BASE 65) ]
TOTAL THIS MO.    45
DPTR FM NORMAL    24    [PRESSURE DATA]
TOTAL FM JAN 1    67    HIGHEST SLP M ON M
DPTR FM NORMAL    40    LOWEST  SLP M ON M

[REMARKS]
