000
CXUS51 KCLE 231004
CF6MFD
PRELIMINARY LOCAL CLIMATOLOGICAL DATA (WS FORM: F-6)

                                          STATION:   MANSFIELD OH
                                          MONTH:     AUGUST
                                          YEAR:      2014
                                          LATITUDE:   40 49 N
                                          LONGITUDE:  82 31 W

  TEMPERATURE IN F:       :PCPN:    SNOW:  WIND      :SUNSHINE: SKY     :PK WND
================================================================================
1   2   3   4   5  6A  6B    7    8   9   10  11  12  13   14  15   16   17  18
                                     12Z  AVG MX 2MIN
DY MAX MIN AVG DEP HDD CDD  WTR  SNW DPTH SPD SPD DIR MIN PSBL S-S WX    SPD DR
================================================================================

 1  82  58  70  -1   0   5 0.52  0.0    0  2.3 18 130   M    M   2 138    22 190
 2  74  59  67  -4   0   2 0.10  0.0    0  4.2 17 330   M    M   3 138    23  30
 3  80  58  69  -2   0   4 0.00  0.0    0  2.5 10 310   M    M   4 128    14 310
 4  84  59  72   1   0   7 0.00  0.0    0  3.7  9 230   M    M   0 1      15 260
 5  81  63  72   1   0   7 0.03  0.0    0  3.7 21  30   M    M   4 18     22  30
 6  79  59  69  -2   0   4 0.00  0.0    0  4.6 16 350   M    M   5 18     20 360
 7  79  51  65  -6   0   0 0.00  0.0    0  3.8 12 360   M    M   0 1      17  10
 8  79  55  67  -4   0   2 0.00  0.0    0  6.0 14  60   M    M   0        18 120
 9  82  57  70  -1   0   5 0.00  0.0    0  5.1 10  80   M    M   0        15  50
10  85  62  74   3   0   9 0.00  0.0    0  6.9 13 110   M    M   1 18     17 100
11  77  67  72   1   0   7 1.35  0.0    0  9.3 16 180   M    M   7 1238   23 260
12  78  61  70   0   0   5 0.57  0.0    0  9.3 18 240   M    M   8 13     26 230
13  74  57  66  -4   0   1 0.01  0.0    0  6.9 17 320   M    M   7 1      22 310
14  70  51  61  -9   4   0 0.00  0.0    0  7.6 20 320   M    M   1        25 330
15  73  47  60 -10   5   0 0.00  0.0    0  4.4 12 320   M    M   0        16 310
16  79  49  64  -6   1   0 0.00  0.0    0  8.9 17 220   M    M   2 1      22 200
17  81  66  74   4   0   9 0.00  0.0    0  4.5 13 240   M    M   9 18     17 240
18  81  64  73   3   0   8 0.00  0.0    0  5.9 12  10   M    M   6        20  60
19  86  60  73   3   0   8 0.63  0.0    0  5.0 20 200   M    M   3 138    28 260
20  83  65  74   4   0   9 0.30  0.0    0  6.5 17 260   M    M   3 13     23 250
21  79  66  73   3   0   8 0.01  0.0    0  6.6 16 240   M    M   4        21 240
22  84  69  77   7   0  12 0.02  0.0    0  3.5 10 250   M    M   8 12     14 260
================================================================================
SM 1750 1303        10 112  3.54     0.0 121.2          M       77
================================================================================
AV 79.5 59.2                               5.5 FASTST   M    M   4    MAX(MPH)
                                 MISC ---->  # 21  30               # 28  260
================================================================================
NOTES:
# LAST OF SEVERAL OCCURRENCES

COLUMN 17 PEAK WIND IN M.P.H.

PRELIMINARY LOCAL CLIMATOLOGICAL DATA (WS FORM: F-6) , PAGE 2

                                          STATION:  MANSFIELD OH
                                          MONTH:    AUGUST
                                          YEAR:     2014
                                          LATITUDE:   40 49 N
                                          LONGITUDE:  82 31 W

[TEMPERATURE DATA]      [PRECIPITATION DATA]       SYMBOLS USED IN COLUMN 16

AVERAGE MONTHLY: 69.4   TOTAL FOR MONTH:   3.54    1 = FOG OR MIST
DPTR FM NORMAL:  -1.1   DPTR FM NORMAL:    0.41    2 = FOG REDUCING VISIBILITY
HIGHEST:    86 ON 19    GRTST 24HR  1.67 ON 11-12      TO 1/4 MILE OR LESS
LOWEST:     47 ON 15                               3 = THUNDER
                        SNOW, ICE PELLETS, HAIL    4 = ICE PELLETS
                        TOTAL MONTH:   0.0 INCH    5 = HAIL
                        GRTST 24HR     0.0         6 = FREEZING RAIN OR DRIZZLE
                        GRTST DEPTH:   0           7 = DUSTSTORM OR SANDSTORM:
                                                       VSBY 1/2 MILE OR LESS
                                                   8 = SMOKE OR HAZE
[NO. OF DAYS WITH]      [WEATHER - DAYS WITH]      9 = BLOWING SNOW
                                                   X = TORNADO
MAX 32 OR BELOW:   0    0.01 INCH OR MORE:  10
MAX 90 OR ABOVE:   0    0.10 INCH OR MORE:   6
MIN 32 OR BELOW:   0    0.50 INCH OR MORE:   4
MIN  0 OR BELOW:   0    1.00 INCH OR MORE:   1

[HDD (BASE 65) ]
TOTAL THIS MO.    10    CLEAR  (SCALE 0-3)  11
DPTR FM NORMAL     7    PTCLDY (SCALE 4-7)  10
TOTAL FM JUL 1    27    CLOUDY (SCALE 8-10)  1
DPTR FM NORMAL    16

[CDD (BASE 65) ]
TOTAL THIS MO.   112
DPTR FM NORMAL   -16    [PRESSURE DATA]
TOTAL FM JAN 1   481    HIGHEST SLP M ON M
DPTR FM NORMAL   -37    LOWEST  SLP 29.69 ON 12

[REMARKS]
