000
CXUS54 KBMX 281216
CF6MGM
PRELIMINARY LOCAL CLIMATOLOGICAL DATA (WS FORM: F-6)

                                          STATION:   MONTGOMERY
                                          MONTH:     SEPTEMBER
                                          YEAR:      2016
                                          LATITUDE:   32 17 N
                                          LONGITUDE:  86 24 W

  TEMPERATURE IN F:       :PCPN:    SNOW:  WIND      :SUNSHINE: SKY     :PK WND
================================================================================
1   2   3   4   5  6A  6B    7    8   9   10  11  12  13   14  15   16   17  18
                                     12Z  AVG MX 2MIN
DY MAX MIN AVG DEP HDD CDD  WTR  SNW DPTH SPD SPD DIR MIN PSBL S-S WX    SPD DR
================================================================================

 1  93  75  84   4   0  19 0.00  0.0    0  5.7 16  90   M    M   1 8      20  90
 2  92  76  84   4   0  19 0.00  0.0    0  5.1 12  10   M    M   4        16  10
 3  89  74  82   2   0  17    T  0.0    0  8.5 15  80   M    M   4        18  90
 4  94  73  84   4   0  19 0.00  0.0    0  8.1 18 130   M    M   4        24 100
 5  94  72  83   4   0  18 0.00  0.0    0  5.4 14  90   M    M   2        18 100
 6  96  68  82   3   0  17 0.00  0.0    0  3.0 12  60   M    M   0        16  60
 7  97  66  82   3   0  17 0.00  0.0    0  3.6  9  70   M    M   1 18     13 330
 8  96  68  82   3   0  17 0.00  0.0    0  4.5 10 180   M    M   0 18     16 190
 9  96  67  82   4   0  17 0.00  0.0    0  3.5 10 170   M    M   0        17 110
10  96  68  82   4   0  17 0.00  0.0    0  2.9 12 180   M    M   2        16 170
11  98  72  85   7   0  20    T  0.0    0  4.4 24 320   M    M   1 138    32 340
12  95  72  84   6   0  19 0.01  0.0    0  4.3 16  80   M    M   2 3      19  70
13  95  73  84   7   0  19 0.00  0.0    0  8.1 16  70   M    M   1        26  90
14  95  72  84   7   0  19    T  0.0    0  4.7 14 110   M    M   2        21  50
15  98  71  85   8   0  20 0.00  0.0    0  4.1 17 120   M    M   0        26 140
16  96  70  83   7   0  18 0.00  0.0    0  7.3 17  90   M    M   2        22  70
17  90  75  83   7   0  18 1.78  0.0    0  6.6 20 270   M    M   9 138    21 270
18  91  75  83   7   0  18 0.45  0.0    0  2.9 16 190   M    M   7 18     20 180
19  94  74  84   9   0  19 0.00  0.0    0  3.3 13  50   M    M   5 18     15  50
20  95  71  83   8   0  18 0.00  0.0    0  3.6 14  20   M    M   1        21 360
21  95  72  84   9   0  19 0.00  0.0    0  2.8 10  30   M    M   1        13  90
22  95  74  85  11   0  20 0.00  0.0    0  3.8 10 320   M    M   3        14 110
23  98  71  85  11   0  20 0.00  0.0    0  3.0 10 290   M    M   1 3      13 330
24  98  71  85  11   0  20 0.00  0.0    0  3.3 17 310   M    M   1 3      22 310
25  98  70  84  11   0  19 0.00  0.0    0  2.3 13 150   M    M   1 3      16 160
26  94  71  83  10   0  18 0.00  0.0    0  4.4 18 100   M    M   1        24  90
27  92  69  81   8   0  16 0.00  0.0    0  1.8  9 300   M    M   1 138    13 280
================================================================================
SM 2560 1930         0 497  2.24     0.0 121.0          M       57
================================================================================
AV 94.8 71.5                               4.5 FASTST   M    M   2    MAX(MPH)
                                 MISC ---->  # 24 320               # 32  340
================================================================================
NOTES:
# LAST OF SEVERAL OCCURRENCES

COLUMN 17 PEAK WIND IN M.P.H.

PRELIMINARY LOCAL CLIMATOLOGICAL DATA (WS FORM: F-6) , PAGE 2

                                          STATION:  MONTGOMERY
                                          MONTH:    SEPTEMBER
                                          YEAR:     2016
                                          LATITUDE:   32 17 N
                                          LONGITUDE:  86 24 W

[TEMPERATURE DATA]      [PRECIPITATION DATA]       SYMBOLS USED IN COLUMN 16

AVERAGE MONTHLY: 83.1   TOTAL FOR MONTH:   2.24    1 = FOG OR MIST
DPTR FM NORMAL:   6.4   DPTR FM NORMAL:   -1.37    2 = FOG REDUCING VISIBILITY
HIGHEST:    98 ON 25,24 GRTST 24HR  1.78 ON 17-17      TO 1/4 MILE OR LESS
LOWEST:     66 ON  7                               3 = THUNDER
                        SNOW, ICE PELLETS, HAIL    4 = ICE PELLETS
                        TOTAL MONTH:   0.0 INCH    5 = HAIL
                        GRTST 24HR     0.0         6 = FREEZING RAIN OR DRIZZLE
                        GRTST DEPTH:   0           7 = DUSTSTORM OR SANDSTORM:
                                                       VSBY 1/2 MILE OR LESS
                                                   8 = SMOKE OR HAZE
[NO. OF DAYS WITH]      [WEATHER - DAYS WITH]      9 = BLOWING SNOW
                                                   X = TORNADO
MAX 32 OR BELOW:   0    0.01 INCH OR MORE:   3
MAX 90 OR ABOVE:  26    0.10 INCH OR MORE:   2
MIN 32 OR BELOW:   0    0.50 INCH OR MORE:   1
MIN  0 OR BELOW:   0    1.00 INCH OR MORE:   1

[HDD (BASE 65) ]
TOTAL THIS MO.     0    CLEAR  (SCALE 0-3)  21
DPTR FM NORMAL     0    PTCLDY (SCALE 4-7)   5
TOTAL FM JUL 1     0    CLOUDY (SCALE 8-10)  1
DPTR FM NORMAL     0

[CDD (BASE 65) ]
TOTAL THIS MO.   497
DPTR FM NORMAL   177    [PRESSURE DATA]
TOTAL FM JAN 1  2726    HIGHEST SLP M ON M
DPTR FM NORMAL   617    LOWEST  SLP 29.81 ON  1

[REMARKS]
