000
CXUS53 KTOP 210800
CF6MHK
PRELIMINARY LOCAL CLIMATOLOGICAL DATA (WS FORM: F-6)

                                          STATION:   Manhattan KS
                                          MONTH:     JANUARY
                                          YEAR:      2017
                                          LATITUDE:   39  9 N
                                          LONGITUDE:  96 40 W

  TEMPERATURE IN F:       :PCPN:    SNOW:  WIND      :SUNSHINE: SKY     :PK WND
================================================================================
1   2   3   4   5  6A  6B    7    8   9   10  11  12  13   14  15   16   17  18
                                     12Z  AVG MX 2MIN
DY MAX MIN AVG DEP HDD CDD  WTR  SNW DPTH SPD SPD DIR MIN PSBL S-S WX    SPD DR
================================================================================

 1  48  15  32   4  33   0 0.00    M    M  4.4 15 100   M    M   4        18  90
 2  55  35  45  17  20   0 0.12    M    M  5.6 14 360   M    M  10 1      20  20
 3  37  16  27  -1  38   0 0.00    M    M  9.9 17 330   M    M   4        26 350
 4  23   8  16 -12  49   0 0.03    M    M  6.8 15  50   M    M   4 18     18  30
 5  18   1  10 -18  55   0 0.03    M    M  4.4 14 360   M    M   4 18     22  10
 6  18  -3   8 -20  57   0 0.00    M    M  3.0 10 220   M    M   0        14 240
 7  27  -2  13 -15  52   0 0.00    M    M  3.4  9  20   M    M   0        12  20
 8  43   3  23  -5  42   0 0.00    M    M 10.3 29 210   M    M   0        40 200
 9  50  18  34   6  31   0 0.00    M    M  7.7 23 200   M    M   0        29 200
10  54  27  41  13  24   0 0.01    M    M  9.5 20 210   M    M   1        31 330
11  56  20  38  10  27   0 0.00    M    M 11.1 24  40   M    M   2        32  40
12  26  14  20  -8  45   0 0.00    M    M  7.2 13  30   M    M   2        19  20
13  28  17  23  -5  42   0 0.00    M    M  8.1 18  60   M    M   5        22  50
14  34  27  31   3  34   0 0.00    M    M  3.5  9  30   M    M  10        11  20
15  33  30  32   4  33   0 0.43    M    M  7.0 13  70   M    M  10 168    15  60
16  40  33  37   9  28   0 0.73    M    M  7.5 16  50   M    M  10 12     21  40
17  46  24  35   6  30   0 0.00    M    M  4.2 12 230   M    M   5 1      15 230
18  59  21  40  11  25   0 0.00    M    M  3.4 17 210   M    M   2        22 190
19  48  42  45  16  20   0 0.01    M    M  4.6 12 130   M    M  10 12     15 170
20  51  37  44  15  21   0    T    M    M  4.9 10 170   M    M   9 123    14 160
================================================================================
SM  794  383       706   0  1.36    M    126.5          M       92
================================================================================
AV 39.7 19.2                               6.3 FASTST   M    M   5    MAX(MPH)
                                 MISC ---->  # 29 210               # 40  200
================================================================================
NOTES:
# LAST OF SEVERAL OCCURRENCES

COLUMN 17 PEAK WIND IN M.P.H.

PRELIMINARY LOCAL CLIMATOLOGICAL DATA (WS FORM: F-6) , PAGE 2

                                          STATION:  Manhattan KS
                                          MONTH:    JANUARY
                                          YEAR:     2017
                                          LATITUDE:   39  9 N
                                          LONGITUDE:  96 40 W

[TEMPERATURE DATA]      [PRECIPITATION DATA]       SYMBOLS USED IN COLUMN 16

AVERAGE MONTHLY: 29.4   TOTAL FOR MONTH:   1.36    1 = FOG OR MIST
DPTR FM NORMAL:   1.2   DPTR FM NORMAL:    1.07    2 = FOG REDUCING VISIBILITY
HIGHEST:    59 ON 18    GRTST 24HR  1.04 ON 15-16      TO 1/4 MILE OR LESS
LOWEST:     -3 ON  6                               3 = THUNDER
                        SNOW, ICE PELLETS, HAIL    4 = ICE PELLETS
                        TOTAL MONTH:    M          5 = HAIL
                        GRTST 24HR    M  ON   M    6 = FREEZING RAIN OR DRIZZLE
                        GRTST DEPTH:  M  ON   M    7 = DUSTSTORM OR SANDSTORM:
                                                       VSBY 1/2 MILE OR LESS
                                                   8 = SMOKE OR HAZE
[NO. OF DAYS WITH]      [WEATHER - DAYS WITH]      9 = BLOWING SNOW
                                                   X = TORNADO
MAX 32 OR BELOW:   6    0.01 INCH OR MORE:   7
MAX 90 OR ABOVE:   0    0.10 INCH OR MORE:   3
MIN 32 OR BELOW:  16    0.50 INCH OR MORE:   1
MIN  0 OR BELOW:   2    1.00 INCH OR MORE:   0

[HDD (BASE 65) ]
TOTAL THIS MO.   706    CLEAR  (SCALE 0-3)   8
DPTR FM NORMAL   -29    PTCLDY (SCALE 4-7)   6
TOTAL FM JUL 1  2393    CLOUDY (SCALE 8-10)  6
DPTR FM NORMAL  -483

[CDD (BASE 65) ]
TOTAL THIS MO.     0
DPTR FM NORMAL     0    [PRESSURE DATA]
TOTAL FM JAN 1     0    HIGHEST SLP M ON M
DPTR FM NORMAL     0    LOWEST  SLP 29.32 ON 10

[REMARKS]
