000
CXUS56 KMFR 271000
CF6MHS
PRELIMINARY LOCAL CLIMATOLOGICAL DATA (WS FORM: F-6)

                                          STATION:   MT SHASTA CITY CA
                                          MONTH:     FEBRUARY
                                          YEAR:      2015
                                          LATITUDE:   41 19 N
                                          LONGITUDE: 122 19 W

  TEMPERATURE IN F:       :PCPN:    SNOW:  WIND      :SUNSHINE: SKY     :PK WND
================================================================================
1   2   3   4   5  6A  6B    7    8   9   10  11  12  13   14  15   16   17  18
                                     12Z  AVG MX 2MIN
DY MAX MIN AVG DEP HDD CDD  WTR  SNW DPTH SPD SPD DIR MIN PSBL S-S WX    SPD DR
================================================================================

 1  58  31  45   8  20   0 0.01    M    M  0.8  6 300   M    M   4 18     10  10
 2  48  38  43   6  22   0 1.05    M    M  0.5  7  60   M    M   9 12     11  60
 3  55  42  49  12  16   0    T    M    M  0.9  7 130   M    M   5 12     14 150
 4  55  44  50  13  15   0 0.00    M    M  2.7 10 100   M    M   5        18 130
 5  48  43  46   9  19   0 0.44    M    M  6.9 15  90   M    M   9 18     24  80
 6  47  39  43   6  22   0 4.87    M    M  5.2 12 100   M    M  10 1      23 150
 7  51  45  48  11  17   0 0.37    M    M  4.0  9 100   M    M  10 1      26 210
 8  50  43  47   9  18   0 2.77    M    M  4.1 10 140   M    M   8 1      26 140
 9  50  30  40   2  25   0 0.59    M    M  2.6  9 100   M    M   7 1      21 120
10  50  27  39   1  26   0 0.00    M    M  2.3  9 300   M    M   0 1      16 300
11  58  32  45   7  20   0 0.00    M    M  2.7  9 320   M    M   0 18     14 290
12  60  31  46   8  19   0 0.00    M    M  2.1 10 300   M    M   0 18     16 320
13  65  34  50  12  15   0 0.00    M    M  2.0  7 330   M    M   0 18     14 330
14  63  34  49  11  16   0 0.00    M    M  3.1 13 290   M    M   0 8      20 300
15  61  31  46   8  19   0 0.00    M    M  3.5  9 290   M    M   0        15 290
16  61  29  45   7  20   0 0.00    M    M  4.4 12 300   M    M   0 8      18 300
17  67  32  50  12  15   0 0.00    M    M  1.5  8 300   M    M   0 8      13 140
18  68  31  50  11  15   0 0.00    M    M  2.7 10 290   M    M   0 18     17 280
19  65  34  50  11  15   0 0.00    M    M  6.5 14 340   M    M   0        25 310
20  58  39  49  10  16   0 0.00    M    M  6.4 14 310   M    M   0 8      24 320
21  56  33  45   6  20   0 0.00    M    M  5.0 14 300   M    M   0        24 320
22  50  27  39   0  26   0 0.00    M    M  6.1 17 290   M    M   0        27 280
23  54  26  40   1  25   0 0.00    M    M  4.5 12 290   M    M   0        21 310
24  60  24  42   3  23   0 0.00    M    M  4.9 14 300   M    M   0 8      23 340
25  60  39  50  10  15   0 0.00    M    M  7.8 16 300   M    M   0        29 300
26  58  38  48   8  17   0    T    M    M  7.9 16 300   M    M   5        27 330
================================================================================
SM 1476  896       496   0 10.10    M    101.1          M       72
================================================================================
AV 56.8 34.5                               3.9 FASTST   M    M   3    MAX(MPH)
                                 MISC ---->  # 17 290               # 29  300
================================================================================
NOTES:
# LAST OF SEVERAL OCCURRENCES

COLUMN 17 PEAK WIND IN M.P.H.

PRELIMINARY LOCAL CLIMATOLOGICAL DATA (WS FORM: F-6) , PAGE 2

                                          STATION:  MT SHASTA CITY CA
                                          MONTH:    FEBRUARY
                                          YEAR:     2015
                                          LATITUDE:   41 19 N
                                          LONGITUDE: 122 19 W

[TEMPERATURE DATA]      [PRECIPITATION DATA]       SYMBOLS USED IN COLUMN 16

AVERAGE MONTHLY: 45.6   TOTAL FOR MONTH:  10.10    1 = FOG OR MIST
DPTR FM NORMAL:   7.5   DPTR FM NORMAL:    3.41    2 = FOG REDUCING VISIBILITY
HIGHEST:    68 ON 18    GRTST 24HR  4.90 ON  6- 7      TO 1/4 MILE OR LESS
LOWEST:     24 ON 24                               3 = THUNDER
                        SNOW, ICE PELLETS, HAIL    4 = ICE PELLETS
                        TOTAL MONTH:    M          5 = HAIL
                        GRTST 24HR    M  ON   M    6 = FREEZING RAIN OR DRIZZLE
                        GRTST DEPTH:  M  ON   M    7 = DUSTSTORM OR SANDSTORM:
                                                       VSBY 1/2 MILE OR LESS
                                                   8 = SMOKE OR HAZE
[NO. OF DAYS WITH]      [WEATHER - DAYS WITH]      9 = BLOWING SNOW
                                                   X = TORNADO
MAX 32 OR BELOW:   0    0.01 INCH OR MORE:   7
MAX 90 OR ABOVE:   0    0.10 INCH OR MORE:   6
MIN 32 OR BELOW:  12    0.50 INCH OR MORE:   4
MIN  0 OR BELOW:   0    1.00 INCH OR MORE:   3

[HDD (BASE 65) ]
TOTAL THIS MO.   496    CLEAR  (SCALE 0-3)  16
DPTR FM NORMAL  -203    PTCLDY (SCALE 4-7)   6
TOTAL FM JUL 1  2920    CLOUDY (SCALE 8-10)  4
DPTR FM NORMAL -1005

[CDD (BASE 65) ]
TOTAL THIS MO.     0
DPTR FM NORMAL     0    [PRESSURE DATA]
TOTAL FM JAN 1     0    HIGHEST SLP M ON M
DPTR FM NORMAL     0    LOWEST  SLP  0.00 ON M

[REMARKS]
