000
CXUS53 KMKX 270900
CF6MKE
PRELIMINARY LOCAL CLIMATOLOGICAL DATA (WS FORM: F-6)

                                          STATION:   MILWAUKEE WI
                                          MONTH:     AUGUST
                                          YEAR:      2016
                                          LATITUDE:   42 57 N
                                          LONGITUDE:  87 54 W

  TEMPERATURE IN F:       :PCPN:    SNOW:  WIND      :SUNSHINE: SKY     :PK WND
================================================================================
1   2   3   4   5  6A  6B    7    8   9   10  11  12  13   14  15   16   17  18
                                     12Z  AVG MX 2MIN
DY MAX MIN AVG DEP HDD CDD  WTR  SNW DPTH SPD SPD DIR MIN PSBL S-S WX    SPD DR
================================================================================

 1  81  66  74   2   0   9 0.00  0.0    0  4.8 14 100   M    M   5 1      18 100
 2  84  66  75   3   0  10 0.00  0.0    0  6.3 15 130   M    M   4        18 120
 3  88  72  80   8   0  15 0.09  0.0    0  6.0 17 130   M    M   5 3      21 130
 4  92  72  82  10   0  17 0.05  0.0    0  9.5 24 230   M    M   4 38     32 230
 5  86  72  79   7   0  14    T  0.0    0  8.3 20 260   M    M   6        26 210
 6  82  66  74   2   0   9 0.00  0.0    0  6.6 12 110   M    M   3        17 300
 7  80  64  72   0   0   7 0.00  0.0    0  6.5 17  70   M    M   5        21 100
 8  81  64  73   1   0   8 0.00  0.0    0  6.3 14 120   M    M   3        17 110
 9  87  71  79   7   0  14 0.00  0.0    0  7.7 16 130   M    M   5        18 140
10  88  71  80   9   0  15 0.00  0.0    0  6.5 15 150   M    M   2         M  M
11  94  73  84  13   0  19 0.00  0.0    0 11.1 26 220   M    M   6 8      34 230
12  81  74  78   7   0  13 0.20  0.0    0  5.9 13  70   M    M   9 13     17  50
13  86  72  79   8   0  14    T  0.0    0  7.3 17 290   M    M   7 18     21 300
14  87  68  78   7   0  13 0.00  0.0    0  5.8 14 120   M    M   5        17 130
15  81  67  74   3   0   9 0.00  0.0    0  6.5 13 120   M    M   8        16 110
16  85  72  79   8   0  14 0.00  0.0    0  8.5 15 310   M    M   6 8      19 330
17  88  68  78   7   0  13 0.05  0.0    0  7.7 20 310   M    M   5        28 330
18  87  70  79   8   0  14 0.00  0.0    0  7.5 18 230   M    M   5 18     22 240
19  88  69  79   8   0  14 0.22  0.0    0  7.6 18 200   M    M   8 13     25 220
20  80  64  72   1   0   7 0.27  0.0    0 11.7 24 280   M    M   6 13     33 280
21  75  60  68  -2   0   3    T  0.0    0  9.7 21 300   M    M   4        26 290
22  80  56  68  -2   0   3 0.00  0.0    0  6.7 16 200   M    M   1        20 190
23  85  63  74   4   0   9 0.00  0.0    0 11.0 20 220   M    M   4        24 210
24  87  71  79   9   0  14 0.21  0.0    0 10.3 24 230   M    M   8 1      33 210
25  84  70  77   7   0  12 0.33  0.0    0  5.5 14 280   M    M   8 13     17 290
26  76  65  71   1   0   6 0.00  0.0    0  5.9 12 120   M    M   6        14 120
================================================================================
SM 2193 1766         0 295  1.42     0.0 197.2          M      138
================================================================================
AV 84.3 67.9                               7.6 FASTST   M    M   5    MAX(MPH)
                                 MISC ---->  # 26 220               # 34  230
================================================================================
NOTES:
# LAST OF SEVERAL OCCURRENCES

COLUMN 17 PEAK WIND IN M.P.H.

PRELIMINARY LOCAL CLIMATOLOGICAL DATA (WS FORM: F-6) , PAGE 2

                                          STATION:  MILWAUKEE WI
                                          MONTH:    AUGUST
                                          YEAR:     2016
                                          LATITUDE:   42 57 N
                                          LONGITUDE:  87 54 W

[TEMPERATURE DATA]      [PRECIPITATION DATA]       SYMBOLS USED IN COLUMN 16

AVERAGE MONTHLY: 76.1   TOTAL FOR MONTH:   1.42    1 = FOG OR MIST
DPTR FM NORMAL:   5.0   DPTR FM NORMAL:   -1.95    2 = FOG REDUCING VISIBILITY
HIGHEST:    94 ON 11    GRTST 24HR  0.54 ON 24-25      TO 1/4 MILE OR LESS
LOWEST:     56 ON 22                               3 = THUNDER
                        SNOW, ICE PELLETS, HAIL    4 = ICE PELLETS
                        TOTAL MONTH:   0.0 INCH    5 = HAIL
                        GRTST 24HR     0.0         6 = FREEZING RAIN OR DRIZZLE
                        GRTST DEPTH:   0           7 = DUSTSTORM OR SANDSTORM:
                                                       VSBY 1/2 MILE OR LESS
                                                   8 = SMOKE OR HAZE
[NO. OF DAYS WITH]      [WEATHER - DAYS WITH]      9 = BLOWING SNOW
                                                   X = TORNADO
MAX 32 OR BELOW:   0    0.01 INCH OR MORE:   8
MAX 90 OR ABOVE:   2    0.10 INCH OR MORE:   5
MIN 32 OR BELOW:   0    0.50 INCH OR MORE:   0
MIN  0 OR BELOW:   0    1.00 INCH OR MORE:   0

[HDD (BASE 65) ]
TOTAL THIS MO.     0    CLEAR  (SCALE 0-3)   3
DPTR FM NORMAL    -5    PTCLDY (SCALE 4-7)  21
TOTAL FM JUL 1     2    CLOUDY (SCALE 8-10)  2
DPTR FM NORMAL   -14

[CDD (BASE 65) ]
TOTAL THIS MO.   295
DPTR FM NORMAL   126    [PRESSURE DATA]
TOTAL FM JAN 1   797    HIGHEST SLP M ON M
DPTR FM NORMAL   256    LOWEST  SLP 29.59 ON 20

[REMARKS]
