000
CXUS53 KMKX 220900
CF6MKE
PRELIMINARY LOCAL CLIMATOLOGICAL DATA (WS FORM: F-6)

                                          STATION:   MILWAUKEE WI
                                          MONTH:     DECEMBER
                                          YEAR:      2014
                                          LATITUDE:   42 57 N
                                          LONGITUDE:  87 54 W

  TEMPERATURE IN F:       :PCPN:    SNOW:  WIND      :SUNSHINE: SKY     :PK WND
================================================================================
1   2   3   4   5  6A  6B    7    8   9   10  11  12  13   14  15   16   17  18
                                     12Z  AVG MX 2MIN
DY MAX MIN AVG DEP HDD CDD  WTR  SNW DPTH SPD SPD DIR MIN PSBL S-S WX    SPD DR
================================================================================

 1  24  12  18 -14  47   0    T    T    0 10.1 22 310   M    M   7        26 310
 2  35  24  30  -1  35   0 0.03  0.5    0 10.8 18 160   M    M   8 18     24 160
 3  35  23  29  -2  36   0 0.00  0.0    T 10.7 22 280   M    M   3        29 280
 4  35  20  28  -2  37   0 0.00  0.0    0  7.2 15 140   M    M   9        19 140
 5  39  31  35   5  30   0 0.00  0.0    0  3.7 12 340   M    M   9 18     14 330
 6  38  26  32   3  33   0 0.00  0.0    0 11.4 20  20   M    M   7 18     26  30
 7  38  30  34   5  31   0 0.00  0.0    0 11.5 20 180   M    M   7        24 180
 8  36  33  35   6  30   0 0.16    T    0  7.7 13 340   M    M  10 1      21 170
 9  37  29  33   5  32   0    T    T    0 10.9 18 360   M    M  10 18     24  10
10  31  24  28   0  37   0 0.00  0.0    0  8.5 13 320   M    M  10 8      18 320
11  33  21  27  -1  38   0 0.00  0.0    0  8.9 14 260   M    M   4 18     17 270
12  36  24  30   3  35   0 0.00  0.0    0 11.0 17 270   M    M   9 18     23 260
13  47  33  40  13  25   0    T  0.0    0  8.3 17 280   M    M  10 128    21 280
14  49  44  47  20  18   0 0.00  0.0    0  7.3 16 230   M    M  10 128    19 230
15  48  41  45  19  20   0 0.05  0.0    0 10.6 17 160   M    M  10 12     24 150
16  44  29  37  11  28   0 0.10    T    0 11.7 24 300   M    M  10 18     33 290
17  29  21  25  -1  40   0    T    T    0 12.5 21 300   M    M   8        29 300
18  29  19  24  -1  41   0    T    T    0  7.3 12 300   M    M   7 68     22 270
19  31  25  28   3  37   0    T    T    0  5.2 10 290   M    M   8        12 290
20  32  27  30   5  35   0    T    T    0  4.7  8 210   M    M  10        10 210
21  37  32  35  10  30   0    T    T    0  9.5 16 160   M    M  10 68     21 180
================================================================================
SM  763  568       695   0  0.34     0.5 189.5          M      176
================================================================================
AV 36.3 27.0                               9.0 FASTST   M    M   8    MAX(MPH)
                                 MISC ---->  # 24 300               # 33  290
================================================================================
NOTES:
# LAST OF SEVERAL OCCURRENCES

COLUMN 17 PEAK WIND IN M.P.H.

PRELIMINARY LOCAL CLIMATOLOGICAL DATA (WS FORM: F-6) , PAGE 2

                                          STATION:  MILWAUKEE WI
                                          MONTH:    DECEMBER
                                          YEAR:     2014
                                          LATITUDE:   42 57 N
                                          LONGITUDE:  87 54 W

[TEMPERATURE DATA]      [PRECIPITATION DATA]       SYMBOLS USED IN COLUMN 16

AVERAGE MONTHLY: 31.7   TOTAL FOR MONTH:   0.34    1 = FOG OR MIST
DPTR FM NORMAL:   3.9   DPTR FM NORMAL:   -1.12    2 = FOG REDUCING VISIBILITY
HIGHEST:    49 ON 14    GRTST 24HR  0.16 ON  7- 8      TO 1/4 MILE OR LESS
LOWEST:     12 ON  1                               3 = THUNDER
                        SNOW, ICE PELLETS, HAIL    4 = ICE PELLETS
                        TOTAL MONTH:   0.5 INCH    5 = HAIL
                        GRTST 24HR   0.5 ON  2- 2  6 = FREEZING RAIN OR DRIZZLE
                        GRTST DEPTH:   T           7 = DUSTSTORM OR SANDSTORM:
                                                       VSBY 1/2 MILE OR LESS
                                                   8 = SMOKE OR HAZE
[NO. OF DAYS WITH]      [WEATHER - DAYS WITH]      9 = BLOWING SNOW
                                                   X = TORNADO
MAX 32 OR BELOW:   6    0.01 INCH OR MORE:   4
MAX 90 OR ABOVE:   0    0.10 INCH OR MORE:   2
MIN 32 OR BELOW:  17    0.50 INCH OR MORE:   0
MIN  0 OR BELOW:   0    1.00 INCH OR MORE:   0

[HDD (BASE 65) ]
TOTAL THIS MO.   695    CLEAR  (SCALE 0-3)   1
DPTR FM NORMAL   -86    PTCLDY (SCALE 4-7)   8
TOTAL FM JUL 1  2266    CLOUDY (SCALE 8-10) 12
DPTR FM NORMAL   120

[CDD (BASE 65) ]
TOTAL THIS MO.     0
DPTR FM NORMAL     0    [PRESSURE DATA]
TOTAL FM JAN 1   464    HIGHEST SLP M ON M
DPTR FM NORMAL  -177    LOWEST  SLP 29.64 ON 16

[REMARKS]
