000
CXUS53 KMKX 280900
CF6MKE
PRELIMINARY LOCAL CLIMATOLOGICAL DATA (WS FORM: F-6)

                                          STATION:   MILWAUKEE WI
                                          MONTH:     MARCH
                                          YEAR:      2015
                                          LATITUDE:   42 57 N
                                          LONGITUDE:  87 54 W

  TEMPERATURE IN F:       :PCPN:    SNOW:  WIND      :SUNSHINE: SKY     :PK WND
================================================================================
1   2   3   4   5  6A  6B    7    8   9   10  11  12  13   14  15   16   17  18
                                     12Z  AVG MX 2MIN
DY MAX MIN AVG DEP HDD CDD  WTR  SNW DPTH SPD SPD DIR MIN PSBL S-S WX    SPD DR
================================================================================

 1  28  12  20 -10  45   0    T    T    8  8.6 20 290   M    M   5 18     26 280
 2  28  16  22  -8  43   0 0.00  0.0    7  7.7 14 130   M    M   4 8      20 270
 3  34  25  30  -1  35   0 0.31  3.4    7 11.5 20 270   M    M  10 1689   27 270
 4  31   9  20 -11  45   0 0.00  0.0   10 12.9 23 290   M    M   5 8      32 290
 5  16   3  10 -21  55   0 0.00  0.0   10  8.2 14 320   M    M   2        19 320
 6  28   0  14 -18  51   0 0.00  0.0    9 13.5 29 220   M    M   4 8      36 220
 7  46  20  33   1  32   0 0.00  0.0    9  8.7 21 300   M    M   4 18     27 310
 8  45  30  38   6  27   0 0.00  0.0    6  9.0 21 230   M    M   4        24 230
 9  50  29  40   7  25   0 0.00  0.0    4  7.8 20 220   M    M   1 18     25 240
10  55  32  44  11  21   0 0.00  0.0    3  8.8 16 240   M    M   5 128    21 220
11  50  33  42   9  23   0 0.00  0.0    T  6.5 16  40   M    M   0 18     22  40
12  49  29  39   5  26   0 0.00  0.0    0  9.4 18 150   M    M   4        23 140
13  65  34  50  16  15   0 0.00  0.0    0  8.6 18 200   M    M   5 8      22 210
14  57  34  46  12  19   0 0.00  0.0    0 10.1 22 330   M    M   3 8      28 280
15  60  29  45  10  20   0 0.00  0.0    0 10.5 23 250   M    M   5 8      33 250
16  71  38  55  20  10   0 0.00  0.0    0 12.0 26  30   M    M   8 8      35  30
17  45  34  40   5  25   0 0.00  0.0    0 13.0 26  30   M    M   4        35  10
18  50  32  41   5  24   0 0.00  0.0    0  6.6 15 130   M    M   6        19 300
19  42  33  38   2  27   0 0.00  0.0    0  6.8 18 130   M    M   9        21 130
20  55  30  43   7  22   0 0.00  0.0    0  9.6 21 220   M    M   6 8      26 240
21  44  28  36  -1  29   0 0.00  0.0    0  8.0 18  60   M    M   5 18     24  40
22  33  28  31  -6  34   0 0.00  0.0    0 10.9 18  60   M    M   9        22  60
23  33  25  29  -8  36   0 0.11  1.0    T  9.2 18  80   M    M   7 18     22  70
24  36  22  29  -9  36   0    T  0.0    0 10.0 22 120   M    M   6        27 110
25  43  33  38   0  27   0 0.36  0.0    0 11.8 24 260   M    M   8 18     32 260
26  39  26  33  -5  32   0 0.01  0.2    0 11.7 20 330   M    M  10 1      27 340
27  29  18  24 -15  41   0 0.01  0.3    T 12.1 21  40   M    M   4 1      27 350
================================================================================
SM 1162  682       825   0  0.80     4.9 263.5          M      143
================================================================================
AV 43.0 25.3                               9.8 FASTST   M    M   5    MAX(MPH)
                                 MISC ---->  # 29 220               # 36  220
================================================================================
NOTES:
# LAST OF SEVERAL OCCURRENCES

COLUMN 17 PEAK WIND IN M.P.H.

PRELIMINARY LOCAL CLIMATOLOGICAL DATA (WS FORM: F-6) , PAGE 2

                                          STATION:  MILWAUKEE WI
                                          MONTH:    MARCH
                                          YEAR:     2015
                                          LATITUDE:   42 57 N
                                          LONGITUDE:  87 54 W

[TEMPERATURE DATA]      [PRECIPITATION DATA]       SYMBOLS USED IN COLUMN 16

AVERAGE MONTHLY: 34.1   TOTAL FOR MONTH:   0.80    1 = FOG OR MIST
DPTR FM NORMAL:  -0.2   DPTR FM NORMAL:   -1.10    2 = FOG REDUCING VISIBILITY
HIGHEST:    71 ON 16    GRTST 24HR  0.36 ON 25-25      TO 1/4 MILE OR LESS
LOWEST:      0 ON  6                               3 = THUNDER
                        SNOW, ICE PELLETS, HAIL    4 = ICE PELLETS
                        TOTAL MONTH:   4.9 INCHES  5 = HAIL
                        GRTST 24HR   3.4 ON   M    6 = FREEZING RAIN OR DRIZZLE
                        GRTST DEPTH:  10 ON  5, 4  7 = DUSTSTORM OR SANDSTORM:
                                                       VSBY 1/2 MILE OR LESS
                                                   8 = SMOKE OR HAZE
[NO. OF DAYS WITH]      [WEATHER - DAYS WITH]      9 = BLOWING SNOW
                                                   X = TORNADO
MAX 32 OR BELOW:   6    0.01 INCH OR MORE:   5
MAX 90 OR ABOVE:   0    0.10 INCH OR MORE:   3
MIN 32 OR BELOW:  20    0.50 INCH OR MORE:   0
MIN  0 OR BELOW:   1    1.00 INCH OR MORE:   0

[HDD (BASE 65) ]
TOTAL THIS MO.   825    CLEAR  (SCALE 0-3)   4
DPTR FM NORMAL    -3    PTCLDY (SCALE 4-7)  18
TOTAL FM JUL 1  6157    CLOUDY (SCALE 8-10)  5
DPTR FM NORMAL   349

[CDD (BASE 65) ]
TOTAL THIS MO.     0
DPTR FM NORMAL     0    [PRESSURE DATA]
TOTAL FM JAN 1     0    HIGHEST SLP M ON M
DPTR FM NORMAL     0    LOWEST  SLP 29.63 ON  3

[REMARKS]
