000
CXUS54 KMEG 300653
CF6MKL
PRELIMINARY LOCAL CLIMATOLOGICAL DATA (WS FORM: F-6)

                                          STATION:   JACKSON
                                          MONTH:     JUNE
                                          YEAR:      2015
                                          LATITUDE:   35 35 N
                                          LONGITUDE:  88 55 W

  TEMPERATURE IN F:       :PCPN:    SNOW:  WIND      :SUNSHINE: SKY     :PK WND
================================================================================
1   2   3   4   5  6A  6B    7    8   9   10  11  12  13   14  15   16   17  18
                                     12Z  AVG MX 2MIN
DY MAX MIN AVG DEP HDD CDD  WTR  SNW DPTH SPD SPD DIR MIN PSBL S-S WX    SPD DR
================================================================================

 1  73  62  68  -5   0   3 0.01  0.0    0  6.6 13 350   M    M   9 1      15 350
 2  71  59  65  -8   0   0 0.00  0.0    0  4.9  9  10   M    M   9        11  10
 3  76  55  66  -7   0   1 0.00  0.0    0  2.4  9  20   M    M   7 1      12  30
 4  86  54  70  -4   0   5 0.00  0.0    0  2.7 10  10   M    M   2 1      14 360
 5  90  61  76   2   0  11 0.04  0.0    0  3.7 20 280   M    M   4 13     25 270
 6  90  65  78   4   0  13 0.00  0.0    0  1.4  8  60   M    M   1 12     11  40
 7  92  65  79   5   0  14 0.00  0.0    0  4.9 14 200   M    M   3 12     19 180
 8  91  70  81   6   0  16 0.07  0.0    0  9.2 32 320   M    M   2 138    42 320
 9  91  68  80   5   0  15 0.00  0.0    0  3.5 12  90   M    M   3 1      15 230
10  94  67  81   6   0  16 0.00  0.0    0  4.1 12 230   M    M   1        15 230
11  92  69  81   6   0  16 0.00  0.0    0  6.5 14 210   M    M   1 1      18 210
12  92  71  82   6   0  17 0.00  0.0    0  9.5 16 230   M    M   1        20 230
13  91  71  81   5   0  16 0.01  0.0    0  8.1 20 190   M    M   2        27 190
14  91  73  82   6   0  17 0.00  0.0    0  7.5 14 190   M    M   3        20 190
15  93  70  82   6   0  17 0.00  0.0    0  6.2 16 230   M    M   1        22 200
16  94  71  83   6   0  18 0.00  0.0    0  5.5  8 180   M    M   1         M  M
17  95  72  84   7   0  19 0.00  0.0    0  4.9 13 240   M    M   1        17 250
18  91  75  83   6   0  18 0.00  0.0    0  5.8 16 200   M    M   1        20 200
19  89  73  81   4   0  16 0.37  0.0    0 12.3 26 200   M    M   6 138    36 200
20  92  73  83   6   0  18 0.00  0.0    0  9.6 16 260   M    M   5        21 270
21  93  73  83   5   0  18 0.00  0.0    0  7.6 16 270   M    M   0        19 240
22  93  72  83   5   0  18 0.08  0.0    0  6.2 25 300   M    M   1 138    31 300
23  95  71  83   5   0  18 0.68  0.0    0  8.7 26 340   M    M   2 13     34 340
24  94  72  83   5   0  18 0.10  0.0    0  3.8 16 310   M    M   2 13     20 310
25  94  71  83   5   0  18 0.00  0.0    0  5.4 12 200   M    M   0        13 180
26  94  71  83   5   0  18 1.12  0.0    0  7.2 31 290   M    M   2 13     41 290
27  85  64  75  -4   0  10 0.01  0.0    0  7.2 18 340   M    M   5 1      23 310
28  85  60  73  -6   0   8 0.00  0.0    0  3.4 10 200   M    M   1 1      14 250
29  89  70  80   1   0  15 0.27  0.0    0 10.5 20 240   M    M   5 1      27 250
================================================================================
SM 2596 1968         0 407  2.76     0.0 179.3          M       81
================================================================================
AV 89.5 67.9                               6.2 FASTST   M    M   3    MAX(MPH)
                                 MISC ---->  # 32 320               # 42  320
================================================================================
NOTES:
# LAST OF SEVERAL OCCURRENCES

COLUMN 17 PEAK WIND IN M.P.H.

PRELIMINARY LOCAL CLIMATOLOGICAL DATA (WS FORM: F-6) , PAGE 2

                                          STATION:  JACKSON
                                          MONTH:    JUNE
                                          YEAR:     2015
                                          LATITUDE:   35 35 N
                                          LONGITUDE:  88 55 W

[TEMPERATURE DATA]      [PRECIPITATION DATA]       SYMBOLS USED IN COLUMN 16

AVERAGE MONTHLY: 78.7   TOTAL FOR MONTH:   2.76    1 = FOG OR MIST
DPTR FM NORMAL:   2.5   DPTR FM NORMAL:   -1.94    2 = FOG REDUCING VISIBILITY
HIGHEST:    95 ON 23,17 GRTST 24HR  1.13 ON 26-27      TO 1/4 MILE OR LESS
LOWEST:     54 ON  4                               3 = THUNDER
                        SNOW, ICE PELLETS, HAIL    4 = ICE PELLETS
                        TOTAL MONTH:   0.0 INCH    5 = HAIL
                        GRTST 24HR     0.0         6 = FREEZING RAIN OR DRIZZLE
                        GRTST DEPTH:   0           7 = DUSTSTORM OR SANDSTORM:
                                                       VSBY 1/2 MILE OR LESS
                                                   8 = SMOKE OR HAZE
[NO. OF DAYS WITH]      [WEATHER - DAYS WITH]      9 = BLOWING SNOW
                                                   X = TORNADO
MAX 32 OR BELOW:   0    0.01 INCH OR MORE:  11
MAX 90 OR ABOVE:  21    0.10 INCH OR MORE:   5
MIN 32 OR BELOW:   0    0.50 INCH OR MORE:   2
MIN  0 OR BELOW:   0    1.00 INCH OR MORE:   1

[HDD (BASE 65) ]
TOTAL THIS MO.     0    CLEAR  (SCALE 0-3)  20
DPTR FM NORMAL     0    PTCLDY (SCALE 4-7)   7
TOTAL FM JUL 1  3837    CLOUDY (SCALE 8-10)  2
DPTR FM NORMAL   265

[CDD (BASE 65) ]
TOTAL THIS MO.   407
DPTR FM NORMAL    81    [PRESSURE DATA]
TOTAL FM JAN 1   638    HIGHEST SLP M ON M
DPTR FM NORMAL    97    LOWEST  SLP 29.80 ON 10

[REMARKS]
