000
CXUS54 KFWD 200730
CF6MKN
PRELIMINARY LOCAL CLIMATOLOGICAL DATA (WS FORM: F-6)

                                          STATION:   COMANCHE
                                          MONTH:     DECEMBER
                                          YEAR:      2014
                                          LATITUDE:   31 55 N
                                          LONGITUDE:  98 36 W

  TEMPERATURE IN F:       :PCPN:    SNOW:  WIND      :SUNSHINE: SKY     :PK WND
================================================================================
1   2   3   4   5  6A  6B    7    8   9   10  11  12  13   14  15   16   17  18
                                     12Z  AVG MX 2MIN
DY MAX MIN AVG DEP HDD CDD  WTR  SNW DPTH SPD SPD DIR MIN PSBL S-S WX    SPD DR
================================================================================

 1  62  31  47   M  18   0 0.00  0.0    0 14.7 21 360   M    M  10        29 350
 2  50  33  42   M  23   0 0.00  0.0    0  5.5 12 190   M    M  10         M  M
 3  65  48  57   M   8   0 0.00  0.0    0  8.5 13 190   M    M  10        16 190
 4  70  56  63   M   2   0 0.00  0.0    0  7.6 12 150   M    M   9 1      17 150
 5  78  54  66   M   0   1 0.00  0.0    0  9.7 20 230   M    M   4 1      31 230
 6  66  48  57   M   8   0 0.00  0.0    0  7.6 15 360   M    M   4        17  20
 7  53  43  48   M  17   0 0.00  0.0    0  3.3  7 110   M    M   9 1       M  M
 8  64  39  52   M  13   0 0.00  0.0    0  2.8  7  10   M    M   3 12      M  M
 9  67  37  52   M  13   0 0.00  0.0    0  2.9  7  80   M    M   3 12      M  M
10  65  47  56   M   9   0 0.00  0.0    0  5.8 10 200   M    M   9         M  M
11  64  55  60   M   5   0 0.00  0.0    0  7.4 10 190   M    M  10 1       M  M
12  70  57  64   M   1   0 0.00  0.0    0  6.9 10 180   M    M  10         M  M
13  68  52  60   M   5   0 0.00  0.0    0  9.5 16 190   M    M   7 1      25 190
14  70  58  64   M   1   0 0.04  0.0    0 13.0 20 180   M    M   7        30 200
15  64  48  56   M   9   0 0.00  0.0    0  9.0 16 330   M    M   0        21 230
16  55  36  46   M  19   0 0.00  0.0    0  6.0 16 350   M    M   3        20 350
17  48  44  46   M  19   0 0.01    M    0  7.5 14 140   M    M  10 1      20 140
18  65  44  55   M  10   0 0.00  0.0    0  4.6 12  30   M    M   7 1       M  M
19  49  44  47   M  18   0 0.07  0.0    0  6.3 10  20   M    M  10 13     17  70
================================================================================
SM 1193  874       198   1  0.12     0.0 138.6          M      135
================================================================================
AV 62.8 46.0                               7.3 FASTST   M    M   7    MAX(MPH)
                                 MISC ---->    21   M                 31    M
================================================================================
NOTES:
# LAST OF SEVERAL OCCURRENCES

COLUMN 17 PEAK WIND IN M.P.H.

PRELIMINARY LOCAL CLIMATOLOGICAL DATA (WS FORM: F-6) , PAGE 2

                                          STATION:  COMANCHE
                                          MONTH:    DECEMBER
                                          YEAR:     2014
                                          LATITUDE:   31 55 N
                                          LONGITUDE:  98 36 W

[TEMPERATURE DATA]      [PRECIPITATION DATA]       SYMBOLS USED IN COLUMN 16

AVERAGE MONTHLY: 54.4   TOTAL FOR MONTH:   0.12    1 = FOG OR MIST
DPTR FM NORMAL:     M   DPTR FM NORMAL:   -0.86    2 = FOG REDUCING VISIBILITY
HIGHEST:    78 ON  5    GRTST 24HR  0.07 ON 19-19      TO 1/4 MILE OR LESS
LOWEST:     31 ON  1                               3 = THUNDER
                        SNOW, ICE PELLETS, HAIL    4 = ICE PELLETS
                        TOTAL MONTH:   0.0 INCH    5 = HAIL
                        GRTST 24HR     0.0         6 = FREEZING RAIN OR DRIZZLE
                        GRTST DEPTH:   0           7 = DUSTSTORM OR SANDSTORM:
                                                       VSBY 1/2 MILE OR LESS
                                                   8 = SMOKE OR HAZE
[NO. OF DAYS WITH]      [WEATHER - DAYS WITH]      9 = BLOWING SNOW
                                                   X = TORNADO
MAX 32 OR BELOW:   0    0.01 INCH OR MORE:   3
MAX 90 OR ABOVE:   0    0.10 INCH OR MORE:   0
MIN 32 OR BELOW:   1    0.50 INCH OR MORE:   0
MIN  0 OR BELOW:   0    1.00 INCH OR MORE:   0

[HDD (BASE 65) ]
TOTAL THIS MO.   198    CLEAR  (SCALE 0-3)   2
DPTR FM NORMAL     M    PTCLDY (SCALE 4-7)   7
TOTAL FM JUL 1   586    CLOUDY (SCALE 8-10) 10
DPTR FM NORMAL     M

[CDD (BASE 65) ]
TOTAL THIS MO.     1
DPTR FM NORMAL     M    [PRESSURE DATA]
TOTAL FM JAN 1  2697    HIGHEST SLP M ON M
DPTR FM NORMAL     M    LOWEST  SLP M ON M

[REMARKS]
