000
CXUS53 KMPX 291000
CF6MKT
PRELIMINARY LOCAL CLIMATOLOGICAL DATA (WS FORM: F-6)

                                          STATION:   MANKATO MN
                                          MONTH:     JULY
                                          YEAR:      2017
                                          LATITUDE:   44 13 N
                                          LONGITUDE:  93 55 W

  TEMPERATURE IN F:       :PCPN:    SNOW:  WIND      :SUNSHINE: SKY     :PK WND
================================================================================
1   2   3   4   5  6A  6B    7    8   9   10  11  12  13   14  15   16   17  18
                                     12Z  AVG MX 2MIN
DY MAX MIN AVG DEP HDD CDD  WTR  SNW DPTH SPD SPD DIR MIN PSBL S-S WX    SPD DR
================================================================================

 1  76  56  66  -6   0   1 0.00    M    M  9.0 15 280   M    M   1         M  M
 2  78  61  70  -2   0   5 0.00    M    M  6.8 10  10   M    M   1         M  M
 3  81  60  71  -1   0   6 0.00    M    M  7.1 12 100   M    M   0         M  M
 4  87  67  77   5   0  12 0.00    M    M  8.6 12 180   M    M   2 8      17 190
 5  88  67  78   6   0  13 0.00    M    M  8.7 20 220   M    M   0        27 220
 6  92  70  81   9   0  16 0.00    M    M  7.9 18 330   M    M   1         M  M
 7  82  62  72   0   0   7 0.00    M    M 12.4 20 320   M    M   1        31 340
 8  81  56  69  -3   0   4 0.00    M    M  4.7 10 300   M    M   2         M  M
 9  85  59  72   0   0   7 0.82    M    M  8.2 15 140   M    M   2 3      23 200
10  81  65  73   1   0   8    T    M    M  6.4 14  20   M    M   4 13      M  M
11  83  65  74   2   0   9 0.00    M    M  6.7 13 160   M    M   1 1      18 170
12  83  65  74   2   0   9 0.01    M    M  8.8 16 310   M    M   3 1      20 310
13  70  62  66  -6   0   1 0.00    M    M  8.0 13 340   M    M   8         M  M
14  74  61  68  -4   0   3 0.00    M    M  4.8  8  40   M    M   6         M  M
15  90  62  76   4   0  11 0.00    M    M  8.1 14 320   M    M   0         M  M
16  84  63  74   2   0   9 0.00    M    M  5.7 10 130   M    M   1         M  M
17  89  66  78   6   0  13    T    M    M 10.6 15 180   M    M   1        21 180
18  83  68  76   4   0  11 0.12    M    M  9.3 13  10   M    M   3 3      20 190
19  82  64  73   1   0   8 1.42    M    M  8.4 16 140   M    M   2 13     22 140
20  85  67  76   4   0  11 0.01    M    M  5.2 12  20   M    M   3 13      M  M
21  80  70  75   3   0  10 0.23    M    M  9.5 15 150   M    M   3 13      M  M
22  86  68  77   5   0  12    T    M    M  7.4 16 340   M    M   3         M  M
23  76  62  69  -3   0   4 0.00    M    M  9.4 16 330   M    M   4         M  M
24  77  58  68  -4   0   3 0.00    M    M  7.2 12 140   M    M   3         M  M
25  86  66  76   4   0  11 0.01    M    M 13.2 23 130   M    M   1 3      28 180
26  82  66  74   2   0   9 1.18    M    M  6.4 12 330   M    M   6 13      M  M
27  81  62  72   0   0   7 0.00    M    M  4.9 10  20   M    M   0         M  M
28  82  62  72   0   0   7 0.00    M    M  4.1  8 110   M    M   0         M  M
================================================================================
SM 2304 1780         0 227  3.80    M    217.5          M       62
================================================================================
AV 82.3 63.6                               7.8 FASTST   M    M   2    MAX(MPH)
                                 MISC ---->  # 23 130               # 31  340
================================================================================
NOTES:
# LAST OF SEVERAL OCCURRENCES

COLUMN 17 PEAK WIND IN M.P.H.

PRELIMINARY LOCAL CLIMATOLOGICAL DATA (WS FORM: F-6) , PAGE 2

                                          STATION:  MANKATO MN
                                          MONTH:    JULY
                                          YEAR:     2017
                                          LATITUDE:   44 13 N
                                          LONGITUDE:  93 55 W

[TEMPERATURE DATA]      [PRECIPITATION DATA]       SYMBOLS USED IN COLUMN 16

AVERAGE MONTHLY: 72.9   TOTAL FOR MONTH:   3.80    1 = FOG OR MIST
DPTR FM NORMAL:   0.9   DPTR FM NORMAL:   -0.10    2 = FOG REDUCING VISIBILITY
HIGHEST:    92 ON  6    GRTST 24HR  1.42 ON 19-19      TO 1/4 MILE OR LESS
LOWEST:     56 ON  8, 1                            3 = THUNDER
                        SNOW, ICE PELLETS, HAIL    4 = ICE PELLETS
                        TOTAL MONTH:    M          5 = HAIL
                        GRTST 24HR    M  ON   M    6 = FREEZING RAIN OR DRIZZLE
                        GRTST DEPTH:  M  ON   M    7 = DUSTSTORM OR SANDSTORM:
                                                       VSBY 1/2 MILE OR LESS
                                                   8 = SMOKE OR HAZE
[NO. OF DAYS WITH]      [WEATHER - DAYS WITH]      9 = BLOWING SNOW
                                                   X = TORNADO
MAX 32 OR BELOW:   0    0.01 INCH OR MORE:   8
MAX 90 OR ABOVE:   2    0.10 INCH OR MORE:   5
MIN 32 OR BELOW:   0    0.50 INCH OR MORE:   3
MIN  0 OR BELOW:   0    1.00 INCH OR MORE:   2

[HDD (BASE 65) ]
TOTAL THIS MO.     0    CLEAR  (SCALE 0-3)  20
DPTR FM NORMAL     0    PTCLDY (SCALE 4-7)   8
TOTAL FM JUL 1     0    CLOUDY (SCALE 8-10)  0
DPTR FM NORMAL     0

[CDD (BASE 65) ]
TOTAL THIS MO.   227
DPTR FM NORMAL    15    [PRESSURE DATA]
TOTAL FM JAN 1   431    HIGHEST SLP M ON M
DPTR FM NORMAL    34    LOWEST  SLP M ON M

[REMARKS]
