000
CXUS53 KMPX 311000
CF6MKT
PRELIMINARY LOCAL CLIMATOLOGICAL DATA (WS FORM: F-6)

                                          STATION:   MANKATO MN
                                          MONTH:     AUGUST
                                          YEAR:      2015
                                          LATITUDE:   44 13 N
                                          LONGITUDE:  93 55 W

  TEMPERATURE IN F:       :PCPN:    SNOW:  WIND      :SUNSHINE: SKY     :PK WND
================================================================================
1   2   3   4   5  6A  6B    7    8   9   10  11  12  13   14  15   16   17  18
                                     12Z  AVG MX 2MIN
DY MAX MIN AVG DEP HDD CDD  WTR  SNW DPTH SPD SPD DIR MIN PSBL S-S WX    SPD DR
================================================================================

 1  84  61  73   1   0   8    M    M    M  6.6 16 220   M    M   1         M  M
 2  84  63  74   2   0   9    M    M    M 13.2 21 260   M    M   1        28 310
 3  79  55  67  -5   0   2    M    M    M  8.2 15 310   M    M   0        22 310
 4  79  52  66  -6   0   1    M    M    M  3.7  7 190   M    M   0         M  M
 5  79  57  68  -4   0   3    M    M    M  4.7 12 130   M    M   1         M  M
 6  79  63  71   0   0   6    M    M    M 10.1 23 120   M    M   7 3      30 120
 7  81  66  74   3   0   9    M    M    M  7.9 14 160   M    M   6        16 270
 8  84  66  75   4   0  10    M    M    M  7.1 10 190   M    M   4         M  M
 9  81  66  74   3   0   9    M    M    M  6.3 16  20   M    M   4         M  M
10  79  64  72   1   0   7 0.00    M    M  9.3 17 330   M    M   5        22 330
11  79  61  70  -1   0   5    M    M    M  4.6 12  10   M    M   2         M  M
12  82  61  72   1   0   7    M    M    M  6.4 10 190   M    M   0         M  M
13  79  66  73   2   0   8    M    M    M  8.4 16 260   M    M   1        23 260
14  88  70  79   9   0  14    M    M    M  5.9 10 250   M    M   1         M  M
15  84  68  76   6   0  11    M    M    M  8.2 14 180   M    M   0        18 180
16  79  70  75   5   0  10    M    M    M  6.2 13 190   M    M   4 3      18 190
17  68  61  65  -5   0   0    M    M    M  8.7 16  20   M    M  10         M  M
18  70  57  64  -6   1   0    M    M    M  9.2 14 240   M    M   8 3      20  70
19  64  55  60 -10   5   0    M    M    M 11.3 20 320   M    M   9        25 320
20  73  50  62  -8   3   0    M    M    M  9.2 15 290   M    M   1        20 300
21  79  59  69   0   0   4    M    M    M 12.3 18 190   M    M   3        30 190
22  81  59  70   1   0   5    M    M    M 15.7 24 160   M    M   6        36 160
23  68  54  61  -8   4   0    M    M    M 18.6 28 280   M    M   6        35 280
24  68  50  59 -10   6   0    M    M    M 15.3 25 300   M    M   1        35 320
25  72  48  60  -8   5   0    M    M    M  9.2 17 310   M    M   0        22 310
26  73  48  61  -7   4   0 0.00  0.0    0  3.0  8 150   M    M   1         M  M
27  73  55  64  -4   1   0    M    M    M  9.6 20 160   M    M   2        25 160
28  72  55  64  -4   1   0    M    M    M 11.9 21 150   M    M   6        29 150
29  70  54  62  -6   3   0    M    M    M  3.3  7 190   M    M   6         M  M
30  77  57  67   0   0   2    M    M    M  9.0 13 170   M    M   3        21 180
================================================================================
SM 2308 1771        33 130  0.00     0.0 263.1          M       99
================================================================================
AV 76.9 59.0                               8.8 FASTST   M    M   3    MAX(MPH)
                                 MISC ---->    28   M                 36    M
================================================================================
NOTES:
# LAST OF SEVERAL OCCURRENCES

COLUMN 17 PEAK WIND IN M.P.H.

PRELIMINARY LOCAL CLIMATOLOGICAL DATA (WS FORM: F-6) , PAGE 2

                                          STATION:  MANKATO MN
                                          MONTH:    AUGUST
                                          YEAR:     2015
                                          LATITUDE:   44 13 N
                                          LONGITUDE:  93 55 W

[TEMPERATURE DATA]      [PRECIPITATION DATA]       SYMBOLS USED IN COLUMN 16

AVERAGE MONTHLY: 68.0   TOTAL FOR MONTH:   0.00    1 = FOG OR MIST
DPTR FM NORMAL:  -2.0   DPTR FM NORMAL:   -4.05    2 = FOG REDUCING VISIBILITY
HIGHEST:    88 ON 14    GRTST 24HR  0.00 ON 26-26      TO 1/4 MILE OR LESS
LOWEST:     48 ON 26,25                            3 = THUNDER
                        SNOW, ICE PELLETS, HAIL    4 = ICE PELLETS
                        TOTAL MONTH:   0.0 INCH    5 = HAIL
                        GRTST 24HR     0.0         6 = FREEZING RAIN OR DRIZZLE
                        GRTST DEPTH:   0           7 = DUSTSTORM OR SANDSTORM:
                                                       VSBY 1/2 MILE OR LESS
                                                   8 = SMOKE OR HAZE
[NO. OF DAYS WITH]      [WEATHER - DAYS WITH]      9 = BLOWING SNOW
                                                   X = TORNADO
MAX 32 OR BELOW:   0    0.01 INCH OR MORE:   0
MAX 90 OR ABOVE:   0    0.10 INCH OR MORE:   0
MIN 32 OR BELOW:   0    0.50 INCH OR MORE:   0
MIN  0 OR BELOW:   0    1.00 INCH OR MORE:   0

[HDD (BASE 65) ]
TOTAL THIS MO.    33    CLEAR  (SCALE 0-3)  16
DPTR FM NORMAL    12    PTCLDY (SCALE 4-7)  12
TOTAL FM JUL 1    47    CLOUDY (SCALE 8-10)  2
DPTR FM NORMAL    18

[CDD (BASE 65) ]
TOTAL THIS MO.   130
DPTR FM NORMAL   -42    [PRESSURE DATA]
TOTAL FM JAN 1   484    HIGHEST SLP M ON M
DPTR FM NORMAL  -104    LOWEST  SLP M ON M

[REMARKS]
