229
CXUS53 KMPX 271000
CF6MKT
PRELIMINARY LOCAL CLIMATOLOGICAL DATA (WS FORM: F-6)

                                          STATION:   MANKATO MN
                                          MONTH:     AUGUST
                                          YEAR:      2016
                                          LATITUDE:   44 13 N
                                          LONGITUDE:  93 55 W

  TEMPERATURE IN F:       :PCPN:    SNOW:  WIND      :SUNSHINE: SKY     :PK WND
================================================================================
1   2   3   4   5  6A  6B    7    8   9   10  11  12  13   14  15   16   17  18
                                     12Z  AVG MX 2MIN
DY MAX MIN AVG DEP HDD CDD  WTR  SNW DPTH SPD SPD DIR MIN PSBL S-S WX    SPD DR
================================================================================

 1  81  66  74   2   0   9    M    M    M 10.9 20 130   M    M   3 3      25 140
 2  84  66  75   3   0  10    M    M    M  4.8  8 180   M    M   2         M  M
 3  84  70  77   5   0  12    M    M    M  6.9 12 170   M    M   1        18 170
 4  81  66  74   2   0   9    M    M    M 10.7 18 150   M    M   2 3      22 160
 5  75  61  68  -4   0   3    M    M    M  9.5 16 320   M    M   2        20 330
 6  77  57  67  -4   0   2    M    M    M  5.1 12 350   M    M   1        17 350
 7  81  61  71   0   0   6    M    M    M  2.9  7 130   M    M   0         M  M
 8  81  61  71   0   0   6    M    M    M  8.2 15 140   M    M   2        16 170
 9  86  64  75   4   0  10    M    M    M  7.9 10 190   M    M   4 3      17 190
10  88  68  78   7   0  13    M    M    M 10.6 18 140   M    M   3 3      24 160
11  82  66  74   3   0   9    M    M    M  5.9 22  10   M    M   3 3      22  80
12  79  64  72   1   0   7    M    M    M  5.7 17 310   M    M   6 3      21 310
13  81  63  72   1   0   7    M    M    M  6.8 13 270   M    M   1        16 300
14  79  61  70   0   0   5    M    M    M  3.2  6 150   M    M   1         M  M
15  81  61  71   1   0   6    M    M    M  6.3 10 140   M    M   0         M  M
16  82  64  73   3   0   8    M    M    M  6.2  9 220   M    M   3 3       M  M
17  82  63  73   3   0   8    M    M    M  2.3  7 170   M    M   0         M  M
18  84  64  74   4   0   9    M    M    M  7.3 14 120   M    M   1 3       M  M
19  75  63  69  -1   0   4    M    M    M  6.6 20  10   M    M   4 3      36 310
20  72  57  65  -5   0   0    M    M    M 11.5 18 310   M    M   4 3      28 310
21  72  54  63  -6   2   0    M    M    M  8.0 15 280   M    M   1        20 310
22  81  57  69   0   0   4    M    M    M 13.8 22 180   M    M   0        36 190
23  82  64  73   4   0   8    M    M    M 13.5 18 140   M    M   2 3      28 160
24  79  63  71   2   0   6    M    M    M  7.5 13 310   M    M   4         M  M
25  72  59  66  -2   0   1    M    M    M  7.5 15 300   M    M   1        17 300
26  72  54  63  -5   2   0    M    M    M  2.6  8 120   M    M   1         M  M
================================================================================
SM 2073 1617         4 162    M     M    192.2          M       52
================================================================================
AV 79.7 62.2                               7.4 FASTST   M    M   2    MAX(MPH)
                                 MISC ---->    22   M                 36    M
================================================================================
NOTES:
# LAST OF SEVERAL OCCURRENCES

COLUMN 17 PEAK WIND IN M.P.H.

PRELIMINARY LOCAL CLIMATOLOGICAL DATA (WS FORM: F-6) , PAGE 2

                                          STATION:  MANKATO MN
                                          MONTH:    AUGUST
                                          YEAR:     2016
                                          LATITUDE:   44 13 N
                                          LONGITUDE:  93 55 W

[TEMPERATURE DATA]      [PRECIPITATION DATA]       SYMBOLS USED IN COLUMN 16

AVERAGE MONTHLY: 71.0   TOTAL FOR MONTH:      M    1 = FOG OR MIST
DPTR FM NORMAL:   0.6   DPTR FM NORMAL:       M    2 = FOG REDUCING VISIBILITY
HIGHEST:    88 ON 10    GRTST 24HR    M  ON   M        TO 1/4 MILE OR LESS
LOWEST:     54 ON 26,21                            3 = THUNDER
                        SNOW, ICE PELLETS, HAIL    4 = ICE PELLETS
                        TOTAL MONTH:    M          5 = HAIL
                        GRTST 24HR    M  ON   M    6 = FREEZING RAIN OR DRIZZLE
                        GRTST DEPTH:  M  ON   M    7 = DUSTSTORM OR SANDSTORM:
                                                       VSBY 1/2 MILE OR LESS
                                                   8 = SMOKE OR HAZE
[NO. OF DAYS WITH]      [WEATHER - DAYS WITH]      9 = BLOWING SNOW
                                                   X = TORNADO
MAX 32 OR BELOW:   0    0.01 INCH OR MORE:   0
MAX 90 OR ABOVE:   0    0.10 INCH OR MORE:   0
MIN 32 OR BELOW:   0    0.50 INCH OR MORE:   0
MIN  0 OR BELOW:   0    1.00 INCH OR MORE:   0

[HDD (BASE 65) ]
TOTAL THIS MO.     4    CLEAR  (SCALE 0-3)  19
DPTR FM NORMAL   -11    PTCLDY (SCALE 4-7)   7
TOTAL FM JUL 1     6    CLOUDY (SCALE 8-10)  0
DPTR FM NORMAL   -17

[CDD (BASE 65) ]
TOTAL THIS MO.   162
DPTR FM NORMAL     6    [PRESSURE DATA]
TOTAL FM JAN 1   650    HIGHEST SLP M ON M
DPTR FM NORMAL    78    LOWEST  SLP M ON M

[REMARKS]
