000
CXUS54 KTSA 260840
CF6MLC
PRELIMINARY LOCAL CLIMATOLOGICAL DATA (WS FORM: F-6)

                                          STATION:   MCALESTER OKLAHOMA
                                          MONTH:     SEPTEMBER
                                          YEAR:      2017
                                          LATITUDE:   34 52 N
                                          LONGITUDE:  95 47 W

  TEMPERATURE IN F:       :PCPN:    SNOW:  WIND      :SUNSHINE: SKY     :PK WND
================================================================================
1   2   3   4   5  6A  6B    7    8   9   10  11  12  13   14  15   16   17  18
                                     12Z  AVG MX 2MIN
DY MAX MIN AVG DEP HDD CDD  WTR  SNW DPTH SPD SPD DIR MIN PSBL S-S WX    SPD DR
================================================================================

 1  88  60  74  -5   0   9 0.00  0.0    0  1.5  8  30   M    M   2 1      11  60
 2  87  66  77  -2   0  12 0.00  0.0    0  1.1  7 140   M    M   3 1      10 140
 3  92  70  81   2   0  16 0.00  0.0    0  3.5  9 160   M    M   3 1      13 220
 4  95  73  84   6   0  19 0.00  0.0    0  7.4 16 220   M    M   2        22 210
 5  82  56  69  -9   0   4 0.00  0.0    0  9.2 22  10   M    M   4 8      27  20
 6  79  52  66 -12   0   1 0.00  0.0    0  5.1 21 360   M    M   2        28  10
 7  84  50  67 -10   0   2 0.00  0.0    0  2.3  8 150   M    M   2        13 210
 8  84  54  69  -8   0   4 0.00  0.0    0  2.6 12 200   M    M   1        15 210
 9  86  57  72  -4   0   7 0.00  0.0    0  2.2  9  50   M    M   2 1      14 110
10  84  56  70  -6   0   5 0.00  0.0    0  3.0 10  90   M    M   2        17  50
11  85  54  70  -6   0   5 0.00  0.0    0  4.2 16  10   M    M   3 1      20  10
12  81  52  67  -8   0   2 0.00  0.0    0  4.6 16  20   M    M   1        23 350
13  86  52  69  -6   0   4 0.00  0.0    0  1.8  8 320   M    M   1        12 310
14  92  54  73  -1   0   8 0.00  0.0    0  3.8 10 210   M    M   1        15 150
15  91  72  82   8   0  17 0.00  0.0    0  7.0 15 190   M    M   2        22 170
16  92  72  82   8   0  17 0.00  0.0    0  6.6 15 170   M    M   1        25 180
17  92  69  81   8   0  16 0.79  0.0    0  6.2 29 340   M    M   3 13     35 320
18  91  69  80   7   0  15 0.00  0.0    0  3.5 15 310   M    M   2 1      19 310
19  93  68  81   9   0  16 0.00  0.0    0  6.7 16 210   M    M   1        22 180
20  94  78  86  14   0  21 0.00  0.0    0  8.7 18 210   M    M   1        25 210
21  93  77  85  13   0  20 0.00  0.0    0  8.2 16 190   M    M   1        24 130
22  91  73  82  11   0  17 0.00  0.0    0  6.4 13 190   M    M   2        21 170
23  93  70  82  11   0  17 0.00  0.0    0  4.4 10 180   M    M   3 1      16 180
24  93  70  82  12   0  17 0.00  0.0    0  5.2 12 210   M    M   2        19 180
25  90  69  80  10   0  15 0.00  0.0    0  4.8 13 190   M    M   2        19 210
================================================================================
SM 2218 1593         0 286  0.79     0.0 120.0          M       49
================================================================================
AV 88.7 63.7                               4.8 FASTST   M    M   2    MAX(MPH)
                                 MISC ---->  # 29 340               # 35  320
================================================================================
NOTES:
# LAST OF SEVERAL OCCURRENCES

COLUMN 17 PEAK WIND IN M.P.H.

PRELIMINARY LOCAL CLIMATOLOGICAL DATA (WS FORM: F-6) , PAGE 2

                                          STATION:  MCALESTER OKLAHOMA
                                          MONTH:    SEPTEMBER
                                          YEAR:     2017
                                          LATITUDE:   34 52 N
                                          LONGITUDE:  95 47 W

[TEMPERATURE DATA]      [PRECIPITATION DATA]       SYMBOLS USED IN COLUMN 16

AVERAGE MONTHLY: 76.2   TOTAL FOR MONTH:   0.79    1 = FOG OR MIST
DPTR FM NORMAL:   1.5   DPTR FM NORMAL:   -2.54    2 = FOG REDUCING VISIBILITY
HIGHEST:    95 ON  4    GRTST 24HR  0.79 ON 17-17      TO 1/4 MILE OR LESS
LOWEST:     50 ON  7                               3 = THUNDER
                        SNOW, ICE PELLETS, HAIL    4 = ICE PELLETS
                        TOTAL MONTH:   0.0 INCH    5 = HAIL
                        GRTST 24HR     0.0         6 = FREEZING RAIN OR DRIZZLE
                        GRTST DEPTH:   0           7 = DUSTSTORM OR SANDSTORM:
                                                       VSBY 1/2 MILE OR LESS
                                                   8 = SMOKE OR HAZE
[NO. OF DAYS WITH]      [WEATHER - DAYS WITH]      9 = BLOWING SNOW
                                                   X = TORNADO
MAX 32 OR BELOW:   0    0.01 INCH OR MORE:   1
MAX 90 OR ABOVE:  14    0.10 INCH OR MORE:   1
MIN 32 OR BELOW:   0    0.50 INCH OR MORE:   1
MIN  0 OR BELOW:   0    1.00 INCH OR MORE:   0

[HDD (BASE 65) ]
TOTAL THIS MO.     0    CLEAR  (SCALE 0-3)  22
DPTR FM NORMAL   -10    PTCLDY (SCALE 4-7)   3
TOTAL FM JUL 1     0    CLOUDY (SCALE 8-10)  0
DPTR FM NORMAL   -10

[CDD (BASE 65) ]
TOTAL THIS MO.   286
DPTR FM NORMAL    31    [PRESSURE DATA]
TOTAL FM JAN 1  2064    HIGHEST SLP M ON M
DPTR FM NORMAL   134    LOWEST  SLP 29.69 ON 19

[REMARKS]
