000
CXUS53 KDVN 281000
CF6MLI
PRELIMINARY LOCAL CLIMATOLOGICAL DATA (WS FORM: F-6)
STATION: MOLINE IL
MONTH: MARCH
YEAR: 2024
LATITUDE: 41 27 N
LONGITUDE: 90 31 W
TEMPERATURE IN F: :PCPN: SNOW: WIND :SUNSHINE: SKY :PK WND
================================================================================
1 2 3 4 5 6A 6B 7 8 9 10 11 12 13 14 15 16 17 18
12Z AVG MX 2MIN
DY MAX MIN AVG DEP HDD CDD WTR SNW DPTH SPD SPD DIR MIN PSBL S-S WX SPD DR
================================================================================
1 49 30 40 7 25 0 0.00 0.0 0 8.8 16 160 M M 3 25 170
2 64 27 46 12 19 0 0.00 0.0 0 9.1 18 160 M M 0 28 160
3 79 47 63 29 2 0 0.00 0.0 0 16.6 32 180 M M 1 45 170
4 77 39 58 23 7 0 0.22 0.0 0 8.3 22 170 M M 3 3 34 180
5 52 34 43 8 22 0 0.08 0.0 0 7.7 17 40 M M 8 13 26 40
6 56 34 45 9 20 0 0.00 0.0 0 8.4 20 80 M M 0 23 70
7 50 39 45 9 20 0 0.20 0.0 0 10.4 17 80 M M 8 1 21 90
8 47 38 43 7 22 0 0.65 0.0 0 12.2 21 340 M M 10 1 28 340
9 44 30 37 0 28 0 0.00 0.0 0 14.8 28 310 M M 1 37 330
10 50 24 37 0 28 0 0.00 0.0 0 5.9 14 280 M M 0 20 280
11 72 34 53 15 12 0 0.00 0.0 0 14.4 28 230 M M 0 38 240
12 73 49 61 23 4 0 0.00 0.0 0 8.8 25 210 M M 0 33 240
13 72 40 56 17 9 0 T 0.0 0 6.4 21 80 M M 4 26 80
14 55 44 50 11 15 0 0.68 0.0 0 10.6 25 40 M M 9 13 35 50
15 61 40 51 11 14 0 0.00 0.0 0 6.9 17 310 M M 1 25 310
16 58 36 47 7 18 0 0.00 0.0 0 17.0 31 280 M M 3 45 280
17 39 27 33 -7 32 0 0.00 0.0 0 17.3 28 300 M M 6 41 320
18 39 22 31 -10 34 0 0.00 0.0 0 11.5 21 320 M M 3 29 250
19 63 27 45 4 20 0 0.00 0.0 0 15.1 25 300 M M 1 36 270
20 46 32 39 -3 26 0 0.00 0.0 0 11.7 22 320 M M 2 31 320
21 49 32 41 -1 24 0 0.00 0.0 0 8.7 16 100 M M 7 21 100
22 41 34 38 -4 27 0 0.07 0.1 0 10.9 22 80 M M 9 8 28 80
23 45 28 37 -6 28 0 0.00 0.0 0 9.1 17 100 M M 4 22 100
24 57 34 46 3 19 0 0.00 0.0 0 15.7 26 130 M M 6 36 130
25 60 50 55 11 10 0 0.49 0.0 0 14.5 26 170 M M 9 1 42 160
26 52 31 42 -2 23 0 0.04 0.0 0 17.5 29 260 M M 10 18 43 240
27 45 28 37 -7 28 0 0.00 0.0 0 13.5 25 280 M M 3 33 270
================================================================================
SM 1495 930 536 0 2.43 0.1 311.8 M 111
================================================================================
AV 55.4 34.4 11.5 FASTST M M 4 MAX(MPH)
MISC ----> 32 180 # 45 170
================================================================================
NOTES:
# LAST OF SEVERAL OCCURRENCES
COLUMN 17 PEAK WIND IN M.P.H.
PRELIMINARY LOCAL CLIMATOLOGICAL DATA (WS FORM: F-6) , PAGE 2
STATION: MOLINE IL
MONTH: MARCH
YEAR: 2024
LATITUDE: 41 27 N
LONGITUDE: 90 31 W
[TEMPERATURE DATA] [PRECIPITATION DATA] SYMBOLS USED IN COLUMN 16
AVERAGE MONTHLY: 44.9 TOTAL FOR MONTH: 2.43 1 = FOG OR MIST
DPTR FM NORMAL: 5.9 DPTR FM NORMAL: 0.17 2 = FOG REDUCING VISIBILITY
HIGHEST: 79 ON 3 GRTST 24HR 0.84 ON 7- 8 TO 1/4 MILE OR LESS
LOWEST: 22 ON 18 3 = THUNDER
SNOW, ICE PELLETS, HAIL 4 = ICE PELLETS
TOTAL MONTH: 0.1 INCH 5 = HAIL
GRTST 24HR 0.1 ON 22-22 6 = FREEZING RAIN OR DRIZZLE
GRTST DEPTH: 0 7 = DUSTSTORM OR SANDSTORM:
VSBY 1/2 MILE OR LESS
8 = SMOKE OR HAZE
[NO. OF DAYS WITH] [WEATHER - DAYS WITH] 9 = BLOWING SNOW
X = TORNADO
MAX 32 OR BELOW: 0 0.01 INCH OR MORE: 8
MAX 90 OR ABOVE: 0 0.10 INCH OR MORE: 5
MIN 32 OR BELOW: 12 0.50 INCH OR MORE: 2
MIN 0 OR BELOW: 0 1.00 INCH OR MORE: 0
[HDD (BASE 65) ]
TOTAL THIS MO. 536 CLEAR (SCALE 0-3) 12
DPTR FM NORMAL -169 PTCLDY (SCALE 4-7) 9
TOTAL FM JUL 1 4399 CLOUDY (SCALE 8-10) 6
DPTR FM NORMAL -959
[CDD (BASE 65) ]
TOTAL THIS MO. 0
DPTR FM NORMAL 0 [PRESSURE DATA]
TOTAL FM JAN 1 0 HIGHEST SLP M ON M
DPTR FM NORMAL 0 LOWEST SLP 29.31 ON 26
[REMARKS]