000
CXUS55 KDVN 271100
CF6MLI
PRELIMINARY LOCAL CLIMATOLOGICAL DATA (WS FORM: F-6)

                                          STATION:   MOLINE IL
                                          MONTH:     APRIL
                                          YEAR:      2017
                                          LATITUDE:   41 27 N
                                          LONGITUDE:  90 31 W

  TEMPERATURE IN F:       :PCPN:    SNOW:  WIND      :SUNSHINE: SKY     :PK WND
================================================================================
1   2   3   4   5  6A  6B    7    8   9   10  11  12  13   14  15   16   17  18
                                     12Z  AVG MX 2MIN
DY MAX MIN AVG DEP HDD CDD  WTR  SNW DPTH SPD SPD DIR MIN PSBL S-S WX    SPD DR
================================================================================

 1  61  30  46   0  19   0 0.00  0.0    0  2.6  7  80   M    M   2 1       9 330
 2  53  46  50   4  15   0 0.01  0.0    0  6.7 17 140   M    M   9        21 140
 3  56  48  52   5  13   0 0.40  0.0    0  5.8 13  70   M    M   8 1      20 220
 4  55  48  52   5  13   0    T  0.0    0  7.4 15 310   M    M   8 1      18 310
 5  49  39  44  -4  21   0 0.97  0.0    0 16.9 26  30   M    M  10 1      37  20
 6  56  41  49   1  16   0 0.00  0.0    0 13.9 26 320   M    M   3        34 310
 7  59  32  46  -2  19   0 0.00  0.0    0  5.0 13 310   M    M   0        16 310
 8  77  39  58   9   7   0 0.00  0.0    0 12.4 24 170   M    M   1        31 180
 9  81  62  72  23   0   7 0.00  0.0    0 14.9 25 200   M    M   2        32 180
10  72  51  62  13   3   0 0.15  0.0    0 13.6 36 260   M    M   6 3      50 260
11  58  37  48  -2  17   0 0.00  0.0    0 10.4 22 300   M    M   6        27 280
12  71  34  53   3  12   0 0.00  0.0    0  6.9 17  90   M    M   0        21 110
13  71  47  59   9   6   0 0.09  0.0    0 11.4 20  70   M    M   6        25  90
14  76  49  63  12   2   0 0.15  0.0    0 11.2 25 250   M    M   2 138    32 250
15  81  61  71  20   0   6 0.77  0.0    0 14.9 36 320   M    M   3 13     47 320
16  71  47  59   7   6   0 0.20  0.0    0 10.9 23 310   M    M   3 13     30 310
17  74  41  58   6   7   0 0.00  0.0    0  2.4 14 270   M    M   0        17 260
18  77  43  60   8   5   0 0.00  0.0    0 10.4 24 180   M    M   2        31 170
19  73  59  66  13   0   1 0.46  0.0    0  7.6 25 100   M    M   6 13     32 100
20  69  50  60   7   5   0 0.00  0.0    0 15.6 25 310   M    M   8        33 280
21  58  43  51  -3  14   0 0.00  0.0    0  9.2 21  60   M    M   1        24  70
22  65  40  53  -1  12   0 0.00  0.0    0  7.8 18  50   M    M   0        22  50
23  74  35  55   1  10   0 0.00  0.0    0  2.3  9 160   M    M   0        11 150
24  77  38  58   3   7   0 0.00  0.0    0  8.3 23 140   M    M   0        32 140
25  80  49  65  10   0   0    T  0.0    0 11.7 25 130   M    M   0        33 130
26  72  44  58   3   7   0 0.40  0.0    0  9.2 18 300   M    M   9 18     24 180
================================================================================
SM 1766 1153       236  14  3.60     0.0 249.4          M       95
================================================================================
AV 67.9 44.4                               9.6 FASTST   M    M   4    MAX(MPH)
                                 MISC ---->  # 36 260               # 50  260
================================================================================
NOTES:
# LAST OF SEVERAL OCCURRENCES

COLUMN 17 PEAK WIND IN M.P.H.

PRELIMINARY LOCAL CLIMATOLOGICAL DATA (WS FORM: F-6) , PAGE 2

                                          STATION:  MOLINE IL
                                          MONTH:    APRIL
                                          YEAR:     2017
                                          LATITUDE:   41 27 N
                                          LONGITUDE:  90 31 W

[TEMPERATURE DATA]      [PRECIPITATION DATA]       SYMBOLS USED IN COLUMN 16

AVERAGE MONTHLY: 56.1   TOTAL FOR MONTH:   3.60    1 = FOG OR MIST
DPTR FM NORMAL:   5.4   DPTR FM NORMAL:    0.55    2 = FOG REDUCING VISIBILITY
HIGHEST:    81 ON 15, 9 GRTST 24HR  0.97 ON  5- 5      TO 1/4 MILE OR LESS
LOWEST:     30 ON  1                               3 = THUNDER
                        SNOW, ICE PELLETS, HAIL    4 = ICE PELLETS
                        TOTAL MONTH:   0.0 INCH    5 = HAIL
                        GRTST 24HR     0.0         6 = FREEZING RAIN OR DRIZZLE
                        GRTST DEPTH:   0           7 = DUSTSTORM OR SANDSTORM:
                                                       VSBY 1/2 MILE OR LESS
                                                   8 = SMOKE OR HAZE
[NO. OF DAYS WITH]      [WEATHER - DAYS WITH]      9 = BLOWING SNOW
                                                   X = TORNADO
MAX 32 OR BELOW:   0    0.01 INCH OR MORE:  10
MAX 90 OR ABOVE:   0    0.10 INCH OR MORE:   8
MIN 32 OR BELOW:   2    0.50 INCH OR MORE:   2
MIN  0 OR BELOW:   0    1.00 INCH OR MORE:   0

[HDD (BASE 65) ]
TOTAL THIS MO.   236    CLEAR  (SCALE 0-3)  15
DPTR FM NORMAL  -147    PTCLDY (SCALE 4-7)   8
TOTAL FM JUL 1  4785    CLOUDY (SCALE 8-10)  3
DPTR FM NORMAL -1200

[CDD (BASE 65) ]
TOTAL THIS MO.    14
DPTR FM NORMAL     4    [PRESSURE DATA]
TOTAL FM JAN 1    14    HIGHEST SLP M ON M
DPTR FM NORMAL     3    LOWEST  SLP 29.31 ON 26

[REMARKS]
