000
CXUS54 KSHV 231300
CF6MLU
PRELIMINARY LOCAL CLIMATOLOGICAL DATA (WS FORM: F-6)

                                          STATION:   MONROE
                                          MONTH:     APRIL
                                          YEAR:      2014
                                          LATITUDE:   32 30 N
                                          LONGITUDE:  92  2 W

  TEMPERATURE IN F:       :PCPN:    SNOW:  WIND      :SUNSHINE: SKY     :PK WND
================================================================================
1   2   3   4   5  6A  6B    7    8   9   10  11  12  13   14  15   16   17  18
                                     12Z  AVG MX 2MIN
DY MAX MIN AVG DEP HDD CDD  WTR  SNW DPTH SPD SPD DIR MIN PSBL S-S WX    SPD DR
================================================================================

 1  81  51  66   4   0   1 0.00  0.0    0  4.9 14 220   M    M   5 8      22 180
 2  78  66  72  10   0   7    T  0.0    0  7.9 17 180   M    M   7 1      25 160
 3  84  71  78  16   0  13    T  0.0    0 13.3 22 180   M    M   7 8      33 180
 4  74  52  63   0   2   0 2.04  0.0    0  8.3 25 330   M    M   3 13     31 330
 5  58  49  54  -9  11   0 0.01  0.0    0 10.7 18  50   M    M   2 3      24  50
 6  53  49  51 -12  14   0 3.82  0.0    0  8.6 21 310   M    M   8 13     28 330
 7  63  50  57  -7   8   0 0.03  0.0    0  7.8 16 280   M    M   8 1      20 310
 8  64  46  55  -9  10   0 0.18  0.0    0  7.1 35 350   M    M   5 13     45 360
 9  72  39  56  -8   9   0 0.00  0.0    0  3.5 14 250   M    M   0        17 250
10  80  51  66   2   0   1 0.00  0.0    0 10.4 18 190   M    M   0        33 220
11  79  51  65   1   0   0 0.00  0.0    0  6.8 16 230   M    M   2        25 170
12  81  56  69   4   0   4 0.00  0.0    0  7.9 16 160   M    M   3        24 180
13  80  67  74   9   0   9 0.32  0.0    0 10.7 22 170   M    M   6 13     32 160
14  73  45  59  -6   6   0 1.46  0.0    0 10.5 36 310   M    M  10 13     44 310
15  58  38  48 -18  17   0 0.00  0.0    0 11.5 22 350   M    M   2        30  10
16  62  36  49 -17  16   0 0.00  0.0    0  3.0 12 170   M    M   0        15 170
17  67  40  54 -12  11   0 0.02  0.0    0  1.6 14 180   M    M   3 1      23 110
18  75  53  64  -2   1   0    T  0.0    0  4.6 20  60   M    M   6 1      25  50
19  79  48  64  -3   1   0 0.00  0.0    0  1.2 10  40   M    M   0 12     14  40
20  82  52  67   0   0   2 0.00  0.0    0  1.4  9 210   M    M   0 12     15 210
21  83  56  70   3   0   5    T  0.0    0  6.0 18 220   M    M   5 8      24 110
22  80  58  69   1   0   4    T  0.0    0  6.7 17 340   M    M   5 1      21 340
================================================================================
SM 1606 1124       106  46  7.88     0.0 154.4          M       87
================================================================================
AV 73.0 51.1                               7.0 FASTST   M    M   4    MAX(MPH)
                                 MISC ---->  # 36 310               # 45  360
================================================================================
NOTES:
# LAST OF SEVERAL OCCURRENCES

COLUMN 17 PEAK WIND IN M.P.H.

PRELIMINARY LOCAL CLIMATOLOGICAL DATA (WS FORM: F-6) , PAGE 2

                                          STATION:  MONROE
                                          MONTH:    APRIL
                                          YEAR:     2014
                                          LATITUDE:   32 30 N
                                          LONGITUDE:  92  2 W

[TEMPERATURE DATA]      [PRECIPITATION DATA]       SYMBOLS USED IN COLUMN 16

AVERAGE MONTHLY: 62.0   TOTAL FOR MONTH:   7.88    1 = FOG OR MIST
DPTR FM NORMAL:  -2.6   DPTR FM NORMAL:    4.60    2 = FOG REDUCING VISIBILITY
HIGHEST:    84 ON  3    GRTST 24HR  3.83 ON  5- 6      TO 1/4 MILE OR LESS
LOWEST:     36 ON 16                               3 = THUNDER
                        SNOW, ICE PELLETS, HAIL    4 = ICE PELLETS
                        TOTAL MONTH:   0.0 INCH    5 = HAIL
                        GRTST 24HR     0.0         6 = FREEZING RAIN OR DRIZZLE
                        GRTST DEPTH:   0           7 = DUSTSTORM OR SANDSTORM:
                                                       VSBY 1/2 MILE OR LESS
                                                   8 = SMOKE OR HAZE
[NO. OF DAYS WITH]      [WEATHER - DAYS WITH]      9 = BLOWING SNOW
                                                   X = TORNADO
MAX 32 OR BELOW:   0    0.01 INCH OR MORE:   8
MAX 90 OR ABOVE:   0    0.10 INCH OR MORE:   5
MIN 32 OR BELOW:   0    0.50 INCH OR MORE:   3
MIN  0 OR BELOW:   0    1.00 INCH OR MORE:   3

[HDD (BASE 65) ]
TOTAL THIS MO.   106    CLEAR  (SCALE 0-3)  10
DPTR FM NORMAL    33    PTCLDY (SCALE 4-7)   9
TOTAL FM JUL 1  2806    CLOUDY (SCALE 8-10)  3
DPTR FM NORMAL   589

[CDD (BASE 65) ]
TOTAL THIS MO.    46
DPTR FM NORMAL   -18    [PRESSURE DATA]
TOTAL FM JAN 1    55    HIGHEST SLP M ON M
DPTR FM NORMAL   -52    LOWEST  SLP 29.67 ON 13

[REMARKS]
