000
CXUS54 KMOB 231251
CF6MOB
PRELIMINARY LOCAL CLIMATOLOGICAL DATA (WS FORM: F-6)

                                          STATION:   MOBILE
                                          MONTH:     JUNE
                                          YEAR:      2017
                                          LATITUDE:   30 40 N
                                          LONGITUDE:  88 15 W

  TEMPERATURE IN F:       :PCPN:    SNOW:  WIND      :SUNSHINE: SKY     :PK WND
================================================================================
1   2   3   4   5  6A  6B    7    8   9   10  11  12  13   14  15   16   17  18
                                     12Z  AVG MX 2MIN
DY MAX MIN AVG DEP HDD CDD  WTR  SNW DPTH SPD SPD DIR MIN PSBL S-S WX    SPD DR
================================================================================

 1  84  70  77  -1   0  12 0.10  0.0    0  4.0 15 150   M    M   7 1      20 150
 2  86  73  80   2   0  15 0.06  0.0    0  8.1 16 140   M    M   7 1      21 160
 3  83  73  78   0   0  13 0.61  0.0    0  5.9 15 350   M    M   9 138    18 190
 4  86  73  80   2   0  15 0.29  0.0    0  5.0 17 200   M    M   6 18     22 200
 5  86  72  79   1   0  14 0.31  0.0    0  8.1 23 220   M    M   7 13     29 210
 6  85  71  78   0   0  13 1.14  0.0    0  7.5 18  90   M    M   8 13     24  20
 7  88  71  80   1   0  15 0.02  0.0    0 11.9 20  10   M    M   6 1      26  10
 8  86  65  76  -3   0  11 0.00  0.0    0  6.2 14  10   M    M   4        17  10
 9  87  62  75  -4   0  10 0.00  0.0    0  3.9 10 190   M    M   4        12 180
10  88  65  77  -2   0  12 0.00  0.0    0  5.5 14 160   M    M   3        18 130
11  88  70  79   0   0  14 0.00  0.0    0  8.1 18 150   M    M   4        22 140
12  87  75  81   1   0  16 0.48  0.0    0  7.0 21 110   M    M   6 13     28 110
13  86  73  80   0   0  15 0.31  0.0    0  3.5 15 170   M    M   7 1238   18 180
14  85  72  79  -1   0  14 0.01  0.0    0  3.2 16 210   M    M   5 13     21 210
15  89  70  80   0   0  15 0.74  0.0    0  4.3 16 140   M    M   6 13     21  10
16  91  68  80   0   0  15 0.20  0.0    0  4.5 20 310   M    M   5 13     30 320
17  79  68  74  -6   0   9 0.60  0.0    0  4.2 10 180   M    M   8 1      13 340
18  88  72  80   0   0  15 0.11  0.0    0  5.0 18 150   M    M   4 13     23 150
19  90  71  81   1   0  16 0.00  0.0    0  6.3 18 140   M    M   5 128    21 140
20  78  71  75  -5   0  10 2.81  0.0    0 12.0 25  50   M    M   7 13     32  40
21  80  71  76  -5   0  11 2.63  0.0    0 15.9 26 140   M    M  10 18     35 120
22  84  76  80  -1   0  15 1.39  0.0    0 18.6 31 200   M    M  10 128    44 200
================================================================================
SM 1884 1552         0 295 11.81     0.0 158.7          M      138
================================================================================
AV 85.6 70.6                               7.2 FASTST   M    M   6    MAX(MPH)
                                 MISC ---->  # 31 200               # 44  200
================================================================================
NOTES:
# LAST OF SEVERAL OCCURRENCES

COLUMN 17 PEAK WIND IN M.P.H.

PRELIMINARY LOCAL CLIMATOLOGICAL DATA (WS FORM: F-6) , PAGE 2

                                          STATION:  MOBILE
                                          MONTH:    JUNE
                                          YEAR:     2017
                                          LATITUDE:   30 40 N
                                          LONGITUDE:  88 15 W

[TEMPERATURE DATA]      [PRECIPITATION DATA]       SYMBOLS USED IN COLUMN 16

AVERAGE MONTHLY: 78.1   TOTAL FOR MONTH:  11.81    1 = FOG OR MIST
DPTR FM NORMAL:  -1.2   DPTR FM NORMAL:    7.52    2 = FOG REDUCING VISIBILITY
HIGHEST:    91 ON 16    GRTST 24HR  2.81 ON 20-20      TO 1/4 MILE OR LESS
LOWEST:     62 ON  9                               3 = THUNDER
                        SNOW, ICE PELLETS, HAIL    4 = ICE PELLETS
                        TOTAL MONTH:   0.0 INCH    5 = HAIL
                        GRTST 24HR     0.0         6 = FREEZING RAIN OR DRIZZLE
                        GRTST DEPTH:   0           7 = DUSTSTORM OR SANDSTORM:
                                                       VSBY 1/2 MILE OR LESS
                                                   8 = SMOKE OR HAZE
[NO. OF DAYS WITH]      [WEATHER - DAYS WITH]      9 = BLOWING SNOW
                                                   X = TORNADO
MAX 32 OR BELOW:   0    0.01 INCH OR MORE:  17
MAX 90 OR ABOVE:   2    0.10 INCH OR MORE:  14
MIN 32 OR BELOW:   0    0.50 INCH OR MORE:   7
MIN  0 OR BELOW:   0    1.00 INCH OR MORE:   4

[HDD (BASE 65) ]
TOTAL THIS MO.     0    CLEAR  (SCALE 0-3)   1
DPTR FM NORMAL     0    PTCLDY (SCALE 4-7)  18
TOTAL FM JUL 1   923    CLOUDY (SCALE 8-10)  3
DPTR FM NORMAL  -772

[CDD (BASE 65) ]
TOTAL THIS MO.   295
DPTR FM NORMAL   -20    [PRESSURE DATA]
TOTAL FM JAN 1   896    HIGHEST SLP M ON M
DPTR FM NORMAL   136    LOWEST  SLP 29.68 ON  7

[REMARKS]
