000
CXUS53 KBIS 250830
CF6MOT
PRELIMINARY LOCAL CLIMATOLOGICAL DATA (WS FORM: F-6)

                                          STATION:   MINOT ND
                                          MONTH:     JULY
                                          YEAR:      2017
                                          LATITUDE:   48 15 N
                                          LONGITUDE: 101 16 W

  TEMPERATURE IN F:       :PCPN:    SNOW:  WIND      :SUNSHINE: SKY     :PK WND
================================================================================
1   2   3   4   5  6A  6B    7    8   9   10  11  12  13   14  15   16   17  18
                                     12Z  AVG MX 2MIN
DY MAX MIN AVG DEP HDD CDD  WTR  SNW DPTH SPD SPD DIR MIN PSBL S-S WX    SPD DR
================================================================================

 1  80  54  67  -1   0   2 0.03    M    M  6.8 15  10   M    M   5        21 350
 2  83  47  65  -3   0   0 0.00    M    M  7.0 18 110   M    M   0        21 100
 3  95  60  78  10   0  13 0.00    M    M 13.1 23 160   M    M   0        30 170
 4  94  66  80  12   0  15 0.00    M    M 12.6 25 170   M    M   0 3      33 160
 5  98  60  79  11   0  14 0.00    M    M  7.2 20 320   M    M   0        25 320
 6  85  64  75   6   0  10 0.00    M    M 11.0 20 330   M    M   0        27 360
 7  86  57  72   3   0   7 0.00    M    M  6.9 15 350   M    M   0        20 350
 8  94  63  79  10   0  14 0.11    M    M  8.7 32 110   M    M   0 3      40 110
 9  87  65  76   7   0  11 0.03    M    M 10.2 22 110   M    M   0 3      27  10
10  94  61  78   9   0  13 0.00    M    M 10.7 22 150   M    M   0 3      28 150
11  89  61  75   6   0  10    T    M    M 13.7 28 290   M    M   2 1      36 290
12  75  54  65  -5   0   0    T    M    M 11.8 21  20   M    M   8 1      29  30
13  81  48  65  -5   0   0 0.00    M    M  8.6 17 100   M    M   2 12     29 120
14 100  61  81  11   0  16    T    M    M 11.5 24 320   M    M   0 3      30 190
15  84  61  73   3   0   8 0.00    M    M  8.7 14 350   M    M   0        17 360
16  98  58  78   8   0  13    T    M    M 14.2 35 170   M    M   0 3      46 190
17  85  59  72   2   0   7    T    M    M 11.7 29 180   M    M   0 3      39 170
18  86  54  70   0   0   5 0.00    M    M  4.7 15  20   M    M   2        18  20
19  93  62  78   8   0  13    T    M    M  9.8 22 270   M    M   1 3      28 260
20  93  58  76   6   0  11 0.04    M    M  8.7 25 310   M    M   2 13     31 300
21  92  63  78   8   0  13 0.10    M    M  6.8 20 330   M    M   0 38     31 320
22  83  58  71   1   0   6 0.00    M    M 12.9 26 290   M    M   1        33 310
23  87  54  71   1   0   6 0.00    M    M  6.5 14 130   M    M   0        18 100
24  98  65  82  11   0  17 0.05    M    M 13.8 25 180   M    M   0 3      36 160
================================================================================
SM 2140 1413         0 224  0.36    M    237.6          M       23
================================================================================
AV 89.2 58.9                               9.9 FASTST   M    M   1    MAX(MPH)
                                 MISC ---->  # 35 170               # 46  190
================================================================================
NOTES:
# LAST OF SEVERAL OCCURRENCES

COLUMN 17 PEAK WIND IN M.P.H.

PRELIMINARY LOCAL CLIMATOLOGICAL DATA (WS FORM: F-6) , PAGE 2

                                          STATION:  MINOT ND
                                          MONTH:    JULY
                                          YEAR:     2017
                                          LATITUDE:   48 15 N
                                          LONGITUDE: 101 16 W

[TEMPERATURE DATA]      [PRECIPITATION DATA]       SYMBOLS USED IN COLUMN 16

AVERAGE MONTHLY: 74.0   TOTAL FOR MONTH:   0.36    1 = FOG OR MIST
DPTR FM NORMAL:   4.6   DPTR FM NORMAL:   -1.65    2 = FOG REDUCING VISIBILITY
HIGHEST:   100 ON 14    GRTST 24HR  0.11 ON  8- 8      TO 1/4 MILE OR LESS
LOWEST:     47 ON  2                               3 = THUNDER
                        SNOW, ICE PELLETS, HAIL    4 = ICE PELLETS
                        TOTAL MONTH:    M          5 = HAIL
                        GRTST 24HR    M  ON   M    6 = FREEZING RAIN OR DRIZZLE
                        GRTST DEPTH:  M  ON   M    7 = DUSTSTORM OR SANDSTORM:
                                                       VSBY 1/2 MILE OR LESS
                                                   8 = SMOKE OR HAZE
[NO. OF DAYS WITH]      [WEATHER - DAYS WITH]      9 = BLOWING SNOW
                                                   X = TORNADO
MAX 32 OR BELOW:   0    0.01 INCH OR MORE:   6
MAX 90 OR ABOVE:  11    0.10 INCH OR MORE:   2
MIN 32 OR BELOW:   0    0.50 INCH OR MORE:   0
MIN  0 OR BELOW:   0    1.00 INCH OR MORE:   0

[HDD (BASE 65) ]
TOTAL THIS MO.     0    CLEAR  (SCALE 0-3)  22
DPTR FM NORMAL   -21    PTCLDY (SCALE 4-7)   2
TOTAL FM JUL 1     0    CLOUDY (SCALE 8-10)  0
DPTR FM NORMAL   -21

[CDD (BASE 65) ]
TOTAL THIS MO.   224
DPTR FM NORMAL    98    [PRESSURE DATA]
TOTAL FM JAN 1   322    HIGHEST SLP M ON M
DPTR FM NORMAL   107    LOWEST  SLP 29.64 ON 11

[REMARKS]
