000
CXUS53 KMPX 270700
CF6MPX
PRELIMINARY LOCAL CLIMATOLOGICAL DATA (WS FORM: F-6)

                                          STATION:   CHANHASSEN MN
                                          MONTH:     APRIL
                                          YEAR:      2017
                                          LATITUDE:   44 50 N
                                          LONGITUDE:  93 34 W

  TEMPERATURE IN F:       :PCPN:    SNOW:  WIND      :SUNSHINE: SKY     :PK WND
================================================================================
1   2   3   4   5  6A  6B    7    8   9   10  11  12  13   14  15   16   17  18
                                     12Z  AVG MX 2MIN
DY MAX MIN AVG DEP HDD CDD  WTR  SNW DPTH SPD SPD DIR MIN PSBL S-S WX    SPD DR
================================================================================

 1  64  31  48   9  17   0 0.00  0.0    0   M   M   M   M    M   M         M  M
 2  54  36  45   5  20   0    T  0.0    0   M   M   M   M    M   M         M  M
 3  51  45  48   8  17   0 0.03  0.0    0   M   M   M   M    M   M         M  M
 4  60  38  49   8  16   0 0.01  0.0    0   M   M   M   M    M   M         M  M
 5  53  36  45   4  20   0 0.00  0.0    0   M   M   M   M    M   M         M  M
 6  53  34  44   2  21   0 0.00  0.0    0   M   M   M   M    M   M         M  M
 7  58  25  42   0  23   0 0.00  0.0    0   M   M   M   M    M   M         M  M
 8  74  45  60  17   5   0 0.00  0.0    0   M   M   M   M    M   M         M  M
 9  70  50  60  16   5   0 0.05  0.0    0   M   M   M   M    M   M         M  M
10  50  32  41  -3  24   0 0.48  0.6    0   M   M   M   M    M   M         M  M
11  52  31  42  -2  23   0    T    T    1   M   M   M   M    M   M         M  M
12  55  34  45   0  20   0 0.21  0.0    0   M   M   M   M    M   M         M  M
13  55  44  50   4  15   0 0.00  0.0    0   M   M   M   M    M   M         M  M
14  66  47  57  11   8   0 0.13  0.0    0   M   M   M   M    M   M         M  M
15  71  50  61  15   4   0 1.30  0.0    0   M   M   M   M    M   M         M  M
16  64  45  55   8  10   0 0.00  0.0    0   M   M   M   M    M   M         M  M
17  55  41  48   1  17   0 0.00  0.0    0   M   M   M   M    M   M         M  M
18  62  46  54   6  11   0 0.21  0.0    0   M   M   M   M    M   M         M  M
19  49  42  46  -2  19   0 0.82  0.0    0   M   M   M   M    M   M         M  M
20  49  39  44  -5  21   0 0.06  0.0    0   M   M   M   M    M   M         M  M
21  60  34  47  -2  18   0 0.00  0.0    0   M   M   M   M    M   M         M  M
22  67  35  51   1  14   0 0.00  0.0    0   M   M   M   M    M   M         M  M
23  69  45  57   7   8   0 0.00  0.0    0   M   M   M   M    M   M         M  M
24  69  44  57   6   8   0 0.02  0.0    0   M   M   M   M    M   M         M  M
25  59  45  52   1  13   0 0.53  0.0    0   M   M   M   M    M   M         M  M
26  45  33  39 -12  26   0 0.30  0.0    0   M   M   M   M    M   M         M  M
================================================================================
SM 1534 1027       403   0  4.15     0.6     M          M        M
================================================================================
AV 59.0 39.5                                 M FASTST   M    M   5    MAX(MPH)
                                 MISC ---->     M   M                  M    M
================================================================================
NOTES:
# LAST OF SEVERAL OCCURRENCES

COLUMN 17 PEAK WIND IN M.P.H.

PRELIMINARY LOCAL CLIMATOLOGICAL DATA (WS FORM: F-6) , PAGE 2

                                          STATION:  CHANHASSEN MN
                                          MONTH:    APRIL
                                          YEAR:     2017
                                          LATITUDE:   44 50 N
                                          LONGITUDE:  93 34 W

[TEMPERATURE DATA]      [PRECIPITATION DATA]       SYMBOLS USED IN COLUMN 16

AVERAGE MONTHLY: 49.3   TOTAL FOR MONTH:   4.15    1 = FOG OR MIST
DPTR FM NORMAL:   3.7   DPTR FM NORMAL:    1.62    2 = FOG REDUCING VISIBILITY
HIGHEST:    74 ON  8    GRTST 24HR  1.30 ON 15-15      TO 1/4 MILE OR LESS
LOWEST:     25 ON  7                               3 = THUNDER
                        SNOW, ICE PELLETS, HAIL    4 = ICE PELLETS
                        TOTAL MONTH:   0.6 INCH    5 = HAIL
                        GRTST 24HR   0.6 ON   M    6 = FREEZING RAIN OR DRIZZLE
                        GRTST DEPTH:   1 ON 11     7 = DUSTSTORM OR SANDSTORM:
                                                       VSBY 1/2 MILE OR LESS
                                                   8 = SMOKE OR HAZE
[NO. OF DAYS WITH]      [WEATHER - DAYS WITH]      9 = BLOWING SNOW
                                                   X = TORNADO
MAX 32 OR BELOW:   0    0.01 INCH OR MORE:  13
MAX 90 OR ABOVE:   0    0.10 INCH OR MORE:   8
MIN 32 OR BELOW:   4    0.50 INCH OR MORE:   3
MIN  0 OR BELOW:   0    1.00 INCH OR MORE:   1

[HDD (BASE 65) ]
TOTAL THIS MO.   403    CLEAR  (SCALE 0-3)   0
DPTR FM NORMAL  -106    PTCLDY (SCALE 4-7)   0
TOTAL FM JUL 1  6486    CLOUDY (SCALE 8-10)  0
DPTR FM NORMAL -1084

[CDD (BASE 65) ]
TOTAL THIS MO.     0
DPTR FM NORMAL     0    [PRESSURE DATA]
TOTAL FM JAN 1     0    HIGHEST SLP M ON M
DPTR FM NORMAL     0    LOWEST  SLP M ON M

[REMARKS]
