000
CXUS53 KMQT 011000
CF6MQT
PRELIMINARY LOCAL CLIMATOLOGICAL DATA (WS FORM: F-6)

                                          STATION:   MARQUETTE MI
                                          MONTH:     FEBRUARY
                                          YEAR:      2017
                                          LATITUDE:   46 31 N
                                          LONGITUDE:  87 33 W

  TEMPERATURE IN F:       :PCPN:    SNOW:  WIND      :SUNSHINE: SKY     :PK WND
================================================================================
1   2   3   4   5  6A  6B    7    8   9   10  11  12  13   14  15   16   17  18
                                     12Z  AVG MX 2MIN
DY MAX MIN AVG DEP HDD CDD  WTR  SNW DPTH SPD SPD DIR MIN PSBL S-S WX    SPD DR
================================================================================

 1  23   6  15   2  50   0 0.09  2.3   15   M   M   M   M    M   M        28 270
 2  10   4   7  -6  58   0    T    T   14   M   M   M   M    M   M        29 270
 3  15  -6   5  -8  60   0    T  0.2   14   M   M   M   M    M   M 9      29 270
 4  18   5  12  -2  53   0 0.12  2.6   14   M   M   M   M    M   M        20 180
 5  22   9  16   2  49   0 0.01  0.5   16   M   M   M   M    M   M        26 315
 6  22  11  17   3  48   0    T  0.6   16   M   M   M   M    M   M        10 270
 7  22  13  18   4  47   0 0.80  8.4   16   M   M   M   M    M   M 69     32  45
 8  13   2   8  -6  57   0 0.01  1.0   22   M   M   M   M    M   M        26 360
 9  12  -4   4 -10  61   0    T    T   21   M   M   M   M    M   M        26 315
10  28   4  16   2  49   0 0.10  0.8   21   M   M   M   M    M   M 46     28 225
11  27  20  24  10  41   0    T    T   20   M   M   M   M    M   M 16     16 315
12  31  20  26  11  39   0 0.02  0.3   20   M   M   M   M    M   M 69     44 270
13  44  10  27  12  38   0 0.00  0.0   20   M   M   M   M    M   M        26 225
14  34  19  27  12  38   0 0.05  1.2   19   M   M   M   M    M   M        33 315
15  19  14  17   2  48   0 0.02  2.1   19   M   M   M   M    M   M        28 360
16  26   0  13  -3  52   0    T    T   20   M   M   M   M    M   M        24 225
17  46  21  34  18  31   0 0.00  0.0   19   M   M   M   M    M   M        27 225
18  54  33  44  28  21   0 0.00  0.0   17   M   M   M   M    M   M        26 270
19  44  28  36  20  29   0 0.00  0.0   14   M   M   M   M    M   M        13 315
20  44  32  38  22  27   0 0.11  0.0   14   M   M   M   M    M   M        39 180
21  56  39  48  31  17   0 0.05  0.0   12   M   M   M   M    M   M 12     27 180
22  50  32  41  24  24   0 0.38    T    8   M   M   M   M    M   M 12     18 360
23  33  26  30  13  35   0 0.36  3.5   11   M   M   M   M    M   M 4      23 315
24  26  17  22   4  43   0 0.37  4.1   10   M   M   M   M    M   M 6      23 360
25  20  12  16  -2  49   0 0.23  6.2   16   M   M   M   M    M   M 9      35 315
26  30   4  17  -1  48   0 0.02  0.6   14   M   M   M   M    M   M 9      31 270
27  37  -6  16  -2  49   0    T    T   13   M   M   M   M    M   M        23 180
28  36  26  31  12  34   0 0.10  0.3   13   M   M   M   M    M   M 126    22 360
================================================================================
SM  842  391      1195   0  2.84    34.7     M          M        M
================================================================================
AV 30.1 14.0                                 M FASTST   M    M -nan   MAX(MPH)
                                 MISC ---->     M   M               # 44  270
================================================================================
NOTES:
# LAST OF SEVERAL OCCURRENCES

COLUMN 17 PEAK WIND IN M.P.H.

PRELIMINARY LOCAL CLIMATOLOGICAL DATA (WS FORM: F-6) , PAGE 2

                                          STATION:  MARQUETTE MI
                                          MONTH:    FEBRUARY
                                          YEAR:     2017
                                          LATITUDE:   46 31 N
                                          LONGITUDE:  87 33 W

[TEMPERATURE DATA]      [PRECIPITATION DATA]       SYMBOLS USED IN COLUMN 16

AVERAGE MONTHLY: 22.0   TOTAL FOR MONTH:   2.84    1 = FOG OR MIST
DPTR FM NORMAL:   6.5   DPTR FM NORMAL:    0.70    2 = FOG REDUCING VISIBILITY
HIGHEST:    56 ON 21    GRTST 24HR  0.80 ON  7- 7      TO 1/4 MILE OR LESS
LOWEST:     -6 ON 27, 3                            3 = THUNDER
                        SNOW, ICE PELLETS, HAIL    4 = ICE PELLETS
                        TOTAL MONTH:  34.7 INCHES  5 = HAIL
                        GRTST 24HR   8.4 ON   M    6 = FREEZING RAIN OR DRIZZLE
                        GRTST DEPTH:  22 ON  8     7 = DUSTSTORM OR SANDSTORM:
                                                       VSBY 1/2 MILE OR LESS
                                                   8 = SMOKE OR HAZE
[NO. OF DAYS WITH]      [WEATHER - DAYS WITH]      9 = BLOWING SNOW
                                                   X = TORNADO
MAX 32 OR BELOW:  17    0.01 INCH OR MORE:  17
MAX 90 OR ABOVE:   0    0.10 INCH OR MORE:   9
MIN 32 OR BELOW:  26    0.50 INCH OR MORE:   1
MIN  0 OR BELOW:   4    1.00 INCH OR MORE:   0

[HDD (BASE 65) ]
TOTAL THIS MO.  1195    CLEAR  (SCALE 0-3)   0
DPTR FM NORMAL  -192    PTCLDY (SCALE 4-7)   0
TOTAL FM JUL 1  5684    CLOUDY (SCALE 8-10)  0
DPTR FM NORMAL  -940

[CDD (BASE 65) ]
TOTAL THIS MO.     0
DPTR FM NORMAL     0    [PRESSURE DATA]
TOTAL FM JAN 1     0    HIGHEST SLP M ON M
DPTR FM NORMAL     0    LOWEST  SLP M ON M

[REMARKS]
#FINAL-02-17#
