000
CXUS51 KLWX 170620
CF6MRB
PRELIMINARY LOCAL CLIMATOLOGICAL DATA (WS FORM: F-6)

                                          STATION:   MARTINSBURG WV
                                          MONTH:     NOVEMBER
                                          YEAR:      2017
                                          LATITUDE:   39 24 N
                                          LONGITUDE:  77 59 W

  TEMPERATURE IN F:       :PCPN:    SNOW:  WIND      :SUNSHINE: SKY     :PK WND
================================================================================
1   2   3   4   5  6A  6B    7    8   9   10  11  12  13   14  15   16   17  18
                                     12Z  AVG MX 2MIN
DY MAX MIN AVG DEP HDD CDD  WTR  SNW DPTH SPD SPD DIR MIN PSBL S-S WX    SPD DR
================================================================================

 1  48  36  42  -7  23   0    T    M    M  2.4  7  10   M    M   9         9  40
 2  73  42  58   9   7   0 0.00    M    M  1.8  9 150   M    M   4 1      15 140
 3  75  48  62  14   3   0 0.00    M    M  6.0 21 330   M    M   4 1      26 330
 4  55  41  48   0  17   0 0.35    M    M  2.5 10 350   M    M   4 1      12  10
 5  58  48  53   5  12   0 0.02    M    M  1.8 10 150   M    M   7 1      13 150
 6  72  46  59  11   6   0 0.03    M    M  7.0 20 340   M    M   7 1      25 340
 7  46  38  42  -5  23   0 0.47    M    M  7.9 16  10   M    M   8 1      23  10
 8  50  37  44  -3  21   0 0.00    M    M  5.1 12  30   M    M   6        15  10
 9  46  40  43  -4  22   0 0.03    M    M  1.4 13 270   M    M  10 12     16 270
10  48  25  37  -9  28   0 0.00    M    M 12.8 26 320   M    M   1        34 320
11  36  17  27 -19  38   0 0.00    M    M  1.7 10 350   M    M   0        13 350
12  47  23  35 -11  30   0 0.05    M    M  1.4  8 110   M    M   3        12  20
13  48  37  43  -2  22   0    T    M    M  3.5 10 330   M    M   9 1      15 330
14  47  35  41  -4  24   0 0.00    M    M  4.1 14 340   M    M   9        18 350
15  51  26  39  -5  26   0 0.03    M    M  4.0 14 150   M    M   2 1      18 140
16  59  38  49   5  16   0    T    M    M 11.3 30 290   M    M   6        41 320
================================================================================
SM  859  577       318   0  0.98    M     74.7          M       89
================================================================================
AV 53.7 36.1                               4.7 FASTST   M    M   6    MAX(MPH)
                                 MISC ---->  # 30 290               # 41  320
================================================================================
NOTES:
# LAST OF SEVERAL OCCURRENCES

COLUMN 17 PEAK WIND IN M.P.H.

PRELIMINARY LOCAL CLIMATOLOGICAL DATA (WS FORM: F-6) , PAGE 2

                                          STATION:  MARTINSBURG WV
                                          MONTH:    NOVEMBER
                                          YEAR:     2017
                                          LATITUDE:   39 24 N
                                          LONGITUDE:  77 59 W

[TEMPERATURE DATA]      [PRECIPITATION DATA]       SYMBOLS USED IN COLUMN 16

AVERAGE MONTHLY: 44.9   TOTAL FOR MONTH:   0.98    1 = FOG OR MIST
DPTR FM NORMAL:  -1.8   DPTR FM NORMAL:   -0.63    2 = FOG REDUCING VISIBILITY
HIGHEST:    75 ON  3    GRTST 24HR  0.47 ON  7- 7      TO 1/4 MILE OR LESS
LOWEST:     17 ON 11                               3 = THUNDER
                        SNOW, ICE PELLETS, HAIL    4 = ICE PELLETS
                        TOTAL MONTH:    M          5 = HAIL
                        GRTST 24HR    M  ON   M    6 = FREEZING RAIN OR DRIZZLE
                        GRTST DEPTH:  M  ON   M    7 = DUSTSTORM OR SANDSTORM:
                                                       VSBY 1/2 MILE OR LESS
                                                   8 = SMOKE OR HAZE
[NO. OF DAYS WITH]      [WEATHER - DAYS WITH]      9 = BLOWING SNOW
                                                   X = TORNADO
MAX 32 OR BELOW:   0    0.01 INCH OR MORE:   7
MAX 90 OR ABOVE:   0    0.10 INCH OR MORE:   2
MIN 32 OR BELOW:   4    0.50 INCH OR MORE:   0
MIN  0 OR BELOW:   0    1.00 INCH OR MORE:   0

[HDD (BASE 65) ]
TOTAL THIS MO.   318    CLEAR  (SCALE 0-3)   4
DPTR FM NORMAL    25    PTCLDY (SCALE 4-7)   8
TOTAL FM JUL 1   589    CLOUDY (SCALE 8-10)  4
DPTR FM NORMAL  -150

[CDD (BASE 65) ]
TOTAL THIS MO.     0
DPTR FM NORMAL     0    [PRESSURE DATA]
TOTAL FM JAN 1  1074    HIGHEST SLP M ON M
DPTR FM NORMAL   179    LOWEST  SLP 29.88 ON 16

[REMARKS]
