000
CXUS52 KMHX 300700
CF6MRH
PRELIMINARY LOCAL CLIMATOLOGICAL DATA (WS FORM: F-6)

                                          STATION:   BEAUFORT/SMITH FIELD NC
                                          MONTH:     APRIL
                                          YEAR:      2016
                                          LATITUDE:   34 43 N
                                          LONGITUDE:  76 39 W

  TEMPERATURE IN F:       :PCPN:    SNOW:  WIND      :SUNSHINE: SKY     :PK WND
================================================================================
1   2   3   4   5  6A  6B    7    8   9   10  11  12  13   14  15   16   17  18
                                     12Z  AVG MX 2MIN
DY MAX MIN AVG DEP HDD CDD  WTR  SNW DPTH SPD SPD DIR MIN PSBL S-S WX    SPD DR
================================================================================

 1  70  66  68  11   0   3 0.19  0.0    0 15.5 30 210   M    M   7 1      40 220
 2  70  62  66   9   0   1 0.02  0.0    0 14.6 26 270   M    M   6 1      36 280
 3  63  48  56  -2   9   0 0.00  0.0    0 11.8 28 330   M    M   0        32 310
 4  68  52  60   2   5   0 0.00  0.0    0 13.0 22 210   M    M   0        26 220
 5  63  39  51  -7  14   0 0.00  0.0    0 16.2 32  10   M    M   3        42  20
 6  62  35  49  -9  16   0 0.08    M    0  7.7 18 190   M    M   2 1      25 220
 7  68  57  63   4   2   0 0.63  0.0    0 17.2 33 200   M    M   5 1      43 190
 8  64  49  57  -2   8   0 0.00  0.0    0  7.9 23 270   M    M   5        30 260
 9  64  43  54  -5  11   0 0.00  0.0    0 16.9 32 300   M    M   1        48 290
10  53  36  45 -15  20   0 0.00  0.0    0  8.4 20 340   M    M   0        27 340
11  69  45  57  -3   8   0 0.00  0.0    0  8.4 16 190   M    M   0        24 180
12  67  55  61   1   4   0 0.34  0.0    0  6.5 26  20   M    M   7 1      32  20
13  63  48  56  -4   9   0    T    M    0 16.3 26  10   M    M   2        36  20
14  63  45  54  -7  11   0 0.00  0.0    0 13.5 24  20   M    M   1        32  70
15  62  50  56  -5   9   0 0.00  0.0    0 13.5 24  40   M    M   0        34  40
16  66  47  57  -4   8   0 0.00  0.0    0 12.4 24  50   M    M   0        35  60
17  67  43  55  -7  10   0 0.00  0.0    0 13.6 30  20   M    M   0        39  20
18  78  45  62   0   3   0 0.00  0.0    0  7.8 16 220   M    M   0        20 330
19  87  58  73  11   0   8 0.00  0.0    0  6.5 15 330   M    M   0 8      20 220
20  72  55  64   2   1   0 0.00  0.0    0 11.4 24  30   M    M   3        34  30
21  72  53  63   1   2   0 0.00  0.0    0  9.4 18 170   M    M   3        24 160
22  75  63  69   6   0   4 0.20  0.0    0 12.5 22 190   M    M   5 1      30 190
23  78  59  69   6   0   4 0.16  0.0    0  8.9 33  20   M    M   6 13     45  10
24  71  50  61  -2   4   0 0.00  0.0    0  8.8 18  20   M    M   0        22  20
25  72  47  60  -4   5   0 0.00  0.0    0  6.8 15 180   M    M   0        22 220
26  75  64  70   6   0   5 0.00  0.0    0 14.0 23 210   M    M   0        31 220
27  75  66  71   7   0   6 0.00  0.0    0 15.0 23 210   M    M   0        32 220
28  75  67  71   7   0   6    T  0.0    0 12.4 22 210   M    M   4        28 210
29  75  59  67   2   0   2    T  0.0    0  6.7 17 340   M    M   6 1      20 340
================================================================================
SM 2007 1506       159  39  1.62     0.0 333.6          M       66
================================================================================
AV 69.2 51.9                              11.5 FASTST   M    M   2    MAX(MPH)
                                 MISC ---->  # 33 200               # 48  290
================================================================================
NOTES:
# LAST OF SEVERAL OCCURRENCES

COLUMN 17 PEAK WIND IN M.P.H.

PRELIMINARY LOCAL CLIMATOLOGICAL DATA (WS FORM: F-6) , PAGE 2

                                          STATION:  BEAUFORT/SMITH FIELD NC
                                          MONTH:    APRIL
                                          YEAR:     2016
                                          LATITUDE:   34 43 N
                                          LONGITUDE:  76 39 W

[TEMPERATURE DATA]      [PRECIPITATION DATA]       SYMBOLS USED IN COLUMN 16

AVERAGE MONTHLY: 60.6   TOTAL FOR MONTH:   1.62    1 = FOG OR MIST
DPTR FM NORMAL:  -0.3   DPTR FM NORMAL:   -1.82    2 = FOG REDUCING VISIBILITY
HIGHEST:    87 ON 19    GRTST 24HR  0.71 ON  6- 7      TO 1/4 MILE OR LESS
LOWEST:     35 ON  6                               3 = THUNDER
                        SNOW, ICE PELLETS, HAIL    4 = ICE PELLETS
                        TOTAL MONTH:   0.0 INCH    5 = HAIL
                        GRTST 24HR     0.0         6 = FREEZING RAIN OR DRIZZLE
                        GRTST DEPTH:   0           7 = DUSTSTORM OR SANDSTORM:
                                                       VSBY 1/2 MILE OR LESS
                                                   8 = SMOKE OR HAZE
[NO. OF DAYS WITH]      [WEATHER - DAYS WITH]      9 = BLOWING SNOW
                                                   X = TORNADO
MAX 32 OR BELOW:   0    0.01 INCH OR MORE:   7
MAX 90 OR ABOVE:   0    0.10 INCH OR MORE:   5
MIN 32 OR BELOW:   0    0.50 INCH OR MORE:   1
MIN  0 OR BELOW:   0    1.00 INCH OR MORE:   0

[HDD (BASE 65) ]
TOTAL THIS MO.   159    CLEAR  (SCALE 0-3)  19
DPTR FM NORMAL    10    PTCLDY (SCALE 4-7)  10
TOTAL FM JUL 1  1917    CLOUDY (SCALE 8-10)  0
DPTR FM NORMAL  -605

[CDD (BASE 65) ]
TOTAL THIS MO.    39
DPTR FM NORMAL     9    [PRESSURE DATA]
TOTAL FM JAN 1    50    HIGHEST SLP M ON M
DPTR FM NORMAL    18    LOWEST  SLP 29.50 ON  2

[REMARKS]
