000
CXUS54 KHUN 221015
CF6MSL
PRELIMINARY LOCAL CLIMATOLOGICAL DATA (WS FORM: F-6)

                                          STATION:   MUSCLE SHOALS
                                          MONTH:     JULY
                                          YEAR:      2017
                                          LATITUDE:   34 45 N
                                          LONGITUDE:  87 37 W

  TEMPERATURE IN F:       :PCPN:    SNOW:  WIND      :SUNSHINE: SKY     :PK WND
================================================================================
1   2   3   4   5  6A  6B    7    8   9   10  11  12  13   14  15   16   17  18
                                     12Z  AVG MX 2MIN
DY MAX MIN AVG DEP HDD CDD  WTR  SNW DPTH SPD SPD DIR MIN PSBL S-S WX    SPD DR
================================================================================

 1  95  75  85   5   0  20 0.00  0.0    0  9.1 21 260   M    M   2        27 260
 2  87  70  79  -1   0  14 0.00  0.0    0  5.1 16 260   M    M   2        26 250
 3  91  70  81   1   0  16 0.18  0.0    0  4.9 24 340   M    M   5 3      32 350
 4  92  72  82   2   0  17 0.83  0.0    0  5.3 17 270   M    M   5        25 260
 5  92  71  82   2   0  17 0.65  0.0    0  5.5 22 280   M    M   2 3      30 290
 6  91  73  82   2   0  17 1.22  0.0    0  7.1 12 240   M    M   3 3       M  M
 7  92  74  83   3   0  18 0.00  0.0    0  4.9 14 300   M    M   3        19 300
 8  91  74  83   3   0  18 0.00  0.0    0  4.9 13 300   M    M   1        16 280
 9  91  66  79  -1   0  14 0.00  0.0    0  2.3 10 100   M    M   0        14 100
10  93  65  79  -1   0  14 0.00  0.0    0  1.1  7 170   M    M   0        10 110
11  95  65  80   0   0  15    T  0.0    0   M  10  80   M    M   3        13  80
12  94  73  84   4   0  19 0.00  0.0    0  4.6 12 190   M    M   0        14 190
13  92  73  83   3   0  18 0.00  0.0    0  4.2 20 280   M    M   1        24 280
14  95  73  84   4   0  19 0.13  0.0    0  3.2 15 350   M    M   1 3      27 340
15  91  71  81   1   0  16 0.06  0.0    0  3.1 14 300   M    M   1 3      18 300
16  93  70  82   2   0  17 0.00  0.0    0  2.2  9 320   M    M   5        12 340
17  95  71  83   2   0  18 0.00  0.0    0  2.4  9 150   M    M   3        13  40
18  95  69  82   1   0  17 0.00  0.0    0  1.6  8  90   M    M   0        10  80
19  98  71  85   4   0  20 0.00  0.0    0  2.1 10 310   M    M   1        13 310
20  98  72  85   4   0  20 0.00  0.0    0  2.4 10 310   M    M   0        13 300
21  99  73  86   5   0  21 0.00  0.0    0  1.5  9  60   M    M   0        11  60
================================================================================
SM 1960 1491         0 365  3.07     0.0  77.5          M       38
================================================================================
AV 93.3 71.0                               3.9 FASTST   M    M   2    MAX(MPH)
                                 MISC ---->  # 24 340               # 32  350
================================================================================
NOTES:
# LAST OF SEVERAL OCCURRENCES

COLUMN 17 PEAK WIND IN M.P.H.

PRELIMINARY LOCAL CLIMATOLOGICAL DATA (WS FORM: F-6) , PAGE 2

                                          STATION:  MUSCLE SHOALS
                                          MONTH:    JULY
                                          YEAR:     2017
                                          LATITUDE:   34 45 N
                                          LONGITUDE:  87 37 W

[TEMPERATURE DATA]      [PRECIPITATION DATA]       SYMBOLS USED IN COLUMN 16

AVERAGE MONTHLY: 82.2   TOTAL FOR MONTH:   3.07    1 = FOG OR MIST
DPTR FM NORMAL:   1.9   DPTR FM NORMAL:   -0.01    2 = FOG REDUCING VISIBILITY
HIGHEST:    99 ON 21    GRTST 24HR  1.22 ON  6- 6      TO 1/4 MILE OR LESS
LOWEST:     65 ON 11,10                            3 = THUNDER
                        SNOW, ICE PELLETS, HAIL    4 = ICE PELLETS
                        TOTAL MONTH:   0.0 INCH    5 = HAIL
                        GRTST 24HR     0.0         6 = FREEZING RAIN OR DRIZZLE
                        GRTST DEPTH:   0           7 = DUSTSTORM OR SANDSTORM:
                                                       VSBY 1/2 MILE OR LESS
                                                   8 = SMOKE OR HAZE
[NO. OF DAYS WITH]      [WEATHER - DAYS WITH]      9 = BLOWING SNOW
                                                   X = TORNADO
MAX 32 OR BELOW:   0    0.01 INCH OR MORE:   6
MAX 90 OR ABOVE:  20    0.10 INCH OR MORE:   5
MIN 32 OR BELOW:   0    0.50 INCH OR MORE:   3
MIN  0 OR BELOW:   0    1.00 INCH OR MORE:   1

[HDD (BASE 65) ]
TOTAL THIS MO.     0    CLEAR  (SCALE 0-3)  18
DPTR FM NORMAL     0    PTCLDY (SCALE 4-7)   3
TOTAL FM JUL 1     0    CLOUDY (SCALE 8-10)  0
DPTR FM NORMAL     0

[CDD (BASE 65) ]
TOTAL THIS MO.   365
DPTR FM NORMAL    43    [PRESSURE DATA]
TOTAL FM JAN 1  1043    HIGHEST SLP M ON M
DPTR FM NORMAL   115    LOWEST  SLP 29.90 ON 16

[REMARKS]
