000
CXUS55 KMSO 290900
CF6MSO
PRELIMINARY LOCAL CLIMATOLOGICAL DATA (WS FORM: F-6)

                                          STATION:   MISSOULA MT
                                          MONTH:     MARCH
                                          YEAR:      2017
                                          LATITUDE:   46 55 N
                                          LONGITUDE: 114  5 W

  TEMPERATURE IN F:       :PCPN:    SNOW:  WIND      :SUNSHINE: SKY     :PK WND
================================================================================
1   2   3   4   5  6A  6B    7    8   9   10  11  12  13   14  15   16   17  18
                                     12Z  AVG MX 2MIN
DY MAX MIN AVG DEP HDD CDD  WTR  SNW DPTH SPD SPD DIR MIN PSBL S-S WX    SPD DR
================================================================================

 1  38  24  31  -3  34   0    T    T    0  3.8 20 240   M    M  10 1      24 250
 2  48  30  39   5  26   0 0.00  0.0    0  2.4  9 180   M    M   9        12 190
 3  51  34  43   9  22   0 0.00  0.0    0  2.8 10 150   M    M   7        13 120
 4  49  32  41   6  24   0 0.09  0.0    0  5.9 18 150   M    M   9 1      23 150
 5  37  25  31  -4  34   0 0.40  3.0    1  5.6 28 340   M    M   7 12     37 340
 6  36  13  25 -11  40   0 0.07  1.0    3  5.0 17 210   M    M   6 18     22 220
 7  33  18  26 -10  39   0 0.06  1.1    4  5.1 16 280   M    M   9 18     20  90
 8  37  30  34  -2  31   0 0.21  1.0    3  5.7 16  10   M    M  10 1      23  20
 9  34  29  32  -5  33   0 0.33  3.4    4  2.3  7 150   M    M  10 1       8 290
10  49  32  41   4  24   0 0.06  0.0    3  6.2 28 270   M    M   6 12     32 270
11  51  27  39   2  26   0 0.02  0.0    0  3.6 17 260   M    M   4        20 250
12  50  35  43   5  22   0    T  0.0    0  6.5 18 270   M    M   7        22 260
13  51  35  43   5  22   0 0.07  0.0    0  5.3 16 340   M    M  10 1      20 310
14  52  37  45   7  20   0 0.11  0.0    0  2.5 10 240   M    M  10 12     13 230
15  58  39  49  10  16   0 0.02  0.0    0  5.5 13 130   M    M  10 12     16 130
16  50  30  40   1  25   0 0.07  0.0    0  8.4 24 270   M    M   6 12     31 250
17  54  25  40   1  25   0    T  0.0    0  3.5 15 260   M    M   4        20 230
18  58  40  49   9  16   0 0.12  0.0    0  4.5 25 320   M    M   8 1      33 320
19  54  34  44   4  21   0 0.00  0.0    0  6.4 18 280   M    M   4        25 270
20  51  27  39  -1  26   0 0.00  0.0    0 10.1 23 120   M    M   6        30 120
21  53  38  46   6  19   0 0.10  0.0    0 11.5 24 120   M    M   8 1      31 130
22  57  36  47   6  18   0 0.01    M    0  4.9 15 280   M    M   7 1      18 330
23  52  30  41   0  24   0 0.00  0.0    0  8.0 20 310   M    M   4        25 360
24  56  26  41   0  24   0 0.01  0.0    0  4.8 29 260   M    M   6        36 260
25  51  38  45   3  20   0 0.01    T    0  6.4 20 290   M    M   9        27  20
26  54  27  41  -1  24   0 0.04  0.0    0  3.3 20 230   M    M   5 1      25 220
27  49  36  43   1  22   0 0.21  0.0    0  3.9 23 330   M    M   9 1      30 340
28  49  31  40  -2  25   0 0.00  0.0    0  3.5 21 290   M    M   9        24 290
================================================================================
SM 1362  858       702   0  2.01     9.5 147.4          M      209
================================================================================
AV 48.6 30.6                               5.3 FASTST   M    M   7    MAX(MPH)
                                 MISC ---->  # 29 260               # 37  340
================================================================================
NOTES:
# LAST OF SEVERAL OCCURRENCES

COLUMN 17 PEAK WIND IN M.P.H.

PRELIMINARY LOCAL CLIMATOLOGICAL DATA (WS FORM: F-6) , PAGE 2

                                          STATION:  MISSOULA MT
                                          MONTH:    MARCH
                                          YEAR:     2017
                                          LATITUDE:   46 55 N
                                          LONGITUDE: 114  5 W

[TEMPERATURE DATA]      [PRECIPITATION DATA]       SYMBOLS USED IN COLUMN 16

AVERAGE MONTHLY: 39.6   TOTAL FOR MONTH:   2.01    1 = FOG OR MIST
DPTR FM NORMAL:   1.3   DPTR FM NORMAL:    1.12    2 = FOG REDUCING VISIBILITY
HIGHEST:    58 ON 18,15 GRTST 24HR  0.40 ON  5- 5      TO 1/4 MILE OR LESS
LOWEST:     13 ON  6                               3 = THUNDER
                        SNOW, ICE PELLETS, HAIL    4 = ICE PELLETS
                        TOTAL MONTH:   9.5 INCHES  5 = HAIL
                        GRTST 24HR   3.4 ON   M    6 = FREEZING RAIN OR DRIZZLE
                        GRTST DEPTH:   4 ON  9, 7  7 = DUSTSTORM OR SANDSTORM:
                                                       VSBY 1/2 MILE OR LESS
                                                   8 = SMOKE OR HAZE
[NO. OF DAYS WITH]      [WEATHER - DAYS WITH]      9 = BLOWING SNOW
                                                   X = TORNADO
MAX 32 OR BELOW:   0    0.01 INCH OR MORE:  19
MAX 90 OR ABOVE:   0    0.10 INCH OR MORE:   7
MIN 32 OR BELOW:  17    0.50 INCH OR MORE:   0
MIN  0 OR BELOW:   0    1.00 INCH OR MORE:   0

[HDD (BASE 65) ]
TOTAL THIS MO.   702    CLEAR  (SCALE 0-3)   0
DPTR FM NORMAL   -43    PTCLDY (SCALE 4-7)  16
TOTAL FM JUL 1  6478    CLOUDY (SCALE 8-10) 12
DPTR FM NORMAL   364

[CDD (BASE 65) ]
TOTAL THIS MO.     0
DPTR FM NORMAL     0    [PRESSURE DATA]
TOTAL FM JAN 1     0    HIGHEST SLP M ON M
DPTR FM NORMAL     0    LOWEST  SLP 29.46 ON  5

[REMARKS]
