000
CXUS55 KMSO 270800
CF6MSO
PRELIMINARY LOCAL CLIMATOLOGICAL DATA (WS FORM: F-6)

                                          STATION:   MISSOULA MT
                                          MONTH:     FEBRUARY
                                          YEAR:      2015
                                          LATITUDE:   46 55 N
                                          LONGITUDE: 114  5 W

  TEMPERATURE IN F:       :PCPN:    SNOW:  WIND      :SUNSHINE: SKY     :PK WND
================================================================================
1   2   3   4   5  6A  6B    7    8   9   10  11  12  13   14  15   16   17  18
                                     12Z  AVG MX 2MIN
DY MAX MIN AVG DEP HDD CDD  WTR  SNW DPTH SPD SPD DIR MIN PSBL S-S WX    SPD DR
================================================================================

 1  31  24  28   0  37   0 0.08  1.9    T  5.2 13 130   M    M   8 1      16 110
 2  38  20  29   1  36   0    T    T    2  3.1 10  50   M    M   9 12     13 310
 3  43  26  35   7  30   0    T  0.0    T  2.0 14 250   M    M   8        15 240
 4  36  27  32   4  33   0 0.01  0.1    T  1.2  6 310   M    M   9 1       7 280
 5  48  31  40  12  25   0    T  0.0    T  3.4 16 260   M    M  10 12     23 280
 6  58  34  46  18  19   0    T  0.0    T  8.3 25 250   M    M   6        37 220
 7  51  37  44  16  21   0 0.34  0.0    0  6.0 16 170   M    M   9 1      19 170
 8  53  32  43  15  22   0 0.16  0.0    0  2.8 10 130   M    M   5 12     11 120
 9  45  34  40  11  25   0 0.20  0.0    0  3.0  9 120   M    M   8 1      12 210
10  48  35  42  13  23   0 0.01  0.0    0  2.4  9 320   M    M  10 12     12 320
11  45  29  37   8  28   0 0.00  0.0    0  2.6  8 160   M    M   5 12      9 270
12  53  30  42  13  23   0 0.00  0.0    0  1.3  7 140   M    M   7 1       8 330
13  54  30  42  13  23   0 0.00  0.0    0  1.5  6 320   M    M   2         7 250
14  53  29  41  11  24   0 0.00  0.0    0  3.9 16 270   M    M   4        19 280
15  48  31  40  10  25   0 0.00  0.0    0  6.7 18  30   M    M   5        22 300
16  45  25  35   5  30   0    T    T    0  4.8 15 110   M    M   3 1      21 110
17  45  19  32   2  33   0 0.00  0.0    0  0.5  8 290   M    M   0         9 280
18  50  20  35   5  30   0 0.00  0.0    0  1.3  7 250   M    M   0         8 250
19  48  26  37   6  28   0 0.01  0.0    0  5.6 15 340   M    M   7        19 340
20  44  31  38   7  27   0 0.05    T    0  3.1 24 330   M    M   8 15     33 300
21  34  17  26  -5  39   0 0.15  1.3    1 12.0 24 120   M    M   6 18     29 120
22  27   5  16 -16  49   0 0.00  0.0    T  4.9 18 120   M    M   0        22 120
23  31   7  19 -13  46   0 0.00  0.0    T  1.2 10 130   M    M   1        12 110
24  39  15  27  -5  38   0 0.00  0.0    0  2.9 14 340   M    M   5        18 340
25  47  30  39   7  26   0 0.00  0.0    0  7.6 21 110   M    M   7        25 110
26  38  24  31  -2  34   0 0.00  0.0    0 14.6 24 110   M    M   4        27 110
================================================================================
SM 1152  668       774   0  1.01     3.3 111.9          M      146
================================================================================
AV 44.3 25.7                               4.3 FASTST   M    M   6    MAX(MPH)
                                 MISC ---->  # 25 250               # 37  220
================================================================================
NOTES:
# LAST OF SEVERAL OCCURRENCES

COLUMN 17 PEAK WIND IN M.P.H.

PRELIMINARY LOCAL CLIMATOLOGICAL DATA (WS FORM: F-6) , PAGE 2

                                          STATION:  MISSOULA MT
                                          MONTH:    FEBRUARY
                                          YEAR:     2015
                                          LATITUDE:   46 55 N
                                          LONGITUDE: 114  5 W

[TEMPERATURE DATA]      [PRECIPITATION DATA]       SYMBOLS USED IN COLUMN 16

AVERAGE MONTHLY: 35.0   TOTAL FOR MONTH:   1.01    1 = FOG OR MIST
DPTR FM NORMAL:   5.3   DPTR FM NORMAL:    0.36    2 = FOG REDUCING VISIBILITY
HIGHEST:    58 ON  6    GRTST 24HR  0.45 ON  7- 8      TO 1/4 MILE OR LESS
LOWEST:      5 ON 22                               3 = THUNDER
                        SNOW, ICE PELLETS, HAIL    4 = ICE PELLETS
                        TOTAL MONTH:   3.3 INCHES  5 = HAIL
                        GRTST 24HR   1.9 ON   M    6 = FREEZING RAIN OR DRIZZLE
                        GRTST DEPTH:   2 ON  2     7 = DUSTSTORM OR SANDSTORM:
                                                       VSBY 1/2 MILE OR LESS
                                                   8 = SMOKE OR HAZE
[NO. OF DAYS WITH]      [WEATHER - DAYS WITH]      9 = BLOWING SNOW
                                                   X = TORNADO
MAX 32 OR BELOW:   3    0.01 INCH OR MORE:   9
MAX 90 OR ABOVE:   0    0.10 INCH OR MORE:   4
MIN 32 OR BELOW:  22    0.50 INCH OR MORE:   0
MIN  0 OR BELOW:   0    1.00 INCH OR MORE:   0

[HDD (BASE 65) ]
TOTAL THIS MO.   774    CLEAR  (SCALE 0-3)   5
DPTR FM NORMAL  -142    PTCLDY (SCALE 4-7)  13
TOTAL FM JUL 1  4920    CLOUDY (SCALE 8-10)  8
DPTR FM NORMAL  -385

[CDD (BASE 65) ]
TOTAL THIS MO.     0
DPTR FM NORMAL     0    [PRESSURE DATA]
TOTAL FM JAN 1     0    HIGHEST SLP M ON M
DPTR FM NORMAL     0    LOWEST  SLP 29.56 ON  7

[REMARKS]
