000
CXUS53 KMPX 231000
CF6MSP
PRELIMINARY LOCAL CLIMATOLOGICAL DATA (WS FORM: F-6)

                                          STATION:   TWIN CITIES MN
                                          MONTH:     APRIL
                                          YEAR:      2014
                                          LATITUDE:   44 52 N
                                          LONGITUDE:  93 13 W

  TEMPERATURE IN F:       :PCPN:    SNOW:  WIND      :SUNSHINE: SKY     :PK WND
================================================================================
1   2   3   4   5  6A  6B    7    8   9   10  11  12  13   14  15   16   17  18
                                     12Z  AVG MX 2MIN
DY MAX MIN AVG DEP HDD CDD  WTR  SNW DPTH SPD SPD DIR MIN PSBL S-S WX    SPD DR
================================================================================

 1  37  20  29 -11  36   0 0.02  0.2    0 14.9 28 300   M    M   7 16     39 310
 2  43  21  32  -9  33   0 0.00  0.0    0  8.7 16  60   M    M   6        25  50
 3  40  27  34  -7  31   0 0.68  5.0    0 13.4 23  60   M    M  10 124    29  70
 4  40  25  33  -9  32   0 0.11  1.5    6 14.6 25 310   M    M   6 1      34 320
 5  50  24  37  -5  28   0 0.00  0.0    4  8.1 16 180   M    M   3 1      20 200
 6  62  40  51   8  14   0 0.00  0.0    T  8.2 16 220   M    M   4        22 200
 7  60  38  49   6  16   0 0.00  0.0    0  8.6 23 330   M    M   5 1      30 320
 8  54  34  44   0  21   0 0.00  0.0    0 10.7 22 320   M    M   1        27 350
 9  71  35  53   9  12   0 0.00  0.0    0 11.6 23 230   M    M   6 8      33 200
10  62  45  54   9  11   0    T  0.0    0 13.9 29 290   M    M   5 8      38 290
11  63  43  53   8  12   0    T  0.0    0  6.3 17 290   M    M   8 8      22 290
12  55  44  50   4  15   0 0.14  0.0    0 12.1 23  70   M    M  10 13     29  70
13  44  32  38  -8  27   0 0.00  0.0    0 15.5 28 350   M    M  10        35 350
14  38  24  31 -16  34   0 0.00  0.0    0 17.2 28 340   M    M   7 8      38 330
15  36  18  27 -20  38   0 0.00  0.0    0  7.6 17 110   M    M   5        19 320
16  37  28  33 -15  32   0 0.68  0.3    0 17.1 25 110   M    M  10 168    32 100
17  42  28  35 -13  30   0    T    T    T  9.2 21 350   M    M   7 16     27 350
18  52  26  39 -10  26   0 0.00  0.0    0  9.2 22 120   M    M   6 18     25 120
19  67  42  55   6  10   0 0.11  0.0    0 16.0 25 140   M    M   8 1      37 140
20  74  45  60  10   5   0 0.10  0.0    0  4.3 13 340   M    M   6 18     15 140
21  68  44  56   6   9   0 0.20  0.0    0 14.6 28 310   M    M   4 1      37 290
22  59  38  49  -2  16   0 0.00  0.0    0  9.5 21 350   M    M   3        33  20
================================================================================
SM 1154  721       488   0  2.04     7.0 251.3          M      137
================================================================================
AV 52.5 32.8                              11.4 FASTST   M    M   6    MAX(MPH)
                                 MISC ---->  # 29 290               # 39  310
================================================================================
NOTES:
# LAST OF SEVERAL OCCURRENCES

COLUMN 17 PEAK WIND IN M.P.H.

PRELIMINARY LOCAL CLIMATOLOGICAL DATA (WS FORM: F-6) , PAGE 2

                                          STATION:  TWIN CITIES MN
                                          MONTH:    APRIL
                                          YEAR:     2014
                                          LATITUDE:   44 52 N
                                          LONGITUDE:  93 13 W

[TEMPERATURE DATA]      [PRECIPITATION DATA]       SYMBOLS USED IN COLUMN 16

AVERAGE MONTHLY: 42.6   TOTAL FOR MONTH:   2.04    1 = FOG OR MIST
DPTR FM NORMAL:  -2.9   DPTR FM NORMAL:    0.22    2 = FOG REDUCING VISIBILITY
HIGHEST:    74 ON 20    GRTST 24HR  0.79 ON  3- 4      TO 1/4 MILE OR LESS
LOWEST:     18 ON 15                               3 = THUNDER
                        SNOW, ICE PELLETS, HAIL    4 = ICE PELLETS
                        TOTAL MONTH:   7.0 INCHES  5 = HAIL
                        GRTST 24HR   5.0 ON  3- 3  6 = FREEZING RAIN OR DRIZZLE
                        GRTST DEPTH:   6 ON  4     7 = DUSTSTORM OR SANDSTORM:
                                                       VSBY 1/2 MILE OR LESS
                                                   8 = SMOKE OR HAZE
[NO. OF DAYS WITH]      [WEATHER - DAYS WITH]      9 = BLOWING SNOW
                                                   X = TORNADO
MAX 32 OR BELOW:   0    0.01 INCH OR MORE:   8
MAX 90 OR ABOVE:   0    0.10 INCH OR MORE:   7
MIN 32 OR BELOW:  11    0.50 INCH OR MORE:   2
MIN  0 OR BELOW:   0    1.00 INCH OR MORE:   0

[HDD (BASE 65) ]
TOTAL THIS MO.   488    CLEAR  (SCALE 0-3)   3
DPTR FM NORMAL    58    PTCLDY (SCALE 4-7)  14
TOTAL FM JUL 1  8158    CLOUDY (SCALE 8-10)  5
DPTR FM NORMAL   940

[CDD (BASE 65) ]
TOTAL THIS MO.     0
DPTR FM NORMAL     0    [PRESSURE DATA]
TOTAL FM JAN 1     0    HIGHEST SLP M ON M
DPTR FM NORMAL     0    LOWEST  SLP 29.49 ON  9

[REMARKS]
